{"id":1015,"date":"2023-05-14T15:06:47","date_gmt":"2023-05-14T15:06:47","guid":{"rendered":"https:\/\/www.dp.lu\/contern\/rose-marie-arcanger\/"},"modified":"2023-06-04T22:32:54","modified_gmt":"2023-06-04T22:32:54","slug":"rose-marie-arcanger","status":"publish","type":"page","link":"https:\/\/www.dp.lu\/contern\/rose-marie-arcanger\/?lang=de","title":{"rendered":"Rose-Marie Arcanger"},"content":{"rendered":"\n<div class=\"wp-block-columns is-layout-flex wp-container-core-columns-is-layout-28f84493 wp-block-columns-is-layout-flex\">\n<div class=\"wp-block-column is-layout-flow wp-block-column-is-layout-flow\" style=\"flex-basis:30%\">\n<figure class=\"wp-block-image size-large is-style-default\"><img fetchpriority=\"high\" decoding=\"async\" width=\"1024\" height=\"1024\" src=\"https:\/\/www.dp.lu\/contern\/wp-content\/uploads\/sites\/44\/2023\/05\/Conter-Arcanger_Rose-Marie_s-1024x1024.jpg\" alt=\"\" class=\"wp-image-666\" srcset=\"https:\/\/www.dp.lu\/contern\/wp-content\/uploads\/sites\/44\/2023\/05\/Conter-Arcanger_Rose-Marie_s-1024x1024.jpg 1024w, https:\/\/www.dp.lu\/contern\/wp-content\/uploads\/sites\/44\/2023\/05\/Conter-Arcanger_Rose-Marie_s-300x300.jpg 300w, https:\/\/www.dp.lu\/contern\/wp-content\/uploads\/sites\/44\/2023\/05\/Conter-Arcanger_Rose-Marie_s-150x150.jpg 150w, https:\/\/www.dp.lu\/contern\/wp-content\/uploads\/sites\/44\/2023\/05\/Conter-Arcanger_Rose-Marie_s-768x768.jpg 768w, https:\/\/www.dp.lu\/contern\/wp-content\/uploads\/sites\/44\/2023\/05\/Conter-Arcanger_Rose-Marie_s-1536x1536.jpg 1536w\" sizes=\"(max-width: 1024px) 100vw, 1024px\" \/><\/figure>\n\n\n\n<h2 class=\"wp-block-heading has-large-font-size\">43 Jahre, <strong>Gesch\u00e4ftsf\u00fchrerin<\/strong>, Oetringen<\/h2>\n<\/div>\n\n\n\n<div class=\"wp-block-column is-layout-flow wp-block-column-is-layout-flow\" style=\"flex-basis:70%\">\n<div class=\"wp-block-columns is-layout-flex wp-container-core-columns-is-layout-28f84493 wp-block-columns-is-layout-flex\">\n<div class=\"wp-block-column is-layout-flow wp-block-column-is-layout-flow\">\n<div class=\"wp-block-group is-nowrap is-layout-flex wp-container-core-group-is-layout-f66f9956 wp-block-group-is-layout-flex\">\n<div class=\"wp-block-group is-vertical is-layout-flex wp-container-core-group-is-layout-fe9cc265 wp-block-group-is-layout-flex\">\n<p><strong>Rose-Marie Arcanger, 43 Jahre, arbeitet als Gesch\u00e4ftsf\u00fchrerin einer Lebensversicherungsgesellschaft und wohnt in Oetringen.<\/strong><br>Ich bin verheiratet und Mutter von zwei Kindern, die in Contern zur Schule gehen. Vor 20 Jahren bin ich von Laval nach Luxemburg gekommen, wo ich besonders die Lebensqualit\u00e4t und das multikulturelle Zusammenleben sch\u00e4tze. Bildung und Wirtschaft liegen mir besonders am Herzen.<\/p>\n<\/div>\n<\/div>\n<\/div>\n<\/div>\n\n\n\n<div style=\"height:100px\" aria-hidden=\"true\" class=\"wp-block-spacer\"><\/div>\n<\/div>\n<\/div>\n\n\n\n<div class=\"wp-block-group is-content-justification-left is-nowrap is-layout-flex wp-container-core-group-is-layout-a1ed96d5 wp-block-group-is-layout-flex\">\n<div class=\"wp-block-group is-vertical is-layout-flex wp-container-core-group-is-layout-fe9cc265 wp-block-group-is-layout-flex\">\n<p>Ich bin verheiratet und Mutter von zwei Kindern, 7 und 5 Jahre alt, welche in Contern zur Schule gehen.<\/p>\n\n\n\n<p>Ich wohne in Oetringen und bin seit fast 20 Jahren in Luxemburg ans\u00e4ssig.<\/p>\n\n\n\n<p>Als franz\u00f6sisch-luxemburgische Person stamme ich aus Laval im Westen Frankreichs, einer Region, die Luxemburg sehr \u00e4hnlich ist. Ich f\u00fchle mich in der Gemeinde Contern sehr wohl und sch\u00e4tze besonders die Lebensqualit\u00e4t, die internationale und multikulturelle Dimension.<\/p>\n\n\n\n<p>Nach meinem Jura-Studium des franz\u00f6sischen und deutschen Rechts in Paris und K\u00f6ln begann ich meine berufliche Karriere in Luxemburg als Anw\u00e4ltin im Wirtschaftsrecht. Sp\u00e4ter wurde ich Justizdirektorin und arbeite derzeit als Gesch\u00e4ftsf\u00fchrerin einer Lebensversicherungsgesellschaft. Ich leite ein Team von 40 Mitarbeitern mit Standorten in Luxemburg, Deutschland, Italien und dem Vereinigten K\u00f6nigreich.<\/p>\n\n\n\n<p>In meinem beruflichen Leben bin ich sehr engagiert, bin \u00fcberzeugte Europ\u00e4erin und leidenschaftliche Verfechterin der Menschenrechte. Ich identifiziere mich vollkommen mit den Ideen und Werte der DP.<\/p>\n\n\n\n<p>Ich halte es f\u00fcr sehr wichtig, aktiv am lokalen Leben teilzunehmen und m\u00f6chte meine F\u00e4higkeiten zum Wohl der Gemeinde Contern einsetzen. Besonders interessiert mich hierbei Themenbereiche Bildung und Wirtschaft.<\/p>\n<\/div>\n<\/div>\n\n\n\n<p><\/p>\n\n\n\n<img decoding=\"async\" src=\"https:\/\/analytics.macknet.eu\/matomo.php?idsite=9&amp;rec=1&amp;url=https:\/\/www.dp.lu\/contern\/rose-marie-arcanger\/?lang=de\" style=\"border:0\" alt=\"\" \/>\n","protected":false},"excerpt":{"rendered":"<p>43 Jahre, Gesch\u00e4ftsf\u00fchrerin, Oetringen Rose-Marie Arcanger, 43 Jahre, arbeitet als Gesch\u00e4ftsf\u00fchrerin einer Lebensversicherungsgesellschaft und wohnt in Oetringen.Ich bin verheiratet und Mutter von zwei Kindern, die in Contern zur Schule gehen. Vor 20 Jahren bin ich von Laval nach Luxemburg gekommen, wo ich besonders die Lebensqualit\u00e4t und das multikulturelle Zusammenleben sch\u00e4tze. Bildung und Wirtschaft liegen mir [&hellip;]<\/p>\n","protected":false},"author":569,"featured_media":0,"parent":0,"menu_order":0,"comment_status":"closed","ping_status":"closed","template":"","meta":{"footnotes":""},"class_list":["post-1015","page","type-page","status-publish","hentry","wpbf-post"],"_links":{"self":[{"href":"https:\/\/www.dp.lu\/contern\/wp-json\/wp\/v2\/pages\/1015","targetHints":{"allow":["GET"]}}],"collection":[{"href":"https:\/\/www.dp.lu\/contern\/wp-json\/wp\/v2\/pages"}],"about":[{"href":"https:\/\/www.dp.lu\/contern\/wp-json\/wp\/v2\/types\/page"}],"author":[{"embeddable":true,"href":"https:\/\/www.dp.lu\/contern\/wp-json\/wp\/v2\/users\/569"}],"replies":[{"embeddable":true,"href":"https:\/\/www.dp.lu\/contern\/wp-json\/wp\/v2\/comments?post=1015"}],"version-history":[{"count":3,"href":"https:\/\/www.dp.lu\/contern\/wp-json\/wp\/v2\/pages\/1015\/revisions"}],"predecessor-version":[{"id":1299,"href":"https:\/\/www.dp.lu\/contern\/wp-json\/wp\/v2\/pages\/1015\/revisions\/1299"}],"wp:attachment":[{"href":"https:\/\/www.dp.lu\/contern\/wp-json\/wp\/v2\/media?parent=1015"}],"curies":[{"name":"wp","href":"https:\/\/api.w.org\/{rel}","templated":true}]}}

<div class="wp-block-columns is-layout-flex wp-container-core-columns-is-layout-28f84493 wp-block-columns-is-layout-flex">
<div class="wp-block-column is-layout-flow wp-block-column-is-layout-flow" style="flex-basis:30%">
<figure class="wp-block-image size-large is-style-default"><img fetchpriority="high" decoding="async" width="1024" height="1024" src="https://www.dp.lu/contern/wp-content/uploads/sites/44/2023/05/Conter-Arcanger_Rose-Marie_s-1024x1024.jpg" alt="" class="wp-image-666" srcset="https://www.dp.lu/contern/wp-content/uploads/sites/44/2023/05/Conter-Arcanger_Rose-Marie_s-1024x1024.jpg 1024w, https://www.dp.lu/contern/wp-content/uploads/sites/44/2023/05/Conter-Arcanger_Rose-Marie_s-300x300.jpg 300w, https://www.dp.lu/contern/wp-content/uploads/sites/44/2023/05/Conter-Arcanger_Rose-Marie_s-150x150.jpg 150w, https://www.dp.lu/contern/wp-content/uploads/sites/44/2023/05/Conter-Arcanger_Rose-Marie_s-768x768.jpg 768w, https://www.dp.lu/contern/wp-content/uploads/sites/44/2023/05/Conter-Arcanger_Rose-Marie_s-1536x1536.jpg 1536w" sizes="(max-width: 1024px) 100vw, 1024px" /></figure>



<h2 class="wp-block-heading has-large-font-size">43 Jahre, <strong>Geschäftsführerin</strong>, Oetringen</h2>
</div>



<div class="wp-block-column is-layout-flow wp-block-column-is-layout-flow" style="flex-basis:70%">
<div class="wp-block-columns is-layout-flex wp-container-core-columns-is-layout-28f84493 wp-block-columns-is-layout-flex">
<div class="wp-block-column is-layout-flow wp-block-column-is-layout-flow">
<div class="wp-block-group is-nowrap is-layout-flex wp-container-core-group-is-layout-f66f9956 wp-block-group-is-layout-flex">
<div class="wp-block-group is-vertical is-layout-flex wp-container-core-group-is-layout-fe9cc265 wp-block-group-is-layout-flex">
<p><strong>Rose-Marie Arcanger, 43 Jahre, arbeitet als Geschäftsführerin einer Lebensversicherungsgesellschaft und wohnt in Oetringen.</strong><br>Ich bin verheiratet und Mutter von zwei Kindern, die in Contern zur Schule gehen. Vor 20 Jahren bin ich von Laval nach Luxemburg gekommen, wo ich besonders die Lebensqualität und das multikulturelle Zusammenleben schätze. Bildung und Wirtschaft liegen mir besonders am Herzen.</p>
</div>
</div>
</div>
</div>



<div style="height:100px" aria-hidden="true" class="wp-block-spacer"></div>
</div>
</div>



<div class="wp-block-group is-content-justification-left is-nowrap is-layout-flex wp-container-core-group-is-layout-a1ed96d5 wp-block-group-is-layout-flex">
<div class="wp-block-group is-vertical is-layout-flex wp-container-core-group-is-layout-fe9cc265 wp-block-group-is-layout-flex">
<p>Ich bin verheiratet und Mutter von zwei Kindern, 7 und 5 Jahre alt, welche in Contern zur Schule gehen.</p>



<p>Ich wohne in Oetringen und bin seit fast 20 Jahren in Luxemburg ansässig.</p>



<p>Als französisch-luxemburgische Person stamme ich aus Laval im Westen Frankreichs, einer Region, die Luxemburg sehr ähnlich ist. Ich fühle mich in der Gemeinde Contern sehr wohl und schätze besonders die Lebensqualität, die internationale und multikulturelle Dimension.</p>



<p>Nach meinem Jura-Studium des französischen und deutschen Rechts in Paris und Köln begann ich meine berufliche Karriere in Luxemburg als Anwältin im Wirtschaftsrecht. Später wurde ich Justizdirektorin und arbeite derzeit als Geschäftsführerin einer Lebensversicherungsgesellschaft. Ich leite ein Team von 40 Mitarbeitern mit Standorten in Luxemburg, Deutschland, Italien und dem Vereinigten Königreich.</p>



<p>In meinem beruflichen Leben bin ich sehr engagiert, bin überzeugte Europäerin und leidenschaftliche Verfechterin der Menschenrechte. Ich identifiziere mich vollkommen mit den Ideen und Werte der DP.</p>



<p>Ich halte es für sehr wichtig, aktiv am lokalen Leben teilzunehmen und möchte meine Fähigkeiten zum Wohl der Gemeinde Contern einsetzen. Besonders interessiert mich hierbei Themenbereiche Bildung und Wirtschaft.</p>
</div>
</div>



<p></p>



<img decoding="async" src="https://analytics.macknet.eu/matomo.php?idsite=9&amp;rec=1&amp;url=https://www.dp.lu/contern/rose-marie-arcanger/?lang=de" style="border:0" alt="" />

<p>43 Jahre, Geschäftsführerin, Oetringen Rose-Marie Arcanger, 43 Jahre, arbeitet als Geschäftsführerin einer Lebensversicherungsgesellschaft und wohnt in Oetringen.Ich bin verheiratet und Mutter von zwei Kindern, die in Contern zur Schule gehen. Vor 20 Jahren bin ich von Laval nach Luxemburg gekommen, wo ich besonders die Lebensqualität und das multikulturelle Zusammenleben schätze. Bildung und Wirtschaft liegen mir [&hellip;]</p>
