{"id":1042,"date":"2023-05-17T18:53:21","date_gmt":"2023-05-17T18:53:21","guid":{"rendered":"https:\/\/www.dp.lu\/contern\/pia-diederich\/"},"modified":"2023-06-04T22:39:22","modified_gmt":"2023-06-04T22:39:22","slug":"pia-diederich","status":"publish","type":"page","link":"https:\/\/www.dp.lu\/contern\/pia-diederich\/?lang=fr","title":{"rendered":"Pia Diederich"},"content":{"rendered":"\n<div class=\"wp-block-columns is-layout-flex wp-container-core-columns-is-layout-28f84493 wp-block-columns-is-layout-flex\">\n<div class=\"wp-block-column is-layout-flow wp-block-column-is-layout-flow\" style=\"flex-basis:30%\">\n<figure class=\"wp-block-image size-large\"><img fetchpriority=\"high\" decoding=\"async\" width=\"1024\" height=\"1024\" src=\"https:\/\/www.dp.lu\/contern\/wp-content\/uploads\/sites\/44\/2023\/05\/Conter-Diederich-Pia_s-1024x1024.jpg\" alt=\"\" class=\"wp-image-670\" srcset=\"https:\/\/www.dp.lu\/contern\/wp-content\/uploads\/sites\/44\/2023\/05\/Conter-Diederich-Pia_s-1024x1024.jpg 1024w, https:\/\/www.dp.lu\/contern\/wp-content\/uploads\/sites\/44\/2023\/05\/Conter-Diederich-Pia_s-300x300.jpg 300w, https:\/\/www.dp.lu\/contern\/wp-content\/uploads\/sites\/44\/2023\/05\/Conter-Diederich-Pia_s-150x150.jpg 150w, https:\/\/www.dp.lu\/contern\/wp-content\/uploads\/sites\/44\/2023\/05\/Conter-Diederich-Pia_s-768x768.jpg 768w, https:\/\/www.dp.lu\/contern\/wp-content\/uploads\/sites\/44\/2023\/05\/Conter-Diederich-Pia_s-1536x1536.jpg 1536w\" sizes=\"(max-width: 1024px) 100vw, 1024px\" \/><\/figure>\n\n\n\n<h2 class=\"wp-block-heading has-large-font-size\">64 ans, <strong>enseignante \u00e0 la retraite<\/strong>, Medingen<\/h2>\n<\/div>\n\n\n\n<div class=\"wp-block-column is-layout-flow wp-block-column-is-layout-flow\" style=\"flex-basis:70%\">\n<div class=\"wp-block-columns is-layout-flex wp-container-core-columns-is-layout-28f84493 wp-block-columns-is-layout-flex\">\n<div class=\"wp-block-column is-layout-flow wp-block-column-is-layout-flow\">\n<div class=\"wp-block-group is-nowrap is-layout-flex wp-container-core-group-is-layout-f66f9956 wp-block-group-is-layout-flex\">\n<div class=\"wp-block-group is-vertical is-layout-flex wp-container-core-group-is-layout-fe9cc265 wp-block-group-is-layout-flex\">\n<p><strong>Pia Diederich, 64 ans, enseignante \u00e0 la retraite et originaire de Medingen.<\/strong><br>Je suis n\u00e9 et j&#8217;ai grandi dans notre communaut\u00e9 de Contern et je souhaite y vieillir. Pour rendre cela possible, je suis actif depuis 25 ans au sein de la commission du troisi\u00e8me \u00e2ge. Entre autres, je m&#8217;engage \u00e0 ce que chacun puisse vivre o\u00f9 il le souhaite, m\u00eame \u00e0 un \u00e2ge avanc\u00e9.<br>Le texte complet se trouve ci-dessous.<\/p>\n<\/div>\n<\/div>\n<\/div>\n<\/div>\n<\/div>\n<\/div>\n\n\n\n<div class=\"wp-block-group is-content-justification-left is-nowrap is-layout-flex wp-container-core-group-is-layout-a1ed96d5 wp-block-group-is-layout-flex\">\n<div class=\"wp-block-group is-vertical is-layout-flex wp-container-core-group-is-layout-fe9cc265 wp-block-group-is-layout-flex\">\n<p>Je suis n\u00e9 et j&#8217;ai grandi dans cette communaut\u00e9, et c&#8217;est ici que je souhaite vieillir. Pour que cela soit possible et agr\u00e9able pour tous, j&#8217;ai \u00e9t\u00e9 actif pendant 25 ans au sein de la commission du troisi\u00e8me \u00e2ge. J&#8217;ai travaill\u00e9 en tant qu&#8217;\u00e9ducatrice en Suisse et dans le service de jardin d&#8217;enfants de la ville de Luxembourg.<\/p>\n\n\n\n<p>J&#8217;aime passer mon temps \u00e0 peindre et \u00e0 me promener dans la nature.<\/p>\n\n\n\n<p>Pour les personnes \u00e2g\u00e9es, je ferai tout ce qui est en mon pouvoir pour leur permettre de rester dans leur environnement habituel et, surtout, pour qu&#8217;elles puissent continuer \u00e0 se sentir chez elles dans notre communaut\u00e9. Cela comprend non seulement les services n\u00e9cessaires, mais aussi le soutien de la cohabitation interg\u00e9n\u00e9rationnelle par le biais d&#8217;activit\u00e9s communes et d&#8217;infrastructures.<\/p>\n\n\n\n<p>En outre, il est important pour moi d&#8217;am\u00e9liorer la r\u00e9gulation de la circulation et la s\u00e9curit\u00e9 dans nos villages, ainsi que d&#8217;am\u00e9nager nos sentiers de randonn\u00e9e de mani\u00e8re plus s\u00fbre et attrayante, par exemple en installant des bancs.<\/p>\n<\/div>\n<\/div>\n\n\n\n<p><\/p>\n\n\n\n<img decoding=\"async\" src=\"https:\/\/analytics.macknet.eu\/matomo.php?idsite=9&amp;rec=1&amp;url=https:\/\/www.dp.lu\/contern\/pia-diederich\/?lang=fr\" style=\"border:0\" alt=\"\" \/>\n","protected":false},"excerpt":{"rendered":"<p>64 ans, enseignante \u00e0 la retraite, Medingen Pia Diederich, 64 ans, enseignante \u00e0 la retraite et originaire de Medingen.Je suis n\u00e9 et j&#8217;ai grandi dans notre communaut\u00e9 de Contern et je souhaite y vieillir. Pour rendre cela possible, je suis actif depuis 25 ans au sein de la commission du troisi\u00e8me \u00e2ge. Entre autres, je [&hellip;]<\/p>\n","protected":false},"author":569,"featured_media":0,"parent":0,"menu_order":0,"comment_status":"closed","ping_status":"closed","template":"","meta":{"footnotes":""},"class_list":["post-1042","page","type-page","status-publish","hentry","wpbf-post"],"_links":{"self":[{"href":"https:\/\/www.dp.lu\/contern\/wp-json\/wp\/v2\/pages\/1042","targetHints":{"allow":["GET"]}}],"collection":[{"href":"https:\/\/www.dp.lu\/contern\/wp-json\/wp\/v2\/pages"}],"about":[{"href":"https:\/\/www.dp.lu\/contern\/wp-json\/wp\/v2\/types\/page"}],"author":[{"embeddable":true,"href":"https:\/\/www.dp.lu\/contern\/wp-json\/wp\/v2\/users\/569"}],"replies":[{"embeddable":true,"href":"https:\/\/www.dp.lu\/contern\/wp-json\/wp\/v2\/comments?post=1042"}],"version-history":[{"count":3,"href":"https:\/\/www.dp.lu\/contern\/wp-json\/wp\/v2\/pages\/1042\/revisions"}],"predecessor-version":[{"id":1315,"href":"https:\/\/www.dp.lu\/contern\/wp-json\/wp\/v2\/pages\/1042\/revisions\/1315"}],"wp:attachment":[{"href":"https:\/\/www.dp.lu\/contern\/wp-json\/wp\/v2\/media?parent=1042"}],"curies":[{"name":"wp","href":"https:\/\/api.w.org\/{rel}","templated":true}]}}