{"id":1043,"date":"2023-05-17T18:53:21","date_gmt":"2023-05-17T18:53:21","guid":{"rendered":"https:\/\/www.dp.lu\/contern\/pia-diederich\/"},"modified":"2023-06-04T22:34:20","modified_gmt":"2023-06-04T22:34:20","slug":"pia-diederich","status":"publish","type":"page","link":"https:\/\/www.dp.lu\/contern\/pia-diederich\/?lang=de","title":{"rendered":"Pia Diederich"},"content":{"rendered":"\n<div class=\"wp-block-columns is-layout-flex wp-container-core-columns-is-layout-28f84493 wp-block-columns-is-layout-flex\">\n<div class=\"wp-block-column is-layout-flow wp-block-column-is-layout-flow\" style=\"flex-basis:30%\">\n<figure class=\"wp-block-image size-large\"><img fetchpriority=\"high\" decoding=\"async\" width=\"1024\" height=\"1024\" src=\"https:\/\/www.dp.lu\/contern\/wp-content\/uploads\/sites\/44\/2023\/05\/Conter-Diederich-Pia_s-1024x1024.jpg\" alt=\"\" class=\"wp-image-670\" srcset=\"https:\/\/www.dp.lu\/contern\/wp-content\/uploads\/sites\/44\/2023\/05\/Conter-Diederich-Pia_s-1024x1024.jpg 1024w, https:\/\/www.dp.lu\/contern\/wp-content\/uploads\/sites\/44\/2023\/05\/Conter-Diederich-Pia_s-300x300.jpg 300w, https:\/\/www.dp.lu\/contern\/wp-content\/uploads\/sites\/44\/2023\/05\/Conter-Diederich-Pia_s-150x150.jpg 150w, https:\/\/www.dp.lu\/contern\/wp-content\/uploads\/sites\/44\/2023\/05\/Conter-Diederich-Pia_s-768x768.jpg 768w, https:\/\/www.dp.lu\/contern\/wp-content\/uploads\/sites\/44\/2023\/05\/Conter-Diederich-Pia_s-1536x1536.jpg 1536w\" sizes=\"(max-width: 1024px) 100vw, 1024px\" \/><\/figure>\n\n\n\n<h2 class=\"wp-block-heading has-large-font-size\">64 Jahre, <strong><strong>pensionierte P\u00e4dagogin<\/strong><\/strong>, Medingen<\/h2>\n<\/div>\n\n\n\n<div class=\"wp-block-column is-layout-flow wp-block-column-is-layout-flow\" style=\"flex-basis:70%\">\n<div class=\"wp-block-columns is-layout-flex wp-container-core-columns-is-layout-28f84493 wp-block-columns-is-layout-flex\">\n<div class=\"wp-block-column is-layout-flow wp-block-column-is-layout-flow\">\n<div class=\"wp-block-group is-content-justification-left is-nowrap is-layout-flex wp-container-core-group-is-layout-a1ed96d5 wp-block-group-is-layout-flex\">\n<div class=\"wp-block-group is-vertical is-layout-flex wp-container-core-group-is-layout-fe9cc265 wp-block-group-is-layout-flex\">\n<p><strong>Pia Diederich, 64 Jahre, pensionierte P\u00e4dagogin und aufgewachsen in Medingen.<\/strong><br>Ich bin in unserer Gemeinde Contern aufgewachsen und m\u00f6chte hier alt werden. Um dies zu erm\u00f6glichen, bin ich seit 25 Jahren in der Kommission des 3. Alters aktiv. Unter anderem setze ich mich dabei daf\u00fcr ein, dass jeder auch im Alter dort leben kann, wo er m\u00f6chte.<br>Den vollen Text gibt es weiter unten.<\/p>\n<\/div>\n<\/div>\n<\/div>\n<\/div>\n<\/div>\n<\/div>\n\n\n\n<div class=\"wp-block-group is-content-justification-left is-nowrap is-layout-flex wp-container-core-group-is-layout-a1ed96d5 wp-block-group-is-layout-flex\">\n<div class=\"wp-block-group is-vertical is-layout-flex wp-container-core-group-is-layout-fe9cc265 wp-block-group-is-layout-flex\">\n<p>Ich bin in dieser Gemeinde aufgewachsen, in dieser Gemeinde will ich alt werden. Damit dies allen erm\u00f6glicht wird und Spa\u00df macht, bin ich seit 25 Jahren in der Kommission des 3. Alters aktiv. Beruflich war ich als Erzieherin in der Schweiz und im Kindergartendienst der Stadt Luxemburg t\u00e4tig.<\/p>\n\n\n\n<p>Ich verbringe meine Zeit gerne mit Malen und mit Spazierg\u00e4ngen in der Natur.<\/p>\n\n\n\n<p>F\u00fcr das 3. Alter, will ich alles daf\u00fcr tun, dass die \u00e4lteren B\u00fcrger hier in der Gemeinde die M\u00f6glichkeit haben, in ihrer gewohnten Umgebung zu bleiben, und vor allem, dass sie in ihrer Gemeinde weiterhin zu Hause sein k\u00f6nnen. Dazu geh\u00f6rt neben den notwendigen Dienstleistungen auch, dass wir durch gemeinsame Aktivit\u00e4ten und Infrastrukturen das Zusammenleben von Jung und Alt unterst\u00fctzen.<\/p>\n\n\n\n<p>Dar\u00fcber hinaus ist es mir wichtig, dass der Verkehr und die Sicherheit in unseren D\u00f6rfern besser geregelt werden und unsere Wanderwege, z.B. mit B\u00e4nken, sicherer und attraktiver gestaltet werden.<\/p>\n<\/div>\n<\/div>\n\n\n\n<img decoding=\"async\" src=\"https:\/\/analytics.macknet.eu\/matomo.php?idsite=9&amp;rec=1&amp;url=https:\/\/www.dp.lu\/contern\/pia-diederich\/?lang=de\" style=\"border:0\" alt=\"\" \/>\n","protected":false},"excerpt":{"rendered":"<p>64 Jahre, pensionierte P\u00e4dagogin, Medingen Pia Diederich, 64 Jahre, pensionierte P\u00e4dagogin und aufgewachsen in Medingen.Ich bin in unserer Gemeinde Contern aufgewachsen und m\u00f6chte hier alt werden. Um dies zu erm\u00f6glichen, bin ich seit 25 Jahren in der Kommission des 3. Alters aktiv. Unter anderem setze ich mich dabei daf\u00fcr ein, dass jeder auch im Alter [&hellip;]<\/p>\n","protected":false},"author":569,"featured_media":0,"parent":0,"menu_order":0,"comment_status":"closed","ping_status":"closed","template":"","meta":{"footnotes":""},"class_list":["post-1043","page","type-page","status-publish","hentry","wpbf-post"],"_links":{"self":[{"href":"https:\/\/www.dp.lu\/contern\/wp-json\/wp\/v2\/pages\/1043","targetHints":{"allow":["GET"]}}],"collection":[{"href":"https:\/\/www.dp.lu\/contern\/wp-json\/wp\/v2\/pages"}],"about":[{"href":"https:\/\/www.dp.lu\/contern\/wp-json\/wp\/v2\/types\/page"}],"author":[{"embeddable":true,"href":"https:\/\/www.dp.lu\/contern\/wp-json\/wp\/v2\/users\/569"}],"replies":[{"embeddable":true,"href":"https:\/\/www.dp.lu\/contern\/wp-json\/wp\/v2\/comments?post=1043"}],"version-history":[{"count":2,"href":"https:\/\/www.dp.lu\/contern\/wp-json\/wp\/v2\/pages\/1043\/revisions"}],"predecessor-version":[{"id":1302,"href":"https:\/\/www.dp.lu\/contern\/wp-json\/wp\/v2\/pages\/1043\/revisions\/1302"}],"wp:attachment":[{"href":"https:\/\/www.dp.lu\/contern\/wp-json\/wp\/v2\/media?parent=1043"}],"curies":[{"name":"wp","href":"https:\/\/api.w.org\/{rel}","templated":true}]}}

<div class="wp-block-columns is-layout-flex wp-container-core-columns-is-layout-28f84493 wp-block-columns-is-layout-flex">
<div class="wp-block-column is-layout-flow wp-block-column-is-layout-flow" style="flex-basis:30%">
<figure class="wp-block-image size-large"><img fetchpriority="high" decoding="async" width="1024" height="1024" src="https://www.dp.lu/contern/wp-content/uploads/sites/44/2023/05/Conter-Diederich-Pia_s-1024x1024.jpg" alt="" class="wp-image-670" srcset="https://www.dp.lu/contern/wp-content/uploads/sites/44/2023/05/Conter-Diederich-Pia_s-1024x1024.jpg 1024w, https://www.dp.lu/contern/wp-content/uploads/sites/44/2023/05/Conter-Diederich-Pia_s-300x300.jpg 300w, https://www.dp.lu/contern/wp-content/uploads/sites/44/2023/05/Conter-Diederich-Pia_s-150x150.jpg 150w, https://www.dp.lu/contern/wp-content/uploads/sites/44/2023/05/Conter-Diederich-Pia_s-768x768.jpg 768w, https://www.dp.lu/contern/wp-content/uploads/sites/44/2023/05/Conter-Diederich-Pia_s-1536x1536.jpg 1536w" sizes="(max-width: 1024px) 100vw, 1024px" /></figure>



<h2 class="wp-block-heading has-large-font-size">64 Jahre, <strong><strong>pensionierte Pädagogin</strong></strong>, Medingen</h2>
</div>



<div class="wp-block-column is-layout-flow wp-block-column-is-layout-flow" style="flex-basis:70%">
<div class="wp-block-columns is-layout-flex wp-container-core-columns-is-layout-28f84493 wp-block-columns-is-layout-flex">
<div class="wp-block-column is-layout-flow wp-block-column-is-layout-flow">
<div class="wp-block-group is-content-justification-left is-nowrap is-layout-flex wp-container-core-group-is-layout-a1ed96d5 wp-block-group-is-layout-flex">
<div class="wp-block-group is-vertical is-layout-flex wp-container-core-group-is-layout-fe9cc265 wp-block-group-is-layout-flex">
<p><strong>Pia Diederich, 64 Jahre, pensionierte Pädagogin und aufgewachsen in Medingen.</strong><br>Ich bin in unserer Gemeinde Contern aufgewachsen und möchte hier alt werden. Um dies zu ermöglichen, bin ich seit 25 Jahren in der Kommission des 3. Alters aktiv. Unter anderem setze ich mich dabei dafür ein, dass jeder auch im Alter dort leben kann, wo er möchte.<br>Den vollen Text gibt es weiter unten.</p>
</div>
</div>
</div>
</div>
</div>
</div>



<div class="wp-block-group is-content-justification-left is-nowrap is-layout-flex wp-container-core-group-is-layout-a1ed96d5 wp-block-group-is-layout-flex">
<div class="wp-block-group is-vertical is-layout-flex wp-container-core-group-is-layout-fe9cc265 wp-block-group-is-layout-flex">
<p>Ich bin in dieser Gemeinde aufgewachsen, in dieser Gemeinde will ich alt werden. Damit dies allen ermöglicht wird und Spaß macht, bin ich seit 25 Jahren in der Kommission des 3. Alters aktiv. Beruflich war ich als Erzieherin in der Schweiz und im Kindergartendienst der Stadt Luxemburg tätig.</p>



<p>Ich verbringe meine Zeit gerne mit Malen und mit Spaziergängen in der Natur.</p>



<p>Für das 3. Alter, will ich alles dafür tun, dass die älteren Bürger hier in der Gemeinde die Möglichkeit haben, in ihrer gewohnten Umgebung zu bleiben, und vor allem, dass sie in ihrer Gemeinde weiterhin zu Hause sein können. Dazu gehört neben den notwendigen Dienstleistungen auch, dass wir durch gemeinsame Aktivitäten und Infrastrukturen das Zusammenleben von Jung und Alt unterstützen.</p>



<p>Darüber hinaus ist es mir wichtig, dass der Verkehr und die Sicherheit in unseren Dörfern besser geregelt werden und unsere Wanderwege, z.B. mit Bänken, sicherer und attraktiver gestaltet werden.</p>
</div>
</div>



<img decoding="async" src="https://analytics.macknet.eu/matomo.php?idsite=9&amp;rec=1&amp;url=https://www.dp.lu/contern/pia-diederich/?lang=de" style="border:0" alt="" />

<p>64 Jahre, pensionierte Pädagogin, Medingen Pia Diederich, 64 Jahre, pensionierte Pädagogin und aufgewachsen in Medingen.Ich bin in unserer Gemeinde Contern aufgewachsen und möchte hier alt werden. Um dies zu ermöglichen, bin ich seit 25 Jahren in der Kommission des 3. Alters aktiv. Unter anderem setze ich mich dabei dafür ein, dass jeder auch im Alter [&hellip;]</p>
