{"id":1061,"date":"2023-05-17T18:16:14","date_gmt":"2023-05-17T18:16:14","guid":{"rendered":"https:\/\/www.dp.lu\/contern\/ernest-pirsch\/"},"modified":"2023-06-04T22:41:52","modified_gmt":"2023-06-04T22:41:52","slug":"ernest-pirsch","status":"publish","type":"page","link":"https:\/\/www.dp.lu\/contern\/ernest-pirsch\/?lang=fr","title":{"rendered":"Ernest Pirsch"},"content":{"rendered":"\n<div class=\"wp-block-columns is-layout-flex wp-container-core-columns-is-layout-28f84493 wp-block-columns-is-layout-flex\">\n<div class=\"wp-block-column is-layout-flow wp-block-column-is-layout-flow\" style=\"flex-basis:30%\">\n<figure class=\"wp-block-image size-large\"><img fetchpriority=\"high\" decoding=\"async\" width=\"1024\" height=\"1024\" src=\"https:\/\/www.dp.lu\/contern\/wp-content\/uploads\/sites\/44\/2023\/05\/Conter-Pirsch-Ernest_s-1024x1024.jpg\" alt=\"\" class=\"wp-image-674\" srcset=\"https:\/\/www.dp.lu\/contern\/wp-content\/uploads\/sites\/44\/2023\/05\/Conter-Pirsch-Ernest_s-1024x1024.jpg 1024w, https:\/\/www.dp.lu\/contern\/wp-content\/uploads\/sites\/44\/2023\/05\/Conter-Pirsch-Ernest_s-300x300.jpg 300w, https:\/\/www.dp.lu\/contern\/wp-content\/uploads\/sites\/44\/2023\/05\/Conter-Pirsch-Ernest_s-150x150.jpg 150w, https:\/\/www.dp.lu\/contern\/wp-content\/uploads\/sites\/44\/2023\/05\/Conter-Pirsch-Ernest_s-768x768.jpg 768w, https:\/\/www.dp.lu\/contern\/wp-content\/uploads\/sites\/44\/2023\/05\/Conter-Pirsch-Ernest_s-1536x1536.jpg 1536w\" sizes=\"(max-width: 1024px) 100vw, 1024px\" \/><\/figure>\n\n\n\n<h2 class=\"wp-block-heading has-large-font-size\">53 ans, Garagiste, Contern<\/h2>\n<\/div>\n\n\n\n<div class=\"wp-block-column is-layout-flow wp-block-column-is-layout-flow\" style=\"flex-basis:70%\">\n<div class=\"wp-block-columns is-layout-flex wp-container-core-columns-is-layout-28f84493 wp-block-columns-is-layout-flex\">\n<div class=\"wp-block-column is-layout-flow wp-block-column-is-layout-flow\">\n<div class=\"wp-block-group is-nowrap is-layout-flex wp-container-core-group-is-layout-f66f9956 wp-block-group-is-layout-flex\">\n<div class=\"wp-block-group is-vertical is-layout-flex wp-container-core-group-is-layout-fe9cc265 wp-block-group-is-layout-flex\">\n<p><strong>Ernest Pirsch, 53 ans, dirige une entreprise familiale en collaboration avec sa s\u0153ur.<\/strong><br>Je suis le p\u00e8re de deux grandes filles. Pendant mon temps libre, j&#8217;aime me promener dans la for\u00eat avec mes 3 chiens. Pendant longtemps, j&#8217;ai \u00e9t\u00e9 actif dans la vie associative de l&#8217;artisanat. M&#8217;engager et vouloir accomplir quelque chose ensemble est important pour moi.<\/p>\n<\/div>\n<\/div>\n<\/div>\n<\/div>\n<\/div>\n<\/div>\n\n\n\n<div class=\"wp-block-group is-content-justification-left is-nowrap is-layout-flex wp-container-core-group-is-layout-a1ed96d5 wp-block-group-is-layout-flex\">\n<div class=\"wp-block-group is-vertical is-layout-flex wp-container-core-group-is-layout-fe9cc265 wp-block-group-is-layout-flex\">\n<p>J&#8217;ai 53 ans, je suis p\u00e8re de deux grandes filles et j\u2019habite \u00e0 Contern depuis 4 ans, une commune qui m&#8217;a attir\u00e9 et qui est proche de mon lieu de travail.<br>J&#8217;ai \u00e9tudi\u00e9 droit \u00e0 Aix, puis je suis revenu au Luxembourg en 1995 et j&#8217;ai rejoint notre entreprise familiale, que je dirige toujours avec ma s\u0153ur. Depuis lors, je suis \u00e9galement tr\u00e8s actif dans la vie associative, en particulier dans des associations li\u00e9es \u00e0 l&#8217;industrie automobile et \u00e0 l&#8217;artisanat. En plus de la proximit\u00e9 de mon lieu de travail, j&#8217;ai appr\u00e9ci\u00e9 que Contern soit situ\u00e9 dans un environnement naturel et offre un cadre plus calme que la ville de Luxembourg o\u00f9 j&#8217;ai v\u00e9cu auparavant. Il n&#8217;est pas loin de la nature que j&#8217;aime beaucoup et o\u00f9 je me prom\u00e8ne avec mes trois chiens. De plus, je suis passionn\u00e9 par les voitures et m&#8217;int\u00e9resse \u00e0 la photographie. Avec la m\u00eame passion, je souhaite maintenant m&#8217;engager en politique. Je veux contribuer au d\u00e9veloppement positif de notre commune. Pour moi, cela ne fonctionne qu&#8217;avec le parti DP. Je m&#8217;int\u00e9resse particuli\u00e8rement \u00e0 tout ce qui concerne le commerce local et notre vie ensemble ; la transparence est \u00e9galement tr\u00e8s importante pour moi. Nous sommes une commune avec plusieurs villages et j&#8217;aimerais que la qualit\u00e9 de vie de nos concitoyens s&#8217;am\u00e9liore non seulement \u00e0 Contern, mais dans tous les villages de notre commune.<\/p>\n<\/div>\n<\/div>\n\n\n\n<p><\/p>\n\n\n\n<img decoding=\"async\" src=\"https:\/\/analytics.macknet.eu\/matomo.php?idsite=9&amp;rec=1&amp;url=https:\/\/www.dp.lu\/contern\/ernest-pirsch\/?lang=fr\" style=\"border:0\" alt=\"\" \/>\n","protected":false},"excerpt":{"rendered":"<p>53 ans, Garagiste, Contern Ernest Pirsch, 53 ans, dirige une entreprise familiale en collaboration avec sa s\u0153ur.Je suis le p\u00e8re de deux grandes filles. Pendant mon temps libre, j&#8217;aime me promener dans la for\u00eat avec mes 3 chiens. Pendant longtemps, j&#8217;ai \u00e9t\u00e9 actif dans la vie associative de l&#8217;artisanat. M&#8217;engager et vouloir accomplir quelque chose [&hellip;]<\/p>\n","protected":false},"author":569,"featured_media":0,"parent":0,"menu_order":0,"comment_status":"closed","ping_status":"closed","template":"","meta":{"footnotes":""},"class_list":["post-1061","page","type-page","status-publish","hentry","wpbf-post"],"_links":{"self":[{"href":"https:\/\/www.dp.lu\/contern\/wp-json\/wp\/v2\/pages\/1061","targetHints":{"allow":["GET"]}}],"collection":[{"href":"https:\/\/www.dp.lu\/contern\/wp-json\/wp\/v2\/pages"}],"about":[{"href":"https:\/\/www.dp.lu\/contern\/wp-json\/wp\/v2\/types\/page"}],"author":[{"embeddable":true,"href":"https:\/\/www.dp.lu\/contern\/wp-json\/wp\/v2\/users\/569"}],"replies":[{"embeddable":true,"href":"https:\/\/www.dp.lu\/contern\/wp-json\/wp\/v2\/comments?post=1061"}],"version-history":[{"count":3,"href":"https:\/\/www.dp.lu\/contern\/wp-json\/wp\/v2\/pages\/1061\/revisions"}],"predecessor-version":[{"id":1320,"href":"https:\/\/www.dp.lu\/contern\/wp-json\/wp\/v2\/pages\/1061\/revisions\/1320"}],"wp:attachment":[{"href":"https:\/\/www.dp.lu\/contern\/wp-json\/wp\/v2\/media?parent=1061"}],"curies":[{"name":"wp","href":"https:\/\/api.w.org\/{rel}","templated":true}]}}

<div class="wp-block-columns is-layout-flex wp-container-core-columns-is-layout-28f84493 wp-block-columns-is-layout-flex">
<div class="wp-block-column is-layout-flow wp-block-column-is-layout-flow" style="flex-basis:30%">
<figure class="wp-block-image size-large"><img fetchpriority="high" decoding="async" width="1024" height="1024" src="https://www.dp.lu/contern/wp-content/uploads/sites/44/2023/05/Conter-Pirsch-Ernest_s-1024x1024.jpg" alt="" class="wp-image-674" srcset="https://www.dp.lu/contern/wp-content/uploads/sites/44/2023/05/Conter-Pirsch-Ernest_s-1024x1024.jpg 1024w, https://www.dp.lu/contern/wp-content/uploads/sites/44/2023/05/Conter-Pirsch-Ernest_s-300x300.jpg 300w, https://www.dp.lu/contern/wp-content/uploads/sites/44/2023/05/Conter-Pirsch-Ernest_s-150x150.jpg 150w, https://www.dp.lu/contern/wp-content/uploads/sites/44/2023/05/Conter-Pirsch-Ernest_s-768x768.jpg 768w, https://www.dp.lu/contern/wp-content/uploads/sites/44/2023/05/Conter-Pirsch-Ernest_s-1536x1536.jpg 1536w" sizes="(max-width: 1024px) 100vw, 1024px" /></figure>



<h2 class="wp-block-heading has-large-font-size">53 ans, Garagiste, Contern</h2>
</div>



<div class="wp-block-column is-layout-flow wp-block-column-is-layout-flow" style="flex-basis:70%">
<div class="wp-block-columns is-layout-flex wp-container-core-columns-is-layout-28f84493 wp-block-columns-is-layout-flex">
<div class="wp-block-column is-layout-flow wp-block-column-is-layout-flow">
<div class="wp-block-group is-nowrap is-layout-flex wp-container-core-group-is-layout-f66f9956 wp-block-group-is-layout-flex">
<div class="wp-block-group is-vertical is-layout-flex wp-container-core-group-is-layout-fe9cc265 wp-block-group-is-layout-flex">
<p><strong>Ernest Pirsch, 53 ans, dirige une entreprise familiale en collaboration avec sa sœur.</strong><br>Je suis le père de deux grandes filles. Pendant mon temps libre, j&#8217;aime me promener dans la forêt avec mes 3 chiens. Pendant longtemps, j&#8217;ai été actif dans la vie associative de l&#8217;artisanat. M&#8217;engager et vouloir accomplir quelque chose ensemble est important pour moi.</p>
</div>
</div>
</div>
</div>
</div>
</div>



<div class="wp-block-group is-content-justification-left is-nowrap is-layout-flex wp-container-core-group-is-layout-a1ed96d5 wp-block-group-is-layout-flex">
<div class="wp-block-group is-vertical is-layout-flex wp-container-core-group-is-layout-fe9cc265 wp-block-group-is-layout-flex">
<p>J&#8217;ai 53 ans, je suis père de deux grandes filles et j’habite à Contern depuis 4 ans, une commune qui m&#8217;a attiré et qui est proche de mon lieu de travail.<br>J&#8217;ai étudié droit à Aix, puis je suis revenu au Luxembourg en 1995 et j&#8217;ai rejoint notre entreprise familiale, que je dirige toujours avec ma sœur. Depuis lors, je suis également très actif dans la vie associative, en particulier dans des associations liées à l&#8217;industrie automobile et à l&#8217;artisanat. En plus de la proximité de mon lieu de travail, j&#8217;ai apprécié que Contern soit situé dans un environnement naturel et offre un cadre plus calme que la ville de Luxembourg où j&#8217;ai vécu auparavant. Il n&#8217;est pas loin de la nature que j&#8217;aime beaucoup et où je me promène avec mes trois chiens. De plus, je suis passionné par les voitures et m&#8217;intéresse à la photographie. Avec la même passion, je souhaite maintenant m&#8217;engager en politique. Je veux contribuer au développement positif de notre commune. Pour moi, cela ne fonctionne qu&#8217;avec le parti DP. Je m&#8217;intéresse particulièrement à tout ce qui concerne le commerce local et notre vie ensemble ; la transparence est également très importante pour moi. Nous sommes une commune avec plusieurs villages et j&#8217;aimerais que la qualité de vie de nos concitoyens s&#8217;améliore non seulement à Contern, mais dans tous les villages de notre commune.</p>
</div>
</div>



<p></p>



<img decoding="async" src="https://analytics.macknet.eu/matomo.php?idsite=9&amp;rec=1&amp;url=https://www.dp.lu/contern/ernest-pirsch/?lang=fr" style="border:0" alt="" />

<p>53 ans, Garagiste, Contern Ernest Pirsch, 53 ans, dirige une entreprise familiale en collaboration avec sa sœur.Je suis le père de deux grandes filles. Pendant mon temps libre, j&#8217;aime me promener dans la forêt avec mes 3 chiens. Pendant longtemps, j&#8217;ai été actif dans la vie associative de l&#8217;artisanat. M&#8217;engager et vouloir accomplir quelque chose [&hellip;]</p>
