{"id":1062,"date":"2023-05-17T18:16:14","date_gmt":"2023-05-17T18:16:14","guid":{"rendered":"https:\/\/www.dp.lu\/contern\/ernest-pirsch\/"},"modified":"2023-06-04T22:36:02","modified_gmt":"2023-06-04T22:36:02","slug":"ernest-pirsch","status":"publish","type":"page","link":"https:\/\/www.dp.lu\/contern\/ernest-pirsch\/?lang=de","title":{"rendered":"Ernest Pirsch"},"content":{"rendered":"\n<div class=\"wp-block-columns is-layout-flex wp-container-core-columns-is-layout-28f84493 wp-block-columns-is-layout-flex\">\n<div class=\"wp-block-column is-layout-flow wp-block-column-is-layout-flow\" style=\"flex-basis:30%\">\n<figure class=\"wp-block-image size-large\"><img fetchpriority=\"high\" decoding=\"async\" width=\"1024\" height=\"1024\" src=\"https:\/\/www.dp.lu\/contern\/wp-content\/uploads\/sites\/44\/2023\/05\/Conter-Pirsch-Ernest_s-1024x1024.jpg\" alt=\"\" class=\"wp-image-674\" srcset=\"https:\/\/www.dp.lu\/contern\/wp-content\/uploads\/sites\/44\/2023\/05\/Conter-Pirsch-Ernest_s-1024x1024.jpg 1024w, https:\/\/www.dp.lu\/contern\/wp-content\/uploads\/sites\/44\/2023\/05\/Conter-Pirsch-Ernest_s-300x300.jpg 300w, https:\/\/www.dp.lu\/contern\/wp-content\/uploads\/sites\/44\/2023\/05\/Conter-Pirsch-Ernest_s-150x150.jpg 150w, https:\/\/www.dp.lu\/contern\/wp-content\/uploads\/sites\/44\/2023\/05\/Conter-Pirsch-Ernest_s-768x768.jpg 768w, https:\/\/www.dp.lu\/contern\/wp-content\/uploads\/sites\/44\/2023\/05\/Conter-Pirsch-Ernest_s-1536x1536.jpg 1536w\" sizes=\"(max-width: 1024px) 100vw, 1024px\" \/><\/figure>\n\n\n\n<h2 class=\"wp-block-heading has-large-font-size\">53 Jahre, Garagist, Contern<\/h2>\n<\/div>\n\n\n\n<div class=\"wp-block-column is-layout-flow wp-block-column-is-layout-flow\" style=\"flex-basis:70%\">\n<div class=\"wp-block-columns is-layout-flex wp-container-core-columns-is-layout-28f84493 wp-block-columns-is-layout-flex\">\n<div class=\"wp-block-column is-layout-flow wp-block-column-is-layout-flow\">\n<div class=\"wp-block-group is-content-justification-left is-nowrap is-layout-flex wp-container-core-group-is-layout-a1ed96d5 wp-block-group-is-layout-flex\">\n<div class=\"wp-block-group is-vertical is-layout-flex wp-container-core-group-is-layout-fe9cc265 wp-block-group-is-layout-flex\">\n<p><strong>Ernest Pirsch, 53, f\u00fchrt zusammen mit seiner Schwester ein Familienunternehmen.<\/strong><br>Ich bin Vater von zwei gro\u00dfen T\u00f6chtern. In meiner Freizeit gehe ich gerne mit meinen 3 Hunden in den Wald. Lange Zeit war ich im Verbandsleben des Handwerks aktiv. Sich f\u00fcr etwas einzusetzen und gemeinsam etwas erreichen zu wollen, bedeutet mir viel.<\/p>\n<\/div>\n<\/div>\n<\/div>\n<\/div>\n<\/div>\n<\/div>\n\n\n\n<div class=\"wp-block-group is-content-justification-left is-nowrap is-layout-flex wp-container-core-group-is-layout-a1ed96d5 wp-block-group-is-layout-flex\">\n<div class=\"wp-block-group is-vertical is-layout-flex wp-container-core-group-is-layout-fe9cc265 wp-block-group-is-layout-flex\">\n<p>Ich bin 53 Jahre alt, Vater von zwei gro\u00dfen T\u00f6chtern und lebe seit 4 Jahren in Contern, einer Gemeinde, die mich angezogen hat und nicht weit von meinem Arbeitsplatz entfernt liegt.<br>Ich habe in Aix Jura studiert und bin dann, nachdem ich 1995 nach Luxemburg zur\u00fcckgekehrt bin, in unser Familienunternehmen eingestiegen, das ich noch immer gemeinsam mit meiner Schwester leite. Seitdem bin ich auch sehr aktiv im Vereinsleben, insbesondere in Vereinen, die mit der Automobilindustrie und dem Handwerk zu tun haben. Neben der N\u00e4he zu meinem Arbeitsplatz gefiel mir auch, dass Contern in einer nat\u00fcrlichen Umgebung liegt und eine ruhigere Umgebung bietet als die Stadt Luxemburg, in der ich zuvor gelebt habe. Bis zur Natur, die mir sehr gef\u00e4llt und in der ich mit meinen drei Hunden spazieren gehe, ist es nicht weit. Dar\u00fcber hinaus bin ich autobegeistert und interessiere mich f\u00fcr Fotografie. Mit derselben Leidenschaft m\u00f6chte ich mich nun in der Politik engagieren. Ich m\u00f6chte dazu beitragen, dass sich unsere Gemeinde positiv entwickelt. Das funktioniert f\u00fcr mich nur mit der DP. Ich interessiere mich besonders f\u00fcr alles, was mit lokalem Handel und unserem Zusammenleben zu tun hat; Auch Transparenz ist mir sehr wichtig. Wir sind eine Gemeinde mit mehreren D\u00f6rfern und ich w\u00fcrde mir w\u00fcnschen, dass sich die Lebensqualit\u00e4t unserer Mitb\u00fcrger nicht nur in Contern, sondern in allen D\u00f6rfern unserer Gemeinde verbessert.<\/p>\n<\/div>\n<\/div>\n\n\n\n<p><\/p>\n\n\n\n<img decoding=\"async\" src=\"https:\/\/analytics.macknet.eu\/matomo.php?idsite=9&amp;rec=1&amp;url=https:\/\/www.dp.lu\/contern\/ernest-pirsch\/?lang=de\" style=\"border:0\" alt=\"\" \/>\n","protected":false},"excerpt":{"rendered":"<p>53 Jahre, Garagist, Contern Ernest Pirsch, 53, f\u00fchrt zusammen mit seiner Schwester ein Familienunternehmen.Ich bin Vater von zwei gro\u00dfen T\u00f6chtern. In meiner Freizeit gehe ich gerne mit meinen 3 Hunden in den Wald. Lange Zeit war ich im Verbandsleben des Handwerks aktiv. Sich f\u00fcr etwas einzusetzen und gemeinsam etwas erreichen zu wollen, bedeutet mir viel. [&hellip;]<\/p>\n","protected":false},"author":569,"featured_media":0,"parent":0,"menu_order":0,"comment_status":"closed","ping_status":"closed","template":"","meta":{"footnotes":""},"class_list":["post-1062","page","type-page","status-publish","hentry","wpbf-post"],"_links":{"self":[{"href":"https:\/\/www.dp.lu\/contern\/wp-json\/wp\/v2\/pages\/1062","targetHints":{"allow":["GET"]}}],"collection":[{"href":"https:\/\/www.dp.lu\/contern\/wp-json\/wp\/v2\/pages"}],"about":[{"href":"https:\/\/www.dp.lu\/contern\/wp-json\/wp\/v2\/types\/page"}],"author":[{"embeddable":true,"href":"https:\/\/www.dp.lu\/contern\/wp-json\/wp\/v2\/users\/569"}],"replies":[{"embeddable":true,"href":"https:\/\/www.dp.lu\/contern\/wp-json\/wp\/v2\/comments?post=1062"}],"version-history":[{"count":4,"href":"https:\/\/www.dp.lu\/contern\/wp-json\/wp\/v2\/pages\/1062\/revisions"}],"predecessor-version":[{"id":1306,"href":"https:\/\/www.dp.lu\/contern\/wp-json\/wp\/v2\/pages\/1062\/revisions\/1306"}],"wp:attachment":[{"href":"https:\/\/www.dp.lu\/contern\/wp-json\/wp\/v2\/media?parent=1062"}],"curies":[{"name":"wp","href":"https:\/\/api.w.org\/{rel}","templated":true}]}}

<div class="wp-block-columns is-layout-flex wp-container-core-columns-is-layout-28f84493 wp-block-columns-is-layout-flex">
<div class="wp-block-column is-layout-flow wp-block-column-is-layout-flow" style="flex-basis:30%">
<figure class="wp-block-image size-large"><img fetchpriority="high" decoding="async" width="1024" height="1024" src="https://www.dp.lu/contern/wp-content/uploads/sites/44/2023/05/Conter-Pirsch-Ernest_s-1024x1024.jpg" alt="" class="wp-image-674" srcset="https://www.dp.lu/contern/wp-content/uploads/sites/44/2023/05/Conter-Pirsch-Ernest_s-1024x1024.jpg 1024w, https://www.dp.lu/contern/wp-content/uploads/sites/44/2023/05/Conter-Pirsch-Ernest_s-300x300.jpg 300w, https://www.dp.lu/contern/wp-content/uploads/sites/44/2023/05/Conter-Pirsch-Ernest_s-150x150.jpg 150w, https://www.dp.lu/contern/wp-content/uploads/sites/44/2023/05/Conter-Pirsch-Ernest_s-768x768.jpg 768w, https://www.dp.lu/contern/wp-content/uploads/sites/44/2023/05/Conter-Pirsch-Ernest_s-1536x1536.jpg 1536w" sizes="(max-width: 1024px) 100vw, 1024px" /></figure>



<h2 class="wp-block-heading has-large-font-size">53 Jahre, Garagist, Contern</h2>
</div>



<div class="wp-block-column is-layout-flow wp-block-column-is-layout-flow" style="flex-basis:70%">
<div class="wp-block-columns is-layout-flex wp-container-core-columns-is-layout-28f84493 wp-block-columns-is-layout-flex">
<div class="wp-block-column is-layout-flow wp-block-column-is-layout-flow">
<div class="wp-block-group is-content-justification-left is-nowrap is-layout-flex wp-container-core-group-is-layout-a1ed96d5 wp-block-group-is-layout-flex">
<div class="wp-block-group is-vertical is-layout-flex wp-container-core-group-is-layout-fe9cc265 wp-block-group-is-layout-flex">
<p><strong>Ernest Pirsch, 53, führt zusammen mit seiner Schwester ein Familienunternehmen.</strong><br>Ich bin Vater von zwei großen Töchtern. In meiner Freizeit gehe ich gerne mit meinen 3 Hunden in den Wald. Lange Zeit war ich im Verbandsleben des Handwerks aktiv. Sich für etwas einzusetzen und gemeinsam etwas erreichen zu wollen, bedeutet mir viel.</p>
</div>
</div>
</div>
</div>
</div>
</div>



<div class="wp-block-group is-content-justification-left is-nowrap is-layout-flex wp-container-core-group-is-layout-a1ed96d5 wp-block-group-is-layout-flex">
<div class="wp-block-group is-vertical is-layout-flex wp-container-core-group-is-layout-fe9cc265 wp-block-group-is-layout-flex">
<p>Ich bin 53 Jahre alt, Vater von zwei großen Töchtern und lebe seit 4 Jahren in Contern, einer Gemeinde, die mich angezogen hat und nicht weit von meinem Arbeitsplatz entfernt liegt.<br>Ich habe in Aix Jura studiert und bin dann, nachdem ich 1995 nach Luxemburg zurückgekehrt bin, in unser Familienunternehmen eingestiegen, das ich noch immer gemeinsam mit meiner Schwester leite. Seitdem bin ich auch sehr aktiv im Vereinsleben, insbesondere in Vereinen, die mit der Automobilindustrie und dem Handwerk zu tun haben. Neben der Nähe zu meinem Arbeitsplatz gefiel mir auch, dass Contern in einer natürlichen Umgebung liegt und eine ruhigere Umgebung bietet als die Stadt Luxemburg, in der ich zuvor gelebt habe. Bis zur Natur, die mir sehr gefällt und in der ich mit meinen drei Hunden spazieren gehe, ist es nicht weit. Darüber hinaus bin ich autobegeistert und interessiere mich für Fotografie. Mit derselben Leidenschaft möchte ich mich nun in der Politik engagieren. Ich möchte dazu beitragen, dass sich unsere Gemeinde positiv entwickelt. Das funktioniert für mich nur mit der DP. Ich interessiere mich besonders für alles, was mit lokalem Handel und unserem Zusammenleben zu tun hat; Auch Transparenz ist mir sehr wichtig. Wir sind eine Gemeinde mit mehreren Dörfern und ich würde mir wünschen, dass sich die Lebensqualität unserer Mitbürger nicht nur in Contern, sondern in allen Dörfern unserer Gemeinde verbessert.</p>
</div>
</div>



<p></p>



<img decoding="async" src="https://analytics.macknet.eu/matomo.php?idsite=9&amp;rec=1&amp;url=https://www.dp.lu/contern/ernest-pirsch/?lang=de" style="border:0" alt="" />

<p>53 Jahre, Garagist, Contern Ernest Pirsch, 53, führt zusammen mit seiner Schwester ein Familienunternehmen.Ich bin Vater von zwei großen Töchtern. In meiner Freizeit gehe ich gerne mit meinen 3 Hunden in den Wald. Lange Zeit war ich im Verbandsleben des Handwerks aktiv. Sich für etwas einzusetzen und gemeinsam etwas erreichen zu wollen, bedeutet mir viel. [&hellip;]</p>
