{"id":1197,"date":"2023-06-04T09:47:03","date_gmt":"2023-06-04T09:47:03","guid":{"rendered":"https:\/\/www.dp.lu\/contern\/eric-eifes\/"},"modified":"2023-06-04T22:37:30","modified_gmt":"2023-06-04T22:37:30","slug":"eric-eifes","status":"publish","type":"page","link":"https:\/\/www.dp.lu\/contern\/eric-eifes\/?lang=fr","title":{"rendered":"Eric Eifes"},"content":{"rendered":"\n<div class=\"wp-block-columns is-layout-flex wp-container-core-columns-is-layout-28f84493 wp-block-columns-is-layout-flex\">\n<div class=\"wp-block-column is-layout-flow wp-block-column-is-layout-flow\" style=\"flex-basis:30%\">\n<figure class=\"wp-block-image size-large\"><img fetchpriority=\"high\" decoding=\"async\" width=\"1024\" height=\"1024\" src=\"https:\/\/www.dp.lu\/contern\/wp-content\/uploads\/sites\/44\/2023\/06\/Conter-Eifes-Eric_s-1024x1024.jpg\" alt=\"\" class=\"wp-image-1187\" srcset=\"https:\/\/www.dp.lu\/contern\/wp-content\/uploads\/sites\/44\/2023\/06\/Conter-Eifes-Eric_s-1024x1024.jpg 1024w, https:\/\/www.dp.lu\/contern\/wp-content\/uploads\/sites\/44\/2023\/06\/Conter-Eifes-Eric_s-300x300.jpg 300w, https:\/\/www.dp.lu\/contern\/wp-content\/uploads\/sites\/44\/2023\/06\/Conter-Eifes-Eric_s-150x150.jpg 150w, https:\/\/www.dp.lu\/contern\/wp-content\/uploads\/sites\/44\/2023\/06\/Conter-Eifes-Eric_s-768x768.jpg 768w, https:\/\/www.dp.lu\/contern\/wp-content\/uploads\/sites\/44\/2023\/06\/Conter-Eifes-Eric_s-1536x1536.jpg 1536w\" sizes=\"(max-width: 1024px) 100vw, 1024px\" \/><\/figure>\n\n\n\n<h2 class=\"wp-block-heading has-large-font-size\">51 ans, <strong>professeur d&#8217;\u00e9conomie<\/strong>, Contern<\/h2>\n<\/div>\n\n\n\n<div class=\"wp-block-column is-layout-flow wp-block-column-is-layout-flow\" style=\"flex-basis:70%\">\n<div class=\"wp-block-columns is-layout-flex wp-container-core-columns-is-layout-28f84493 wp-block-columns-is-layout-flex\">\n<div class=\"wp-block-column is-layout-flow wp-block-column-is-layout-flow\">\n<div class=\"wp-block-group is-nowrap is-layout-flex wp-container-core-group-is-layout-f66f9956 wp-block-group-is-layout-flex\">\n<div class=\"wp-block-group is-vertical is-layout-flex wp-container-core-group-is-layout-fe9cc265 wp-block-group-is-layout-flex\">\n<p><strong>Eric Eifes, 51 ans, travaille en tant que professeur d&#8217;\u00e9conomie \u00e0 l&#8217;Ath\u00e9n\u00e9e de Luxembourg.<\/strong><br>Je suis mari\u00e9 et j&#8217;ai deux enfants. Je suis conseiller municipal et je m&#8217;investis dans plusieurs associations. Les sujets qui nous tiennent particuli\u00e8rement \u00e0 c\u0153ur sont la famille et l&#8217;\u00e9cole, la mobilit\u00e9, les finances ainsi que les communaut\u00e9s num\u00e9riques, s\u00fbres et urbaines.<\/p>\n<\/div>\n<\/div>\n<\/div>\n<\/div>\n\n\n\n<div style=\"height:100px\" aria-hidden=\"true\" class=\"wp-block-spacer\"><\/div>\n<\/div>\n<\/div>\n\n\n\n<p>Je suis mari\u00e9 et j&#8217;ai deux enfants.<\/p>\n\n\n\n<p>Il y a 49 ans, j&#8217;ai d\u00e9m\u00e9nag\u00e9 \u00e0 Contern et j&#8217;ai grandi ici. Apr\u00e8s l&#8217;\u00e9cole primaire \u00e0 Contern et le lyc\u00e9e en ville, j&#8217;ai \u00e9tudi\u00e9 \u00e0 la Hautes \u00c9tudes Commerciales de Bruxelles, avec une sp\u00e9cialisation en comptabilit\u00e9 et en audit. Professionnellement, j&#8217;ai choisi de devenir enseignant car j&#8217;aime enseigner et je souhaite pr\u00e9parer les g\u00e9n\u00e9rations futures.<\/p>\n\n\n\n<p>Je suis membre du conseil communal de Contern depuis pr\u00e8s de 25 ans et j&#8217;ai pu acqu\u00e9rir une exp\u00e9rience consid\u00e9rable sur le fonctionnement d&#8217;une commune, de ses commissions et des diff\u00e9rents syndicats. Je suis pr\u00eat \u00e0 assumer une plus grande responsabilit\u00e9.<\/p>\n\n\n\n<p>Pendant mon temps libre, je suis actif dans plusieurs associations de la commune et je m&#8217;engage dans un mouvement de jeunesse au niveau national.<\/p>\n\n\n\n<p>Il me tient \u00e0 c\u0153ur que la commune de Contern, avec tous ses villages, devienne une commune moderne et agr\u00e9able o\u00f9 chaque citoyen se sente bien. Je vois particuli\u00e8rement des besoins d&#8217;action dans les domaines de la mobilit\u00e9, de la digitalisation, de l&#8217;\u00e9ducation, du changement climatique, de la famille et des finances, et je souhaite m&#8217;investir dans ces domaines.<\/p>\n\n\n\n<p>Eric Eifes<\/p>\n\n\n\n<img decoding=\"async\" src=\"https:\/\/analytics.macknet.eu\/matomo.php?idsite=9&amp;rec=1&amp;url=https:\/\/www.dp.lu\/contern\/eric-eifes\/?lang=fr\" style=\"border:0\" alt=\"\" \/>\n","protected":false},"excerpt":{"rendered":"<p>51 ans, professeur d&#8217;\u00e9conomie, Contern Eric Eifes, 51 ans, travaille en tant que professeur d&#8217;\u00e9conomie \u00e0 l&#8217;Ath\u00e9n\u00e9e de Luxembourg.Je suis mari\u00e9 et j&#8217;ai deux enfants. Je suis conseiller municipal et je m&#8217;investis dans plusieurs associations. Les sujets qui nous tiennent particuli\u00e8rement \u00e0 c\u0153ur sont la famille et l&#8217;\u00e9cole, la mobilit\u00e9, les finances ainsi que les [&hellip;]<\/p>\n","protected":false},"author":569,"featured_media":0,"parent":0,"menu_order":0,"comment_status":"closed","ping_status":"closed","template":"","meta":{"footnotes":""},"class_list":["post-1197","page","type-page","status-publish","hentry","wpbf-post"],"_links":{"self":[{"href":"https:\/\/www.dp.lu\/contern\/wp-json\/wp\/v2\/pages\/1197","targetHints":{"allow":["GET"]}}],"collection":[{"href":"https:\/\/www.dp.lu\/contern\/wp-json\/wp\/v2\/pages"}],"about":[{"href":"https:\/\/www.dp.lu\/contern\/wp-json\/wp\/v2\/types\/page"}],"author":[{"embeddable":true,"href":"https:\/\/www.dp.lu\/contern\/wp-json\/wp\/v2\/users\/569"}],"replies":[{"embeddable":true,"href":"https:\/\/www.dp.lu\/contern\/wp-json\/wp\/v2\/comments?post=1197"}],"version-history":[{"count":3,"href":"https:\/\/www.dp.lu\/contern\/wp-json\/wp\/v2\/pages\/1197\/revisions"}],"predecessor-version":[{"id":1309,"href":"https:\/\/www.dp.lu\/contern\/wp-json\/wp\/v2\/pages\/1197\/revisions\/1309"}],"wp:attachment":[{"href":"https:\/\/www.dp.lu\/contern\/wp-json\/wp\/v2\/media?parent=1197"}],"curies":[{"name":"wp","href":"https:\/\/api.w.org\/{rel}","templated":true}]}}