{"id":1198,"date":"2023-06-04T09:47:03","date_gmt":"2023-06-04T09:47:03","guid":{"rendered":"https:\/\/www.dp.lu\/contern\/eric-eifes\/"},"modified":"2023-06-04T22:32:13","modified_gmt":"2023-06-04T22:32:13","slug":"eric-eifes","status":"publish","type":"page","link":"https:\/\/www.dp.lu\/contern\/eric-eifes\/?lang=de","title":{"rendered":"Eric Eifes"},"content":{"rendered":"\n<div class=\"wp-block-columns is-layout-flex wp-container-core-columns-is-layout-28f84493 wp-block-columns-is-layout-flex\">\n<div class=\"wp-block-column is-layout-flow wp-block-column-is-layout-flow\" style=\"flex-basis:30%\">\n<figure class=\"wp-block-image size-large\"><img fetchpriority=\"high\" decoding=\"async\" width=\"1024\" height=\"1024\" src=\"https:\/\/www.dp.lu\/contern\/wp-content\/uploads\/sites\/44\/2023\/06\/Conter-Eifes-Eric_s-1024x1024.jpg\" alt=\"\" class=\"wp-image-1187\" srcset=\"https:\/\/www.dp.lu\/contern\/wp-content\/uploads\/sites\/44\/2023\/06\/Conter-Eifes-Eric_s-1024x1024.jpg 1024w, https:\/\/www.dp.lu\/contern\/wp-content\/uploads\/sites\/44\/2023\/06\/Conter-Eifes-Eric_s-300x300.jpg 300w, https:\/\/www.dp.lu\/contern\/wp-content\/uploads\/sites\/44\/2023\/06\/Conter-Eifes-Eric_s-150x150.jpg 150w, https:\/\/www.dp.lu\/contern\/wp-content\/uploads\/sites\/44\/2023\/06\/Conter-Eifes-Eric_s-768x768.jpg 768w, https:\/\/www.dp.lu\/contern\/wp-content\/uploads\/sites\/44\/2023\/06\/Conter-Eifes-Eric_s-1536x1536.jpg 1536w\" sizes=\"(max-width: 1024px) 100vw, 1024px\" \/><\/figure>\n\n\n\n<h2 class=\"wp-block-heading has-large-font-size\">51 Jahre, <strong>Wirtschaftsprofessor<\/strong>, Contern<\/h2>\n<\/div>\n\n\n\n<div class=\"wp-block-column is-layout-flow wp-block-column-is-layout-flow\" style=\"flex-basis:70%\">\n<div class=\"wp-block-columns is-layout-flex wp-container-core-columns-is-layout-28f84493 wp-block-columns-is-layout-flex\">\n<div class=\"wp-block-column is-layout-flow wp-block-column-is-layout-flow\">\n<div class=\"wp-block-group is-nowrap is-layout-flex wp-container-core-group-is-layout-f66f9956 wp-block-group-is-layout-flex\">\n<div class=\"wp-block-group is-vertical is-layout-flex wp-container-core-group-is-layout-fe9cc265 wp-block-group-is-layout-flex\">\n<p><strong>Eric Eifes, 51 Jahre, arbeitet als Wirtschaftsprofessor am st\u00e4dtischem Athen\u00e4um.<\/strong><br>Ich bin verheiratet und habe zwei Kinder. Ich bin Gemeinderat und engagiere mich in mehreren Vereinen. Besonders am Herzen liegen uns die Themen Familie und Schule, Mobilit\u00e4t, Finanzen sowie digitale, sichere und urbane Gemeinschaften.<\/p>\n<\/div>\n<\/div>\n<\/div>\n<\/div>\n\n\n\n<div style=\"height:100px\" aria-hidden=\"true\" class=\"wp-block-spacer\"><\/div>\n<\/div>\n<\/div>\n\n\n\n<p>Ich bin verheiratet und habe zwei Kinder.<\/p>\n\n\n\n<p>Vor 49 Jahren bin ich nach Contern gezogen und bin hier aufgewachsen. Nach der Grundschule in Contern und dem Gymnasium in der Stadt habe ich an der Br\u00fcsseler Hautes \u00c9tudes Commerciales studiert, mit der Spezialisierung auf Buchhaltung und Wirtschaftspr\u00fcfung. Beruflich habe ich mich dann f\u00fcr das Unterrichten entschieden, da ich gerne unterrichte und die j\u00fcngeren Generationen vorbereiten m\u00f6chte.<\/p>\n\n\n\n<p>Ich bin seit fast 25 Jahren Mitglied des Gemeinderats von Contern und habe so viel Erfahrung sammeln k\u00f6nnen wie eine Gemeinde, ihre Kommissionen und die verschiedenen Syndikate funktionieren und ich bin bereit, eine gr\u00f6\u00dfere Verantwortung zu \u00fcbernehmen.<\/p>\n\n\n\n<p>In meiner Freizeit bin ich in mehreren Vereinen in der Gemeinde aktiv und engagiere mich in einer Jugendbewegung auf nationaler Ebene.<\/p>\n\n\n\n<p>Es liegt mir am Herzen, dass die Gemeinde Contern mit all ihren D\u00f6rfern eine moderne und lebenswerte Gemeinde wird, in der sich jeder Mitb\u00fcrger wohlf\u00fchlen soll. Gerade in den Bereichen Mobilit\u00e4t, Digitalisierung, Bildung, Klimawandel, Familie und Finanzen sehe ich Handlungsbedarf f\u00fcr die n\u00e4chsten Jahre und m\u00f6chte mich hier engagieren.<\/p>\n\n\n\n<p>Eric Eifes<\/p>\n\n\n\n<img decoding=\"async\" src=\"https:\/\/analytics.macknet.eu\/matomo.php?idsite=9&amp;rec=1&amp;url=https:\/\/www.dp.lu\/contern\/eric-eifes\/?lang=de\" style=\"border:0\" alt=\"\" \/>\n","protected":false},"excerpt":{"rendered":"<p>51 Jahre, Wirtschaftsprofessor, Contern Eric Eifes, 51 Jahre, arbeitet als Wirtschaftsprofessor am st\u00e4dtischem Athen\u00e4um.Ich bin verheiratet und habe zwei Kinder. Ich bin Gemeinderat und engagiere mich in mehreren Vereinen. Besonders am Herzen liegen uns die Themen Familie und Schule, Mobilit\u00e4t, Finanzen sowie digitale, sichere und urbane Gemeinschaften. Ich bin verheiratet und habe zwei Kinder. Vor [&hellip;]<\/p>\n","protected":false},"author":569,"featured_media":0,"parent":0,"menu_order":0,"comment_status":"closed","ping_status":"closed","template":"","meta":{"footnotes":""},"class_list":["post-1198","page","type-page","status-publish","hentry","wpbf-post"],"_links":{"self":[{"href":"https:\/\/www.dp.lu\/contern\/wp-json\/wp\/v2\/pages\/1198","targetHints":{"allow":["GET"]}}],"collection":[{"href":"https:\/\/www.dp.lu\/contern\/wp-json\/wp\/v2\/pages"}],"about":[{"href":"https:\/\/www.dp.lu\/contern\/wp-json\/wp\/v2\/types\/page"}],"author":[{"embeddable":true,"href":"https:\/\/www.dp.lu\/contern\/wp-json\/wp\/v2\/users\/569"}],"replies":[{"embeddable":true,"href":"https:\/\/www.dp.lu\/contern\/wp-json\/wp\/v2\/comments?post=1198"}],"version-history":[{"count":3,"href":"https:\/\/www.dp.lu\/contern\/wp-json\/wp\/v2\/pages\/1198\/revisions"}],"predecessor-version":[{"id":1297,"href":"https:\/\/www.dp.lu\/contern\/wp-json\/wp\/v2\/pages\/1198\/revisions\/1297"}],"wp:attachment":[{"href":"https:\/\/www.dp.lu\/contern\/wp-json\/wp\/v2\/media?parent=1198"}],"curies":[{"name":"wp","href":"https:\/\/api.w.org\/{rel}","templated":true}]}}

<div class="wp-block-columns is-layout-flex wp-container-core-columns-is-layout-28f84493 wp-block-columns-is-layout-flex">
<div class="wp-block-column is-layout-flow wp-block-column-is-layout-flow" style="flex-basis:30%">
<figure class="wp-block-image size-large"><img fetchpriority="high" decoding="async" width="1024" height="1024" src="https://www.dp.lu/contern/wp-content/uploads/sites/44/2023/06/Conter-Eifes-Eric_s-1024x1024.jpg" alt="" class="wp-image-1187" srcset="https://www.dp.lu/contern/wp-content/uploads/sites/44/2023/06/Conter-Eifes-Eric_s-1024x1024.jpg 1024w, https://www.dp.lu/contern/wp-content/uploads/sites/44/2023/06/Conter-Eifes-Eric_s-300x300.jpg 300w, https://www.dp.lu/contern/wp-content/uploads/sites/44/2023/06/Conter-Eifes-Eric_s-150x150.jpg 150w, https://www.dp.lu/contern/wp-content/uploads/sites/44/2023/06/Conter-Eifes-Eric_s-768x768.jpg 768w, https://www.dp.lu/contern/wp-content/uploads/sites/44/2023/06/Conter-Eifes-Eric_s-1536x1536.jpg 1536w" sizes="(max-width: 1024px) 100vw, 1024px" /></figure>



<h2 class="wp-block-heading has-large-font-size">51 Jahre, <strong>Wirtschaftsprofessor</strong>, Contern</h2>
</div>



<div class="wp-block-column is-layout-flow wp-block-column-is-layout-flow" style="flex-basis:70%">
<div class="wp-block-columns is-layout-flex wp-container-core-columns-is-layout-28f84493 wp-block-columns-is-layout-flex">
<div class="wp-block-column is-layout-flow wp-block-column-is-layout-flow">
<div class="wp-block-group is-nowrap is-layout-flex wp-container-core-group-is-layout-f66f9956 wp-block-group-is-layout-flex">
<div class="wp-block-group is-vertical is-layout-flex wp-container-core-group-is-layout-fe9cc265 wp-block-group-is-layout-flex">
<p><strong>Eric Eifes, 51 Jahre, arbeitet als Wirtschaftsprofessor am städtischem Athenäum.</strong><br>Ich bin verheiratet und habe zwei Kinder. Ich bin Gemeinderat und engagiere mich in mehreren Vereinen. Besonders am Herzen liegen uns die Themen Familie und Schule, Mobilität, Finanzen sowie digitale, sichere und urbane Gemeinschaften.</p>
</div>
</div>
</div>
</div>



<div style="height:100px" aria-hidden="true" class="wp-block-spacer"></div>
</div>
</div>



<p>Ich bin verheiratet und habe zwei Kinder.</p>



<p>Vor 49 Jahren bin ich nach Contern gezogen und bin hier aufgewachsen. Nach der Grundschule in Contern und dem Gymnasium in der Stadt habe ich an der Brüsseler Hautes Études Commerciales studiert, mit der Spezialisierung auf Buchhaltung und Wirtschaftsprüfung. Beruflich habe ich mich dann für das Unterrichten entschieden, da ich gerne unterrichte und die jüngeren Generationen vorbereiten möchte.</p>



<p>Ich bin seit fast 25 Jahren Mitglied des Gemeinderats von Contern und habe so viel Erfahrung sammeln können wie eine Gemeinde, ihre Kommissionen und die verschiedenen Syndikate funktionieren und ich bin bereit, eine größere Verantwortung zu übernehmen.</p>



<p>In meiner Freizeit bin ich in mehreren Vereinen in der Gemeinde aktiv und engagiere mich in einer Jugendbewegung auf nationaler Ebene.</p>



<p>Es liegt mir am Herzen, dass die Gemeinde Contern mit all ihren Dörfern eine moderne und lebenswerte Gemeinde wird, in der sich jeder Mitbürger wohlfühlen soll. Gerade in den Bereichen Mobilität, Digitalisierung, Bildung, Klimawandel, Familie und Finanzen sehe ich Handlungsbedarf für die nächsten Jahre und möchte mich hier engagieren.</p>



<p>Eric Eifes</p>



<img decoding="async" src="https://analytics.macknet.eu/matomo.php?idsite=9&amp;rec=1&amp;url=https://www.dp.lu/contern/eric-eifes/?lang=de" style="border:0" alt="" />

<p>51 Jahre, Wirtschaftsprofessor, Contern Eric Eifes, 51 Jahre, arbeitet als Wirtschaftsprofessor am städtischem Athenäum.Ich bin verheiratet und habe zwei Kinder. Ich bin Gemeinderat und engagiere mich in mehreren Vereinen. Besonders am Herzen liegen uns die Themen Familie und Schule, Mobilität, Finanzen sowie digitale, sichere und urbane Gemeinschaften. Ich bin verheiratet und habe zwei Kinder. Vor [&hellip;]</p>
