{"id":538,"date":"2023-05-14T15:06:47","date_gmt":"2023-05-14T15:06:47","guid":{"rendered":"https:\/\/www.dp.lu\/contern\/?page_id=538"},"modified":"2023-06-04T22:27:31","modified_gmt":"2023-06-04T22:27:31","slug":"rose-marie-arcanger","status":"publish","type":"page","link":"https:\/\/www.dp.lu\/contern\/rose-marie-arcanger\/","title":{"rendered":"Rose-Marie Arcanger"},"content":{"rendered":"\n<div class=\"wp-block-columns is-layout-flex wp-container-core-columns-is-layout-28f84493 wp-block-columns-is-layout-flex\">\n<div class=\"wp-block-column is-layout-flow wp-block-column-is-layout-flow\" style=\"flex-basis:30%\">\n<figure class=\"wp-block-image size-large is-style-default\"><img fetchpriority=\"high\" decoding=\"async\" width=\"1024\" height=\"1024\" src=\"https:\/\/www.dp.lu\/contern\/wp-content\/uploads\/sites\/44\/2023\/05\/Conter-Arcanger_Rose-Marie_s-1024x1024.jpg\" alt=\"\" class=\"wp-image-666\" srcset=\"https:\/\/www.dp.lu\/contern\/wp-content\/uploads\/sites\/44\/2023\/05\/Conter-Arcanger_Rose-Marie_s-1024x1024.jpg 1024w, https:\/\/www.dp.lu\/contern\/wp-content\/uploads\/sites\/44\/2023\/05\/Conter-Arcanger_Rose-Marie_s-300x300.jpg 300w, https:\/\/www.dp.lu\/contern\/wp-content\/uploads\/sites\/44\/2023\/05\/Conter-Arcanger_Rose-Marie_s-150x150.jpg 150w, https:\/\/www.dp.lu\/contern\/wp-content\/uploads\/sites\/44\/2023\/05\/Conter-Arcanger_Rose-Marie_s-768x768.jpg 768w, https:\/\/www.dp.lu\/contern\/wp-content\/uploads\/sites\/44\/2023\/05\/Conter-Arcanger_Rose-Marie_s-1536x1536.jpg 1536w\" sizes=\"(max-width: 1024px) 100vw, 1024px\" \/><\/figure>\n\n\n\n<h2 class=\"wp-block-heading has-large-font-size\">43 Joer, Direktesch, \u00c9iter<\/h2>\n<\/div>\n\n\n\n<div class=\"wp-block-column is-layout-flow wp-block-column-is-layout-flow\" style=\"flex-basis:70%\">\n<div class=\"wp-block-columns is-layout-flex wp-container-core-columns-is-layout-28f84493 wp-block-columns-is-layout-flex\">\n<div class=\"wp-block-column is-layout-flow wp-block-column-is-layout-flow\">\n<div class=\"wp-block-group is-nowrap is-layout-flex wp-container-core-group-is-layout-f66f9956 wp-block-group-is-layout-flex\">\n<div class=\"wp-block-group is-vertical is-layout-flex wp-container-core-group-is-layout-fe9cc265 wp-block-group-is-layout-flex\">\n<p><strong>Rose-Marie Arcanger, 43 Joer, schafft als Direktesch bei enger Assurance a wunnt zu \u00c9iter.<\/strong><br>Ech si bestuet a Mamm vun zwee Kanner, d\u00e9i zu Conter an d&#8217;Schoul ginn. Virun 20 Joer sinn ech vu Laval op L\u00ebtzebuerg komm, wou ech besonnesch d&#8217;Liewensqualit\u00e9it an d&#8217;multikulturell Zesummeliewe sch\u00e4tzen. D\u2019Educatioun an d&#8217;Ekonomie leie mir besonnesch um H\u00e4erz.<\/p>\n<\/div>\n<\/div>\n<\/div>\n<\/div>\n\n\n\n<div style=\"height:100px\" aria-hidden=\"true\" class=\"wp-block-spacer\"><\/div>\n<\/div>\n<\/div>\n\n\n\n<div class=\"wp-block-group is-content-justification-left is-nowrap is-layout-flex wp-container-core-group-is-layout-a1ed96d5 wp-block-group-is-layout-flex\">\n<div class=\"wp-block-group is-vertical is-layout-flex wp-container-core-group-is-layout-fe9cc265 wp-block-group-is-layout-flex\">\n<p>Ech si bestuet a Mamm vun zwee Kanner, 7 a 5 Joer, d\u00e9i zu Conter an d&#8217;Schoul ginn.<br><br>Ech wunnen zu \u00c9iter a s\u00e4it bal 20 Joer zu L\u00ebtzebuerg.<\/p>\n\n\n\n<p>Als Frans\u00e9isch-L\u00ebtzebuergerin kommen ech urspr\u00e9nglech vu Laval am Westfrankr\u00e4ich, enger Regioun ganz \u00e4nlech w\u00e9i L\u00ebtzebuerg. Ech fille mech ganz wuel an der Gemeng Conter a sch\u00e4tze besonnesch d&#8217;Liewensqualit\u00e9it, d\u00e9i international a multikulturell Dimensioun.<\/p>\n\n\n\n<p>Nodeem ech zu Par\u00e4is a K\u00f6ln frans\u00e9isch an d\u00e4itsch Droit stud\u00e9iert hunn, hunn ech meng berufflech Carri\u00e8re zu L\u00ebtzebuerg als Affekot ugefaangen. Sp\u00e9ider gouf ech Juristegen Direkter a schaffen am Moment als Generaldirekter vun enger Liewensvers\u00e9cherung. Ech f\u00e9ieren eng Equipe vu 40 Leit mat S\u00ebtz zu L\u00ebtzebuerg, D\u00e4itschland, Italien a Groussbritannien.<\/p>\n\n\n\n<p>Ech si ganz engag\u00e9iert a mengem Beruffsliewen an eng iwwerzeegten Europ\u00e4erin an e passion\u00e9ierte Verdeedeger vun de M\u00ebnscherechter. Ech identifiz\u00e9iere mech voll mat den Iddien a W\u00e4erter vun der DP.<\/p>\n\n\n\n<p>Ech fannen et ganz wichteg aktiv um lokale Liewe matzemaachen an ech w\u00ebll meng Kompetenzen zum Wuel vun der Conter Gemeng asetzen. Ech interess\u00e9iere mech besonnesch an de Ber\u00e4icher vun der Educatioun a vum Gesch\u00e4ft.<\/p>\n\n\n\n<p>Villmools Merci!<\/p>\n<\/div>\n<\/div>\n\n\n\n<p><\/p>\n\n\n\n<img decoding=\"async\" src=\"https:\/\/analytics.macknet.eu\/matomo.php?idsite=9&amp;rec=1&amp;url=https:\/\/www.dp.lu\/contern\/rose-marie-arcanger\/\" style=\"border:0\" alt=\"\" \/>\n","protected":false},"excerpt":{"rendered":"<p>43 Joer, Direktesch, \u00c9iter Rose-Marie Arcanger, 43 Joer, schafft als Direktesch bei enger Assurance a wunnt zu \u00c9iter.Ech si bestuet a Mamm vun zwee Kanner, d\u00e9i zu Conter an d&#8217;Schoul ginn. Virun 20 Joer sinn ech vu Laval op L\u00ebtzebuerg komm, wou ech besonnesch d&#8217;Liewensqualit\u00e9it an d&#8217;multikulturell Zesummeliewe sch\u00e4tzen. D\u2019Educatioun an d&#8217;Ekonomie leie mir besonnesch [&hellip;]<\/p>\n","protected":false},"author":569,"featured_media":0,"parent":0,"menu_order":0,"comment_status":"closed","ping_status":"closed","template":"","meta":{"footnotes":""},"class_list":["post-538","page","type-page","status-publish","hentry","wpbf-post"],"_links":{"self":[{"href":"https:\/\/www.dp.lu\/contern\/wp-json\/wp\/v2\/pages\/538","targetHints":{"allow":["GET"]}}],"collection":[{"href":"https:\/\/www.dp.lu\/contern\/wp-json\/wp\/v2\/pages"}],"about":[{"href":"https:\/\/www.dp.lu\/contern\/wp-json\/wp\/v2\/types\/page"}],"author":[{"embeddable":true,"href":"https:\/\/www.dp.lu\/contern\/wp-json\/wp\/v2\/users\/569"}],"replies":[{"embeddable":true,"href":"https:\/\/www.dp.lu\/contern\/wp-json\/wp\/v2\/comments?post=538"}],"version-history":[{"count":46,"href":"https:\/\/www.dp.lu\/contern\/wp-json\/wp\/v2\/pages\/538\/revisions"}],"predecessor-version":[{"id":1288,"href":"https:\/\/www.dp.lu\/contern\/wp-json\/wp\/v2\/pages\/538\/revisions\/1288"}],"wp:attachment":[{"href":"https:\/\/www.dp.lu\/contern\/wp-json\/wp\/v2\/media?parent=538"}],"curies":[{"name":"wp","href":"https:\/\/api.w.org\/{rel}","templated":true}]}}

<div class="wp-block-columns is-layout-flex wp-container-core-columns-is-layout-28f84493 wp-block-columns-is-layout-flex">
<div class="wp-block-column is-layout-flow wp-block-column-is-layout-flow" style="flex-basis:30%">
<figure class="wp-block-image size-large is-style-default"><img fetchpriority="high" decoding="async" width="1024" height="1024" src="https://www.dp.lu/contern/wp-content/uploads/sites/44/2023/05/Conter-Arcanger_Rose-Marie_s-1024x1024.jpg" alt="" class="wp-image-666" srcset="https://www.dp.lu/contern/wp-content/uploads/sites/44/2023/05/Conter-Arcanger_Rose-Marie_s-1024x1024.jpg 1024w, https://www.dp.lu/contern/wp-content/uploads/sites/44/2023/05/Conter-Arcanger_Rose-Marie_s-300x300.jpg 300w, https://www.dp.lu/contern/wp-content/uploads/sites/44/2023/05/Conter-Arcanger_Rose-Marie_s-150x150.jpg 150w, https://www.dp.lu/contern/wp-content/uploads/sites/44/2023/05/Conter-Arcanger_Rose-Marie_s-768x768.jpg 768w, https://www.dp.lu/contern/wp-content/uploads/sites/44/2023/05/Conter-Arcanger_Rose-Marie_s-1536x1536.jpg 1536w" sizes="(max-width: 1024px) 100vw, 1024px" /></figure>



<h2 class="wp-block-heading has-large-font-size">43 Joer, Direktesch, Éiter</h2>
</div>



<div class="wp-block-column is-layout-flow wp-block-column-is-layout-flow" style="flex-basis:70%">
<div class="wp-block-columns is-layout-flex wp-container-core-columns-is-layout-28f84493 wp-block-columns-is-layout-flex">
<div class="wp-block-column is-layout-flow wp-block-column-is-layout-flow">
<div class="wp-block-group is-nowrap is-layout-flex wp-container-core-group-is-layout-f66f9956 wp-block-group-is-layout-flex">
<div class="wp-block-group is-vertical is-layout-flex wp-container-core-group-is-layout-fe9cc265 wp-block-group-is-layout-flex">
<p><strong>Rose-Marie Arcanger, 43 Joer, schafft als Direktesch bei enger Assurance a wunnt zu Éiter.</strong><br>Ech si bestuet a Mamm vun zwee Kanner, déi zu Conter an d&#8217;Schoul ginn. Virun 20 Joer sinn ech vu Laval op Lëtzebuerg komm, wou ech besonnesch d&#8217;Liewensqualitéit an d&#8217;multikulturell Zesummeliewe schätzen. D’Educatioun an d&#8217;Ekonomie leie mir besonnesch um Häerz.</p>
</div>
</div>
</div>
</div>



<div style="height:100px" aria-hidden="true" class="wp-block-spacer"></div>
</div>
</div>



<div class="wp-block-group is-content-justification-left is-nowrap is-layout-flex wp-container-core-group-is-layout-a1ed96d5 wp-block-group-is-layout-flex">
<div class="wp-block-group is-vertical is-layout-flex wp-container-core-group-is-layout-fe9cc265 wp-block-group-is-layout-flex">
<p>Ech si bestuet a Mamm vun zwee Kanner, 7 a 5 Joer, déi zu Conter an d&#8217;Schoul ginn.<br><br>Ech wunnen zu Éiter a säit bal 20 Joer zu Lëtzebuerg.</p>



<p>Als Franséisch-Lëtzebuergerin kommen ech ursprénglech vu Laval am Westfrankräich, enger Regioun ganz änlech wéi Lëtzebuerg. Ech fille mech ganz wuel an der Gemeng Conter a schätze besonnesch d&#8217;Liewensqualitéit, déi international a multikulturell Dimensioun.</p>



<p>Nodeem ech zu Paräis a Köln franséisch an däitsch Droit studéiert hunn, hunn ech meng berufflech Carrière zu Lëtzebuerg als Affekot ugefaangen. Spéider gouf ech Juristegen Direkter a schaffen am Moment als Generaldirekter vun enger Liewensversécherung. Ech féieren eng Equipe vu 40 Leit mat Sëtz zu Lëtzebuerg, Däitschland, Italien a Groussbritannien.</p>



<p>Ech si ganz engagéiert a mengem Beruffsliewen an eng iwwerzeegten Europäerin an e passionéierte Verdeedeger vun de Mënscherechter. Ech identifizéiere mech voll mat den Iddien a Wäerter vun der DP.</p>



<p>Ech fannen et ganz wichteg aktiv um lokale Liewe matzemaachen an ech wëll meng Kompetenzen zum Wuel vun der Conter Gemeng asetzen. Ech interesséiere mech besonnesch an de Beräicher vun der Educatioun a vum Geschäft.</p>



<p>Villmools Merci!</p>
</div>
</div>



<p></p>



<img decoding="async" src="https://analytics.macknet.eu/matomo.php?idsite=9&amp;rec=1&amp;url=https://www.dp.lu/contern/rose-marie-arcanger/" style="border:0" alt="" />

<p>43 Joer, Direktesch, Éiter Rose-Marie Arcanger, 43 Joer, schafft als Direktesch bei enger Assurance a wunnt zu Éiter.Ech si bestuet a Mamm vun zwee Kanner, déi zu Conter an d&#8217;Schoul ginn. Virun 20 Joer sinn ech vu Laval op Lëtzebuerg komm, wou ech besonnesch d&#8217;Liewensqualitéit an d&#8217;multikulturell Zesummeliewe schätzen. D’Educatioun an d&#8217;Ekonomie leie mir besonnesch [&hellip;]</p>
