{"id":618,"date":"2023-05-17T18:16:14","date_gmt":"2023-05-17T18:16:14","guid":{"rendered":"https:\/\/www.dp.lu\/contern\/?page_id=618"},"modified":"2023-06-04T22:31:50","modified_gmt":"2023-06-04T22:31:50","slug":"ernest-pirsch","status":"publish","type":"page","link":"https:\/\/www.dp.lu\/contern\/ernest-pirsch\/","title":{"rendered":"Ernest Pirsch"},"content":{"rendered":"\n<div class=\"wp-block-columns is-layout-flex wp-container-core-columns-is-layout-28f84493 wp-block-columns-is-layout-flex\">\n<div class=\"wp-block-column is-layout-flow wp-block-column-is-layout-flow\" style=\"flex-basis:30%\">\n<figure class=\"wp-block-image size-large\"><img fetchpriority=\"high\" decoding=\"async\" width=\"1024\" height=\"1024\" src=\"https:\/\/www.dp.lu\/contern\/wp-content\/uploads\/sites\/44\/2023\/05\/Conter-Pirsch-Ernest_s-1024x1024.jpg\" alt=\"\" class=\"wp-image-674\" srcset=\"https:\/\/www.dp.lu\/contern\/wp-content\/uploads\/sites\/44\/2023\/05\/Conter-Pirsch-Ernest_s-1024x1024.jpg 1024w, https:\/\/www.dp.lu\/contern\/wp-content\/uploads\/sites\/44\/2023\/05\/Conter-Pirsch-Ernest_s-300x300.jpg 300w, https:\/\/www.dp.lu\/contern\/wp-content\/uploads\/sites\/44\/2023\/05\/Conter-Pirsch-Ernest_s-150x150.jpg 150w, https:\/\/www.dp.lu\/contern\/wp-content\/uploads\/sites\/44\/2023\/05\/Conter-Pirsch-Ernest_s-768x768.jpg 768w, https:\/\/www.dp.lu\/contern\/wp-content\/uploads\/sites\/44\/2023\/05\/Conter-Pirsch-Ernest_s-1536x1536.jpg 1536w\" sizes=\"(max-width: 1024px) 100vw, 1024px\" \/><\/figure>\n\n\n\n<h2 class=\"wp-block-heading has-large-font-size\">53 Joer, Garagist, Conter<\/h2>\n<\/div>\n\n\n\n<div class=\"wp-block-column is-layout-flow wp-block-column-is-layout-flow\" style=\"flex-basis:70%\">\n<div class=\"wp-block-columns is-layout-flex wp-container-core-columns-is-layout-28f84493 wp-block-columns-is-layout-flex\">\n<div class=\"wp-block-column is-layout-flow wp-block-column-is-layout-flow\">\n<div class=\"wp-block-group is-nowrap is-layout-flex wp-container-core-group-is-layout-f66f9956 wp-block-group-is-layout-flex\">\n<div class=\"wp-block-group is-vertical is-layout-flex wp-container-core-group-is-layout-fe9cc265 wp-block-group-is-layout-flex\">\n<p><strong>Ernest Pirsch, 53 Joer, f\u00e9iert mat senger Schw\u00ebster zesummen e Familljebetrib.<\/strong><br>Ech si Papp vun zwee grousse Meedercher. A menger Fr\u00e4iz\u00e4it ginn ech g\u00e4r mat mengen 3 Muppen an de B\u00ebsch. Iwwer eng laang Z\u00e4it war ech fir d\u2019Handwierk am Verbandsliewen aktiv. Sech fir eppes z&#8217;engag\u00e9ieren an zesummen eppes erreeche w\u00eblle bedeit mer vill.<\/p>\n<\/div>\n<\/div>\n<\/div>\n<\/div>\n<\/div>\n<\/div>\n\n\n\n<div class=\"wp-block-group is-content-justification-left is-nowrap is-layout-flex wp-container-core-group-is-layout-a1ed96d5 wp-block-group-is-layout-flex\">\n<div class=\"wp-block-group is-vertical is-layout-flex wp-container-core-group-is-layout-fe9cc265 wp-block-group-is-layout-flex\">\n<p>Ech hunn 53 Joer, si Papp vun zwee grousse Meedercher a wunnen zanter 4 Joer zu Conter, enger Gemeng, d\u00e9i mech ugezunn huet an net w\u00e4it ewech&nbsp;vu menger Aarbechtsplaz l\u00e4it.<br>Ech hunn zu Aix Droit stud\u00e9iert a sinn dunn, nodeems ech 1995 op L\u00ebtzebuerg zr\u00e9ckkomm sinn, mat an eise Familljebetrib erageklommen, deen ech bis haut mat menger Schw\u00ebster zesumme leeden. Zanterhier&nbsp;war ech och am Verbandsliewe ganz aktiv, virun allem an Associatiounen, d\u00e9i mat der Automobilbranche an dem Handwierk ze dinn hunn. Nieft der Proximit\u00e9it zu menger Aarbechtsplaz huet mir gutt gefall, datt Conter an engem natierlechen \u00cbmfeld lait a m\u00e9i e rouege Liewensraum bidd w\u00e9i d&#8217;Stad, wou ech virdru gewunnt hunn. Et ass net w\u00e4it bis an d&#8217;Natur, d\u00e9i ech immens g\u00e4ren hunn a wou ech mat mengen dr\u00e4i Muppe spads\u00e9iere ginn. Donieft sinn ech en Autosgeck an interess\u00e9iere mech fir d&#8217;Fotografie. Mat d\u00e4r n\u00e4mmlechter Passioun g\u00e9if ech mech elo g\u00e4r an der Politik engag\u00e9ieren. Ech w\u00ebll matwierken, fir datt eis Gemeng am gudde S\u00ebnn evolu\u00e9iert. Dat geet fir mech just mat der DP. Ech interess\u00e9iere mech besonnesch fir alles ronder\u00ebm de Commerce de proximit\u00e9 an eist Zesummeliewen; Transparenz ass mer och ganz wichteg. Mir sinn eng Gemeng mat e puer Dierfer an ech h\u00e4tt g\u00e4r datt sech d&#8217;Liewenskalit\u00e9it vun de Matbierger net n\u00ebmmen zu Conter, mee an all den Dierfer vun eiser Gemeng verbessert.<\/p>\n<\/div>\n<\/div>\n\n\n\n<p><\/p>\n\n\n\n<img decoding=\"async\" src=\"https:\/\/analytics.macknet.eu\/matomo.php?idsite=9&amp;rec=1&amp;url=https:\/\/www.dp.lu\/contern\/ernest-pirsch\/\" style=\"border:0\" alt=\"\" \/>\n","protected":false},"excerpt":{"rendered":"<p>53 Joer, Garagist, Conter Ernest Pirsch, 53 Joer, f\u00e9iert mat senger Schw\u00ebster zesummen e Familljebetrib.Ech si Papp vun zwee grousse Meedercher. A menger Fr\u00e4iz\u00e4it ginn ech g\u00e4r mat mengen 3 Muppen an de B\u00ebsch. Iwwer eng laang Z\u00e4it war ech fir d\u2019Handwierk am Verbandsliewen aktiv. Sech fir eppes z&#8217;engag\u00e9ieren an zesummen eppes erreeche w\u00eblle bedeit [&hellip;]<\/p>\n","protected":false},"author":569,"featured_media":0,"parent":0,"menu_order":0,"comment_status":"closed","ping_status":"closed","template":"","meta":{"footnotes":""},"class_list":["post-618","page","type-page","status-publish","hentry","wpbf-post"],"_links":{"self":[{"href":"https:\/\/www.dp.lu\/contern\/wp-json\/wp\/v2\/pages\/618","targetHints":{"allow":["GET"]}}],"collection":[{"href":"https:\/\/www.dp.lu\/contern\/wp-json\/wp\/v2\/pages"}],"about":[{"href":"https:\/\/www.dp.lu\/contern\/wp-json\/wp\/v2\/types\/page"}],"author":[{"embeddable":true,"href":"https:\/\/www.dp.lu\/contern\/wp-json\/wp\/v2\/users\/569"}],"replies":[{"embeddable":true,"href":"https:\/\/www.dp.lu\/contern\/wp-json\/wp\/v2\/comments?post=618"}],"version-history":[{"count":7,"href":"https:\/\/www.dp.lu\/contern\/wp-json\/wp\/v2\/pages\/618\/revisions"}],"predecessor-version":[{"id":1296,"href":"https:\/\/www.dp.lu\/contern\/wp-json\/wp\/v2\/pages\/618\/revisions\/1296"}],"wp:attachment":[{"href":"https:\/\/www.dp.lu\/contern\/wp-json\/wp\/v2\/media?parent=618"}],"curies":[{"name":"wp","href":"https:\/\/api.w.org\/{rel}","templated":true}]}}

<div class="wp-block-columns is-layout-flex wp-container-core-columns-is-layout-28f84493 wp-block-columns-is-layout-flex">
<div class="wp-block-column is-layout-flow wp-block-column-is-layout-flow" style="flex-basis:30%">
<figure class="wp-block-image size-large"><img fetchpriority="high" decoding="async" width="1024" height="1024" src="https://www.dp.lu/contern/wp-content/uploads/sites/44/2023/05/Conter-Pirsch-Ernest_s-1024x1024.jpg" alt="" class="wp-image-674" srcset="https://www.dp.lu/contern/wp-content/uploads/sites/44/2023/05/Conter-Pirsch-Ernest_s-1024x1024.jpg 1024w, https://www.dp.lu/contern/wp-content/uploads/sites/44/2023/05/Conter-Pirsch-Ernest_s-300x300.jpg 300w, https://www.dp.lu/contern/wp-content/uploads/sites/44/2023/05/Conter-Pirsch-Ernest_s-150x150.jpg 150w, https://www.dp.lu/contern/wp-content/uploads/sites/44/2023/05/Conter-Pirsch-Ernest_s-768x768.jpg 768w, https://www.dp.lu/contern/wp-content/uploads/sites/44/2023/05/Conter-Pirsch-Ernest_s-1536x1536.jpg 1536w" sizes="(max-width: 1024px) 100vw, 1024px" /></figure>



<h2 class="wp-block-heading has-large-font-size">53 Joer, Garagist, Conter</h2>
</div>



<div class="wp-block-column is-layout-flow wp-block-column-is-layout-flow" style="flex-basis:70%">
<div class="wp-block-columns is-layout-flex wp-container-core-columns-is-layout-28f84493 wp-block-columns-is-layout-flex">
<div class="wp-block-column is-layout-flow wp-block-column-is-layout-flow">
<div class="wp-block-group is-nowrap is-layout-flex wp-container-core-group-is-layout-f66f9956 wp-block-group-is-layout-flex">
<div class="wp-block-group is-vertical is-layout-flex wp-container-core-group-is-layout-fe9cc265 wp-block-group-is-layout-flex">
<p><strong>Ernest Pirsch, 53 Joer, féiert mat senger Schwëster zesummen e Familljebetrib.</strong><br>Ech si Papp vun zwee grousse Meedercher. A menger Fräizäit ginn ech gär mat mengen 3 Muppen an de Bësch. Iwwer eng laang Zäit war ech fir d’Handwierk am Verbandsliewen aktiv. Sech fir eppes z&#8217;engagéieren an zesummen eppes erreeche wëlle bedeit mer vill.</p>
</div>
</div>
</div>
</div>
</div>
</div>



<div class="wp-block-group is-content-justification-left is-nowrap is-layout-flex wp-container-core-group-is-layout-a1ed96d5 wp-block-group-is-layout-flex">
<div class="wp-block-group is-vertical is-layout-flex wp-container-core-group-is-layout-fe9cc265 wp-block-group-is-layout-flex">
<p>Ech hunn 53 Joer, si Papp vun zwee grousse Meedercher a wunnen zanter 4 Joer zu Conter, enger Gemeng, déi mech ugezunn huet an net wäit ewech&nbsp;vu menger Aarbechtsplaz läit.<br>Ech hunn zu Aix Droit studéiert a sinn dunn, nodeems ech 1995 op Lëtzebuerg zréckkomm sinn, mat an eise Familljebetrib erageklommen, deen ech bis haut mat menger Schwëster zesumme leeden. Zanterhier&nbsp;war ech och am Verbandsliewe ganz aktiv, virun allem an Associatiounen, déi mat der Automobilbranche an dem Handwierk ze dinn hunn. Nieft der Proximitéit zu menger Aarbechtsplaz huet mir gutt gefall, datt Conter an engem natierlechen Ëmfeld lait a méi e rouege Liewensraum bidd wéi d&#8217;Stad, wou ech virdru gewunnt hunn. Et ass net wäit bis an d&#8217;Natur, déi ech immens gären hunn a wou ech mat mengen dräi Muppe spadséiere ginn. Donieft sinn ech en Autosgeck an interesséiere mech fir d&#8217;Fotografie. Mat där nämmlechter Passioun géif ech mech elo gär an der Politik engagéieren. Ech wëll matwierken, fir datt eis Gemeng am gudde Sënn evoluéiert. Dat geet fir mech just mat der DP. Ech interesséiere mech besonnesch fir alles ronderëm de Commerce de proximité an eist Zesummeliewen; Transparenz ass mer och ganz wichteg. Mir sinn eng Gemeng mat e puer Dierfer an ech hätt gär datt sech d&#8217;Liewenskalitéit vun de Matbierger net nëmmen zu Conter, mee an all den Dierfer vun eiser Gemeng verbessert.</p>
</div>
</div>



<p></p>



<img decoding="async" src="https://analytics.macknet.eu/matomo.php?idsite=9&amp;rec=1&amp;url=https://www.dp.lu/contern/ernest-pirsch/" style="border:0" alt="" />

<p>53 Joer, Garagist, Conter Ernest Pirsch, 53 Joer, féiert mat senger Schwëster zesummen e Familljebetrib.Ech si Papp vun zwee grousse Meedercher. A menger Fräizäit ginn ech gär mat mengen 3 Muppen an de Bësch. Iwwer eng laang Zäit war ech fir d’Handwierk am Verbandsliewen aktiv. Sech fir eppes z&#8217;engagéieren an zesummen eppes erreeche wëlle bedeit [&hellip;]</p>
