{"id":677,"date":"2023-05-21T15:53:36","date_gmt":"2023-05-21T15:53:36","guid":{"rendered":"https:\/\/www.dp.lu\/contern\/?page_id=677"},"modified":"2023-05-22T21:44:27","modified_gmt":"2023-05-22T21:44:27","slug":"patrick-elsen","status":"publish","type":"page","link":"https:\/\/www.dp.lu\/contern\/patrick-elsen\/","title":{"rendered":"Patrick Elsen"},"content":{"rendered":"\n<div class=\"wp-block-columns is-layout-flex wp-container-core-columns-is-layout-28f84493 wp-block-columns-is-layout-flex\">\n<div class=\"wp-block-column is-layout-flow wp-block-column-is-layout-flow\" style=\"flex-basis:30%\">\n<figure class=\"wp-block-image size-large is-style-default\"><img fetchpriority=\"high\" decoding=\"async\" width=\"1024\" height=\"1024\" src=\"https:\/\/www.dp.lu\/contern\/wp-content\/uploads\/sites\/44\/2023\/05\/Conter-Elsen-Patrick_s-1024x1024.jpg\" alt=\"\" class=\"wp-image-678\" srcset=\"https:\/\/www.dp.lu\/contern\/wp-content\/uploads\/sites\/44\/2023\/05\/Conter-Elsen-Patrick_s-1024x1024.jpg 1024w, https:\/\/www.dp.lu\/contern\/wp-content\/uploads\/sites\/44\/2023\/05\/Conter-Elsen-Patrick_s-300x300.jpg 300w, https:\/\/www.dp.lu\/contern\/wp-content\/uploads\/sites\/44\/2023\/05\/Conter-Elsen-Patrick_s-150x150.jpg 150w, https:\/\/www.dp.lu\/contern\/wp-content\/uploads\/sites\/44\/2023\/05\/Conter-Elsen-Patrick_s-768x768.jpg 768w, https:\/\/www.dp.lu\/contern\/wp-content\/uploads\/sites\/44\/2023\/05\/Conter-Elsen-Patrick_s-1536x1536.jpg 1536w\" sizes=\"(max-width: 1024px) 100vw, 1024px\" \/><\/figure>\n\n\n\n<h2 class=\"wp-block-heading has-large-font-size\">43 Joer, Ingenieur, Conter<\/h2>\n<\/div>\n\n\n\n<div class=\"wp-block-column is-layout-flow wp-block-column-is-layout-flow\" style=\"flex-basis:70%\">\n<div class=\"wp-block-columns is-layout-flex wp-container-core-columns-is-layout-28f84493 wp-block-columns-is-layout-flex\">\n<div class=\"wp-block-column is-layout-flow wp-block-column-is-layout-flow\">\n<div class=\"wp-block-group is-nowrap is-layout-flex wp-container-core-group-is-layout-f66f9956 wp-block-group-is-layout-flex\">\n<div class=\"wp-block-group is-vertical is-layout-flex wp-container-core-group-is-layout-fe9cc265 wp-block-group-is-layout-flex\">\n<p><strong>Patrick Elsen, 43 Joer, schafft als Managing Partner an ass zu Conter opgewuess.<\/strong><\/p>\n\n\n\n<p><br>Ech hunn zwee Kanner. Ech engag\u00e9iere mech an der Politik, fir datt et der n\u00e4chster Generatioun esou gutt geet ew\u00e9i eis. Meng Spezialit\u00e9it ass et Organisatiounen a Projeten ze leeden, d\u00e9i a Schwieregkeete komm sinn, an se fr\u00ebsch fir Zukunft opzestellen. Multipel Krisen aus der leschter Z\u00e4it w\u00e4erten net un eise Gemenge laanscht z\u00e9ien, esou datt och hei Ver\u00e4nnerung n\u00e9ideg w\u00e4ert ginn.<\/p>\n<\/div>\n<\/div>\n<\/div>\n<\/div>\n<\/div>\n<\/div>\n\n\n\n<div class=\"wp-block-group is-content-justification-left is-nowrap is-layout-flex wp-container-core-group-is-layout-a1ed96d5 wp-block-group-is-layout-flex\">\n<div class=\"wp-block-group is-vertical is-layout-flex wp-container-core-group-is-layout-fe9cc265 wp-block-group-is-layout-flex\">\n<p>Ech sinn eng dynamesch Pers\u00e9inlechkeet an der politescher an ekonomescher Welt zu L\u00ebtzebuerg. Mat 43 Joer sinn ech net n\u00ebmmen e gl\u00e9ckleche&nbsp;Papp vun zwee Kanner, m\u00e4 och engag\u00e9iert an enger Rei vu soziale Ver\u00e4iner an NGOs, d\u00e9i sech fir d&#8217;Interesse vum Land asetzen.<\/p>\n\n\n\n<p>Meng Ausbildung hunn ech am Ingenieurswiesen&nbsp;zu Freiberg a Krakau gemaach, wou ech m\u00e4in Mastertitel an Ingenieursw\u00ebssenschaften erreecht hunn. Zous\u00e4tzlech hunn ech meng Kenntnisser am Management mat engem MBA zu Barcelona erweidert, wat ech elo erfollegr\u00e4ich a&nbsp;mengem Beruffsliewen \u00ebmsetzen.<\/p>\n\n\n\n<p>Am Laf vu&nbsp;menger Karri\u00e4r hunn ech an enger Vilfalt&nbsp;vun Entrepris\u00eb&nbsp;geschafft, d\u00e9i meng Expertise a&nbsp;meng Kompetenzen am Management sch\u00e4tzen. An menger aktueller Positioun als Managing Partner vun enger Firma zu L\u00ebtzebuerg hunn ech d&#8217;Verantwortung&nbsp;fir d&#8217;Strategie, d&#8217;Entw\u00e9cklung an d\u00e9i optimal Uwendung vu menger Expertise am Managementber\u00e4ich. Meng St\u00e4erkte leien an der Teamf\u00e9ierung, der analytescher Approche an der Kreativit\u00e9it, d\u00e9i ech a menger Aarbecht \u00ebmmer nees \u00ebnner Beweis stellen.<\/p>\n\n\n\n<p>Wat meng Fr\u00e4iz\u00e4it ugeet, sinn ech en begeeschterte Sportler. Ech hunn eng besonnesch Leidenschaft fir Outdoor-Sport&nbsp;w\u00e9i Mountainbiking a&nbsp;Kitesurfen, wou ech \u00ebmmer nees m\u00e4in pers\u00e9inlech Grenzen austesten. Doriwwer eraus ginn ech och sos g\u00e4ren an der Natur an entdeckt nei Wee\u00ebr a&nbsp;Randonn\u00e9e\u00ebn, wou ech mech mat menger Famill erhuelen&nbsp;a relaxe&nbsp;kann.<\/p>\n\n\n\n<p>Zesummenfassend sinn ech eng engag\u00e9iert an ambiti\u00e9ise Persoun, d\u00e9i sech net n\u00ebmmen am Beruffsliewen duerchsetzt, m\u00e4 och op politeschem a&nbsp;sozialem Plang vill Asaz w\u00e9isst. Mat menger Ausbildung, menger Erfarung a&nbsp;mengem Engagement&nbsp;sinn ech beschtens g\u00ebeegent&nbsp;fir eis Gemeng no vir ze br\u00e9ngen.<\/p>\n<\/div>\n<\/div>\n","protected":false},"excerpt":{"rendered":"<p>43 Joer, Ingenieur, Conter Patrick Elsen, 43 Joer, schafft als Managing Partner an ass zu Conter opgewuess. Ech hunn zwee Kanner. Ech engag\u00e9iere mech an der Politik, fir datt et der n\u00e4chster Generatioun esou gutt geet ew\u00e9i eis. Meng Spezialit\u00e9it ass et Organisatiounen a Projeten ze leeden, d\u00e9i a Schwieregkeete komm sinn, an se fr\u00ebsch [&hellip;]<\/p>\n","protected":false},"author":569,"featured_media":0,"parent":0,"menu_order":0,"comment_status":"closed","ping_status":"closed","template":"","meta":{"footnotes":""},"class_list":["post-677","page","type-page","status-publish","hentry","wpbf-post"],"_links":{"self":[{"href":"https:\/\/www.dp.lu\/contern\/wp-json\/wp\/v2\/pages\/677","targetHints":{"allow":["GET"]}}],"collection":[{"href":"https:\/\/www.dp.lu\/contern\/wp-json\/wp\/v2\/pages"}],"about":[{"href":"https:\/\/www.dp.lu\/contern\/wp-json\/wp\/v2\/types\/page"}],"author":[{"embeddable":true,"href":"https:\/\/www.dp.lu\/contern\/wp-json\/wp\/v2\/users\/569"}],"replies":[{"embeddable":true,"href":"https:\/\/www.dp.lu\/contern\/wp-json\/wp\/v2\/comments?post=677"}],"version-history":[{"count":4,"href":"https:\/\/www.dp.lu\/contern\/wp-json\/wp\/v2\/pages\/677\/revisions"}],"predecessor-version":[{"id":907,"href":"https:\/\/www.dp.lu\/contern\/wp-json\/wp\/v2\/pages\/677\/revisions\/907"}],"wp:attachment":[{"href":"https:\/\/www.dp.lu\/contern\/wp-json\/wp\/v2\/media?parent=677"}],"curies":[{"name":"wp","href":"https:\/\/api.w.org\/{rel}","templated":true}]}}

<div class="wp-block-columns is-layout-flex wp-container-core-columns-is-layout-28f84493 wp-block-columns-is-layout-flex">
<div class="wp-block-column is-layout-flow wp-block-column-is-layout-flow" style="flex-basis:30%">
<figure class="wp-block-image size-large is-style-default"><img fetchpriority="high" decoding="async" width="1024" height="1024" src="https://www.dp.lu/contern/wp-content/uploads/sites/44/2023/05/Conter-Elsen-Patrick_s-1024x1024.jpg" alt="" class="wp-image-678" srcset="https://www.dp.lu/contern/wp-content/uploads/sites/44/2023/05/Conter-Elsen-Patrick_s-1024x1024.jpg 1024w, https://www.dp.lu/contern/wp-content/uploads/sites/44/2023/05/Conter-Elsen-Patrick_s-300x300.jpg 300w, https://www.dp.lu/contern/wp-content/uploads/sites/44/2023/05/Conter-Elsen-Patrick_s-150x150.jpg 150w, https://www.dp.lu/contern/wp-content/uploads/sites/44/2023/05/Conter-Elsen-Patrick_s-768x768.jpg 768w, https://www.dp.lu/contern/wp-content/uploads/sites/44/2023/05/Conter-Elsen-Patrick_s-1536x1536.jpg 1536w" sizes="(max-width: 1024px) 100vw, 1024px" /></figure>



<h2 class="wp-block-heading has-large-font-size">43 Joer, Ingenieur, Conter</h2>
</div>



<div class="wp-block-column is-layout-flow wp-block-column-is-layout-flow" style="flex-basis:70%">
<div class="wp-block-columns is-layout-flex wp-container-core-columns-is-layout-28f84493 wp-block-columns-is-layout-flex">
<div class="wp-block-column is-layout-flow wp-block-column-is-layout-flow">
<div class="wp-block-group is-nowrap is-layout-flex wp-container-core-group-is-layout-f66f9956 wp-block-group-is-layout-flex">
<div class="wp-block-group is-vertical is-layout-flex wp-container-core-group-is-layout-fe9cc265 wp-block-group-is-layout-flex">
<p><strong>Patrick Elsen, 43 Joer, schafft als Managing Partner an ass zu Conter opgewuess.</strong></p>



<p><br>Ech hunn zwee Kanner. Ech engagéiere mech an der Politik, fir datt et der nächster Generatioun esou gutt geet ewéi eis. Meng Spezialitéit ass et Organisatiounen a Projeten ze leeden, déi a Schwieregkeete komm sinn, an se frësch fir Zukunft opzestellen. Multipel Krisen aus der leschter Zäit wäerten net un eise Gemenge laanscht zéien, esou datt och hei Verännerung néideg wäert ginn.</p>
</div>
</div>
</div>
</div>
</div>
</div>



<div class="wp-block-group is-content-justification-left is-nowrap is-layout-flex wp-container-core-group-is-layout-a1ed96d5 wp-block-group-is-layout-flex">
<div class="wp-block-group is-vertical is-layout-flex wp-container-core-group-is-layout-fe9cc265 wp-block-group-is-layout-flex">
<p>Ech sinn eng dynamesch Perséinlechkeet an der politescher an ekonomescher Welt zu Lëtzebuerg. Mat 43 Joer sinn ech net nëmmen e gléckleche&nbsp;Papp vun zwee Kanner, mä och engagéiert an enger Rei vu soziale Veräiner an NGOs, déi sech fir d&#8217;Interesse vum Land asetzen.</p>



<p>Meng Ausbildung hunn ech am Ingenieurswiesen&nbsp;zu Freiberg a Krakau gemaach, wou ech mäin Mastertitel an Ingenieurswëssenschaften erreecht hunn. Zousätzlech hunn ech meng Kenntnisser am Management mat engem MBA zu Barcelona erweidert, wat ech elo erfollegräich a&nbsp;mengem Beruffsliewen ëmsetzen.</p>



<p>Am Laf vu&nbsp;menger Karriär hunn ech an enger Vilfalt&nbsp;vun Entreprisë&nbsp;geschafft, déi meng Expertise a&nbsp;meng Kompetenzen am Management schätzen. An menger aktueller Positioun als Managing Partner vun enger Firma zu Lëtzebuerg hunn ech d&#8217;Verantwortung&nbsp;fir d&#8217;Strategie, d&#8217;Entwécklung an déi optimal Uwendung vu menger Expertise am Managementberäich. Meng Stäerkte leien an der Teamféierung, der analytescher Approche an der Kreativitéit, déi ech a menger Aarbecht ëmmer nees ënner Beweis stellen.</p>



<p>Wat meng Fräizäit ugeet, sinn ech en begeeschterte Sportler. Ech hunn eng besonnesch Leidenschaft fir Outdoor-Sport&nbsp;wéi Mountainbiking a&nbsp;Kitesurfen, wou ech ëmmer nees mäin perséinlech Grenzen austesten. Doriwwer eraus ginn ech och sos gären an der Natur an entdeckt nei Weeër a&nbsp;Randonnéeën, wou ech mech mat menger Famill erhuelen&nbsp;a relaxe&nbsp;kann.</p>



<p>Zesummenfassend sinn ech eng engagéiert an ambitiéise Persoun, déi sech net nëmmen am Beruffsliewen duerchsetzt, mä och op politeschem a&nbsp;sozialem Plang vill Asaz wéisst. Mat menger Ausbildung, menger Erfarung a&nbsp;mengem Engagement&nbsp;sinn ech beschtens gëeegent&nbsp;fir eis Gemeng no vir ze bréngen.</p>
</div>
</div>

<p>43 Joer, Ingenieur, Conter Patrick Elsen, 43 Joer, schafft als Managing Partner an ass zu Conter opgewuess. Ech hunn zwee Kanner. Ech engagéiere mech an der Politik, fir datt et der nächster Generatioun esou gutt geet ewéi eis. Meng Spezialitéit ass et Organisatiounen a Projeten ze leeden, déi a Schwieregkeete komm sinn, an se frësch [&hellip;]</p>
