{"id":893,"date":"2023-05-21T15:53:36","date_gmt":"2023-05-21T15:53:36","guid":{"rendered":"https:\/\/www.dp.lu\/contern\/patrick-elsen\/"},"modified":"2023-06-04T22:34:42","modified_gmt":"2023-06-04T22:34:42","slug":"patrick-elsen","status":"publish","type":"page","link":"https:\/\/www.dp.lu\/contern\/patrick-elsen\/?lang=de","title":{"rendered":"Patrick Elsen"},"content":{"rendered":"\n<div class=\"wp-block-columns is-layout-flex wp-container-core-columns-is-layout-28f84493 wp-block-columns-is-layout-flex\">\n<div class=\"wp-block-column is-layout-flow wp-block-column-is-layout-flow\" style=\"flex-basis:30%\">\n<figure class=\"wp-block-image size-large is-style-default\"><img fetchpriority=\"high\" decoding=\"async\" width=\"1024\" height=\"1024\" src=\"https:\/\/www.dp.lu\/contern\/wp-content\/uploads\/sites\/44\/2023\/05\/Conter-Elsen-Patrick_s-1024x1024.jpg\" alt=\"\" class=\"wp-image-678\" srcset=\"https:\/\/www.dp.lu\/contern\/wp-content\/uploads\/sites\/44\/2023\/05\/Conter-Elsen-Patrick_s-1024x1024.jpg 1024w, https:\/\/www.dp.lu\/contern\/wp-content\/uploads\/sites\/44\/2023\/05\/Conter-Elsen-Patrick_s-300x300.jpg 300w, https:\/\/www.dp.lu\/contern\/wp-content\/uploads\/sites\/44\/2023\/05\/Conter-Elsen-Patrick_s-150x150.jpg 150w, https:\/\/www.dp.lu\/contern\/wp-content\/uploads\/sites\/44\/2023\/05\/Conter-Elsen-Patrick_s-768x768.jpg 768w, https:\/\/www.dp.lu\/contern\/wp-content\/uploads\/sites\/44\/2023\/05\/Conter-Elsen-Patrick_s-1536x1536.jpg 1536w\" sizes=\"(max-width: 1024px) 100vw, 1024px\" \/><\/figure>\n\n\n\n<h2 class=\"wp-block-heading has-large-font-size\">43 Jahre, Ingenieur, Contern<\/h2>\n<\/div>\n\n\n\n<div class=\"wp-block-column is-layout-flow wp-block-column-is-layout-flow\" style=\"flex-basis:70%\">\n<div class=\"wp-block-columns is-layout-flex wp-container-core-columns-is-layout-28f84493 wp-block-columns-is-layout-flex\">\n<div class=\"wp-block-column is-layout-flow wp-block-column-is-layout-flow\">\n<div class=\"wp-block-group is-nowrap is-layout-flex wp-container-core-group-is-layout-f66f9956 wp-block-group-is-layout-flex\">\n<div class=\"wp-block-group is-vertical is-layout-flex wp-container-core-group-is-layout-fe9cc265 wp-block-group-is-layout-flex\">\n<p><strong>Patrick Elsen, 43 Jahre, arbeitet als gesch\u00e4ftsf\u00fchrender Gesellschafter und ist in Contern aufgewachsen.<\/strong><br>Ich habe zwei Kinder und engagiere mich in der Politik, damit es die n\u00e4chste Generation so gut hat wie wir. Meine Spezialit\u00e4t ist es, in Schwierigkeiten geratene Organisationen und Projekte zu leiten und fit f\u00fcr die Zukunft zu machen. Mehrere Krisen der letzten Zeit werden an unserer Gemeinde nicht vorbeigehen, so dass auch hier ein Wandel n\u00f6tig sein wird.<\/p>\n<\/div>\n<\/div>\n<\/div>\n<\/div>\n<\/div>\n<\/div>\n\n\n\n<div class=\"wp-block-group is-content-justification-left is-nowrap is-layout-flex wp-container-core-group-is-layout-a1ed96d5 wp-block-group-is-layout-flex\">\n<div class=\"wp-block-group is-vertical is-layout-flex wp-container-core-group-is-layout-fe9cc265 wp-block-group-is-layout-flex\">\n<p>Ich bin eine dynamische Pers\u00f6nlichkeit in der politischen und wirtschaftlichen Welt Luxemburgs. Mit 43 Jahren bin ich nicht nur gl\u00fccklicher Vater von zwei Kindern, sondern engagiere mich auch in zahlreichen Vereinen und NGOs, die sich f\u00fcr die Interessen des Landes einsetzen.<\/p>\n\n\n\n<p>Meine Ausbildung absolvierte ich an der Ingenieurschule in Freiberg und Krakau, wo ich meinen Masterabschluss im Ingenieurwesen erlangte. Dar\u00fcber hinaus habe ich mit einem MBA in Barcelona meine Kenntnisse im Management erweitert, die ich nun erfolgreich in meinem Berufsleben umsetze.<\/p>\n\n\n\n<p>Im Laufe meiner Karriere habe ich in verschiedenen Unternehmen gearbeitet, die mein Fachwissen und meine Managementf\u00e4higkeiten sch\u00e4tzen. In meiner aktuellen Position als gesch\u00e4ftsf\u00fchrender Gesellschafter eines Unternehmens in Luxemburg trage ich die Verantwortung f\u00fcr die Strategie, Entwicklung und optimale Anwendung meiner Expertise im Bereich Management. Meine St\u00e4rken liegen in der Teamf\u00fchrung, der analytischen Vorgehensweise und der Kreativit\u00e4t, die ich bei meiner Arbeit stets unter Beweis stelle.<\/p>\n\n\n\n<p>Was meine Freizeit betrifft, bin ich ein begeisterter Sportler. Meine besondere Leidenschaft sind Outdoor-Sportarten wie Mountainbiken und Kitesurfen, bei denen ich st\u00e4ndig meine pers\u00f6nlichen Grenzen austeste. Dar\u00fcber hinaus gehe ich auch gerne in die Natur und entdecke neue Wege und Wanderungen, bei denen ich mich mit meiner Familie erholen und entspannen kann.<\/p>\n\n\n\n<p>Zusammenfassend bin ich ein engagierter und ehrgeiziger Mensch, der sich nicht nur im Berufsleben durchsetzt, sondern es auch auf politischer und gesellschaftlicher Ebene zu nutzen wei\u00df. Mit meiner Ausbildung, meiner Erfahrung und meinem Engagement bin ich bestens geeignet, unsere Gemeinde voranzubringen.<\/p>\n<\/div>\n<\/div>\n\n\n\n<img decoding=\"async\" src=\"https:\/\/analytics.macknet.eu\/matomo.php?idsite=9&amp;rec=1&amp;url=https:\/\/www.dp.lu\/contern\/patrick-elsen\/?lang=de\" style=\"border:0\" alt=\"\" \/>\n","protected":false},"excerpt":{"rendered":"<p>43 Jahre, Ingenieur, Contern Patrick Elsen, 43 Jahre, arbeitet als gesch\u00e4ftsf\u00fchrender Gesellschafter und ist in Contern aufgewachsen.Ich habe zwei Kinder und engagiere mich in der Politik, damit es die n\u00e4chste Generation so gut hat wie wir. Meine Spezialit\u00e4t ist es, in Schwierigkeiten geratene Organisationen und Projekte zu leiten und fit f\u00fcr die Zukunft zu machen. [&hellip;]<\/p>\n","protected":false},"author":569,"featured_media":0,"parent":0,"menu_order":0,"comment_status":"closed","ping_status":"closed","template":"","meta":{"footnotes":""},"class_list":["post-893","page","type-page","status-publish","hentry","wpbf-post"],"_links":{"self":[{"href":"https:\/\/www.dp.lu\/contern\/wp-json\/wp\/v2\/pages\/893","targetHints":{"allow":["GET"]}}],"collection":[{"href":"https:\/\/www.dp.lu\/contern\/wp-json\/wp\/v2\/pages"}],"about":[{"href":"https:\/\/www.dp.lu\/contern\/wp-json\/wp\/v2\/types\/page"}],"author":[{"embeddable":true,"href":"https:\/\/www.dp.lu\/contern\/wp-json\/wp\/v2\/users\/569"}],"replies":[{"embeddable":true,"href":"https:\/\/www.dp.lu\/contern\/wp-json\/wp\/v2\/comments?post=893"}],"version-history":[{"count":7,"href":"https:\/\/www.dp.lu\/contern\/wp-json\/wp\/v2\/pages\/893\/revisions"}],"predecessor-version":[{"id":1303,"href":"https:\/\/www.dp.lu\/contern\/wp-json\/wp\/v2\/pages\/893\/revisions\/1303"}],"wp:attachment":[{"href":"https:\/\/www.dp.lu\/contern\/wp-json\/wp\/v2\/media?parent=893"}],"curies":[{"name":"wp","href":"https:\/\/api.w.org\/{rel}","templated":true}]}}

<div class="wp-block-columns is-layout-flex wp-container-core-columns-is-layout-28f84493 wp-block-columns-is-layout-flex">
<div class="wp-block-column is-layout-flow wp-block-column-is-layout-flow" style="flex-basis:30%">
<figure class="wp-block-image size-large is-style-default"><img fetchpriority="high" decoding="async" width="1024" height="1024" src="https://www.dp.lu/contern/wp-content/uploads/sites/44/2023/05/Conter-Elsen-Patrick_s-1024x1024.jpg" alt="" class="wp-image-678" srcset="https://www.dp.lu/contern/wp-content/uploads/sites/44/2023/05/Conter-Elsen-Patrick_s-1024x1024.jpg 1024w, https://www.dp.lu/contern/wp-content/uploads/sites/44/2023/05/Conter-Elsen-Patrick_s-300x300.jpg 300w, https://www.dp.lu/contern/wp-content/uploads/sites/44/2023/05/Conter-Elsen-Patrick_s-150x150.jpg 150w, https://www.dp.lu/contern/wp-content/uploads/sites/44/2023/05/Conter-Elsen-Patrick_s-768x768.jpg 768w, https://www.dp.lu/contern/wp-content/uploads/sites/44/2023/05/Conter-Elsen-Patrick_s-1536x1536.jpg 1536w" sizes="(max-width: 1024px) 100vw, 1024px" /></figure>



<h2 class="wp-block-heading has-large-font-size">43 Jahre, Ingenieur, Contern</h2>
</div>



<div class="wp-block-column is-layout-flow wp-block-column-is-layout-flow" style="flex-basis:70%">
<div class="wp-block-columns is-layout-flex wp-container-core-columns-is-layout-28f84493 wp-block-columns-is-layout-flex">
<div class="wp-block-column is-layout-flow wp-block-column-is-layout-flow">
<div class="wp-block-group is-nowrap is-layout-flex wp-container-core-group-is-layout-f66f9956 wp-block-group-is-layout-flex">
<div class="wp-block-group is-vertical is-layout-flex wp-container-core-group-is-layout-fe9cc265 wp-block-group-is-layout-flex">
<p><strong>Patrick Elsen, 43 Jahre, arbeitet als geschäftsführender Gesellschafter und ist in Contern aufgewachsen.</strong><br>Ich habe zwei Kinder und engagiere mich in der Politik, damit es die nächste Generation so gut hat wie wir. Meine Spezialität ist es, in Schwierigkeiten geratene Organisationen und Projekte zu leiten und fit für die Zukunft zu machen. Mehrere Krisen der letzten Zeit werden an unserer Gemeinde nicht vorbeigehen, so dass auch hier ein Wandel nötig sein wird.</p>
</div>
</div>
</div>
</div>
</div>
</div>



<div class="wp-block-group is-content-justification-left is-nowrap is-layout-flex wp-container-core-group-is-layout-a1ed96d5 wp-block-group-is-layout-flex">
<div class="wp-block-group is-vertical is-layout-flex wp-container-core-group-is-layout-fe9cc265 wp-block-group-is-layout-flex">
<p>Ich bin eine dynamische Persönlichkeit in der politischen und wirtschaftlichen Welt Luxemburgs. Mit 43 Jahren bin ich nicht nur glücklicher Vater von zwei Kindern, sondern engagiere mich auch in zahlreichen Vereinen und NGOs, die sich für die Interessen des Landes einsetzen.</p>



<p>Meine Ausbildung absolvierte ich an der Ingenieurschule in Freiberg und Krakau, wo ich meinen Masterabschluss im Ingenieurwesen erlangte. Darüber hinaus habe ich mit einem MBA in Barcelona meine Kenntnisse im Management erweitert, die ich nun erfolgreich in meinem Berufsleben umsetze.</p>



<p>Im Laufe meiner Karriere habe ich in verschiedenen Unternehmen gearbeitet, die mein Fachwissen und meine Managementfähigkeiten schätzen. In meiner aktuellen Position als geschäftsführender Gesellschafter eines Unternehmens in Luxemburg trage ich die Verantwortung für die Strategie, Entwicklung und optimale Anwendung meiner Expertise im Bereich Management. Meine Stärken liegen in der Teamführung, der analytischen Vorgehensweise und der Kreativität, die ich bei meiner Arbeit stets unter Beweis stelle.</p>



<p>Was meine Freizeit betrifft, bin ich ein begeisterter Sportler. Meine besondere Leidenschaft sind Outdoor-Sportarten wie Mountainbiken und Kitesurfen, bei denen ich ständig meine persönlichen Grenzen austeste. Darüber hinaus gehe ich auch gerne in die Natur und entdecke neue Wege und Wanderungen, bei denen ich mich mit meiner Familie erholen und entspannen kann.</p>



<p>Zusammenfassend bin ich ein engagierter und ehrgeiziger Mensch, der sich nicht nur im Berufsleben durchsetzt, sondern es auch auf politischer und gesellschaftlicher Ebene zu nutzen weiß. Mit meiner Ausbildung, meiner Erfahrung und meinem Engagement bin ich bestens geeignet, unsere Gemeinde voranzubringen.</p>
</div>
</div>



<img decoding="async" src="https://analytics.macknet.eu/matomo.php?idsite=9&amp;rec=1&amp;url=https://www.dp.lu/contern/patrick-elsen/?lang=de" style="border:0" alt="" />

<p>43 Jahre, Ingenieur, Contern Patrick Elsen, 43 Jahre, arbeitet als geschäftsführender Gesellschafter und ist in Contern aufgewachsen.Ich habe zwei Kinder und engagiere mich in der Politik, damit es die nächste Generation so gut hat wie wir. Meine Spezialität ist es, in Schwierigkeiten geratene Organisationen und Projekte zu leiten und fit für die Zukunft zu machen. [&hellip;]</p>
