{"id":961,"date":"2023-05-24T19:50:32","date_gmt":"2023-05-24T19:50:32","guid":{"rendered":"https:\/\/www.dp.lu\/contern\/cynthia-gansauer\/"},"modified":"2023-06-04T22:40:40","modified_gmt":"2023-06-04T22:40:40","slug":"cynthia-gansauer","status":"publish","type":"page","link":"https:\/\/www.dp.lu\/contern\/cynthia-gansauer\/?lang=fr","title":{"rendered":"Cynthia Gans\u00e4uer"},"content":{"rendered":"\n<div class=\"wp-block-columns is-layout-flex wp-container-core-columns-is-layout-28f84493 wp-block-columns-is-layout-flex\">\n<div class=\"wp-block-column is-layout-flow wp-block-column-is-layout-flow\" style=\"flex-basis:30%\">\n<figure class=\"wp-block-image size-large is-style-default\"><img fetchpriority=\"high\" decoding=\"async\" width=\"1024\" height=\"1024\" src=\"https:\/\/www.dp.lu\/contern\/wp-content\/uploads\/sites\/44\/2023\/05\/Conter-Gansauer-Cynthia_s-1024x1024.jpg\" alt=\"\" class=\"wp-image-948\" srcset=\"https:\/\/www.dp.lu\/contern\/wp-content\/uploads\/sites\/44\/2023\/05\/Conter-Gansauer-Cynthia_s-1024x1024.jpg 1024w, https:\/\/www.dp.lu\/contern\/wp-content\/uploads\/sites\/44\/2023\/05\/Conter-Gansauer-Cynthia_s-300x300.jpg 300w, https:\/\/www.dp.lu\/contern\/wp-content\/uploads\/sites\/44\/2023\/05\/Conter-Gansauer-Cynthia_s-150x150.jpg 150w, https:\/\/www.dp.lu\/contern\/wp-content\/uploads\/sites\/44\/2023\/05\/Conter-Gansauer-Cynthia_s-768x768.jpg 768w, https:\/\/www.dp.lu\/contern\/wp-content\/uploads\/sites\/44\/2023\/05\/Conter-Gansauer-Cynthia_s-1536x1536.jpg 1536w\" sizes=\"(max-width: 1024px) 100vw, 1024px\" \/><\/figure>\n\n\n\n<h2 class=\"wp-block-heading has-large-font-size\">41 ans, Talent Acquisition Specialist, Contern<\/h2>\n<\/div>\n\n\n\n<div class=\"wp-block-column is-layout-flow wp-block-column-is-layout-flow\" style=\"flex-basis:70%\">\n<div class=\"wp-block-columns is-layout-flex wp-container-core-columns-is-layout-28f84493 wp-block-columns-is-layout-flex\">\n<div class=\"wp-block-column is-layout-flow wp-block-column-is-layout-flow\">\n<div class=\"wp-block-group is-nowrap is-layout-flex wp-container-core-group-is-layout-f66f9956 wp-block-group-is-layout-flex\">\n<div class=\"wp-block-group is-vertical is-layout-flex wp-container-core-group-is-layout-fe9cc265 wp-block-group-is-layout-flex\">\n<p><strong>Cynthia Gans\u00e4uer, \u00e2g\u00e9e de 41 ans, travaille en tant qu&#8217;employ\u00e9e de banque et vit \u00e0 Contern depuis 5 ans.<\/strong><br>Je suis mari\u00e9 et j&#8217;ai deux filles. Je m&#8217;engage dans des projets scolaires parce que l&#8217;\u00e9ducation et la prise en charge des enfants me tiennent \u00e0 c\u0153ur. Je consid\u00e8re \u00e9galement la protection de l&#8217;environnement comme extr\u00eamement importante pour nos enfants, et cela commence d\u00e9j\u00e0 par une bonne politique municipale.<\/p>\n<\/div>\n<\/div>\n<\/div>\n<\/div>\n<\/div>\n<\/div>\n\n\n\n<div class=\"wp-block-group is-content-justification-left is-nowrap is-layout-flex wp-container-core-group-is-layout-a1ed96d5 wp-block-group-is-layout-flex\">\n<div class=\"wp-block-group is-vertical is-layout-flex wp-container-core-group-is-layout-fe9cc265 wp-block-group-is-layout-flex\">\n<p>Je viens d&#8217;Allemagne, du Mittelrhein, de la ville des tours et du vin. Je suis mari\u00e9 et j&#8217;ai deux merveilleuses filles. J&#8217;ai \u00e9tudi\u00e9 la gestion des ressources humaines et je travaille au sein du service des ressources humaines d&#8217;une banque, avec une sp\u00e9cialisation en recrutement. Rencontrer des personnes diff\u00e9rentes et d\u00e9couvrir d&#8217;o\u00f9 elles viennent, ce qui les anime et les motive au quotidien est toujours passionnant.<\/p>\n\n\n\n<p>Pendant mon temps libre, je pratique le yoga et je fais de la plong\u00e9e. Lorsque je ne suis pas en position du <em>chien t\u00eate en bas<\/em> ou en train de chercher mon \u00e9quipement de plong\u00e9e, je suis \u00e9galement b\u00e9n\u00e9vole et je me rends dans les \u00e9coles primaires pour le programme &#8220;Notre communaut\u00e9&#8221;.<\/p>\n\n\n\n<p>Je consid\u00e8re que la garde des enfants et l&#8217;\u00e9ducation scolaire sont tr\u00e8s importants pour une soci\u00e9t\u00e9 fonctionnelle. M\u00eame avec mes filles, la protection de l&#8217;environnement est un sujet quotidien dans notre maison, et je pense que beaucoup de choses peuvent \u00eatre accomplies et influenc\u00e9es au niveau communal. En tant qu&#8217;Allemand au Luxembourg, je consid\u00e8re que l&#8217;int\u00e9gration et la coexistence sont \u00e9galement des \u00e9l\u00e9ments essentiels pour cr\u00e9er une culture o\u00f9 chacun se sent le bienvenu et \u00e9cout\u00e9.<\/p>\n<\/div>\n<\/div>\n\n\n\n<div class=\"wp-block-group is-content-justification-left is-nowrap is-layout-flex wp-container-core-group-is-layout-a1ed96d5 wp-block-group-is-layout-flex\">\n<p><\/p>\n<\/div>\n\n\n\n<img decoding=\"async\" src=\"https:\/\/analytics.macknet.eu\/matomo.php?idsite=9&amp;rec=1&amp;url=https:\/\/www.dp.lu\/contern\/cynthia-gansauer\/?lang=fr\" style=\"border:0\" alt=\"\" \/>\n","protected":false},"excerpt":{"rendered":"<p>41 ans, Talent Acquisition Specialist, Contern Cynthia Gans\u00e4uer, \u00e2g\u00e9e de 41 ans, travaille en tant qu&#8217;employ\u00e9e de banque et vit \u00e0 Contern depuis 5 ans.Je suis mari\u00e9 et j&#8217;ai deux filles. Je m&#8217;engage dans des projets scolaires parce que l&#8217;\u00e9ducation et la prise en charge des enfants me tiennent \u00e0 c\u0153ur. Je consid\u00e8re \u00e9galement la [&hellip;]<\/p>\n","protected":false},"author":569,"featured_media":0,"parent":0,"menu_order":0,"comment_status":"closed","ping_status":"closed","template":"","meta":{"footnotes":""},"class_list":["post-961","page","type-page","status-publish","hentry","wpbf-post"],"_links":{"self":[{"href":"https:\/\/www.dp.lu\/contern\/wp-json\/wp\/v2\/pages\/961","targetHints":{"allow":["GET"]}}],"collection":[{"href":"https:\/\/www.dp.lu\/contern\/wp-json\/wp\/v2\/pages"}],"about":[{"href":"https:\/\/www.dp.lu\/contern\/wp-json\/wp\/v2\/types\/page"}],"author":[{"embeddable":true,"href":"https:\/\/www.dp.lu\/contern\/wp-json\/wp\/v2\/users\/569"}],"replies":[{"embeddable":true,"href":"https:\/\/www.dp.lu\/contern\/wp-json\/wp\/v2\/comments?post=961"}],"version-history":[{"count":5,"href":"https:\/\/www.dp.lu\/contern\/wp-json\/wp\/v2\/pages\/961\/revisions"}],"predecessor-version":[{"id":1317,"href":"https:\/\/www.dp.lu\/contern\/wp-json\/wp\/v2\/pages\/961\/revisions\/1317"}],"wp:attachment":[{"href":"https:\/\/www.dp.lu\/contern\/wp-json\/wp\/v2\/media?parent=961"}],"curies":[{"name":"wp","href":"https:\/\/api.w.org\/{rel}","templated":true}]}}