{"id":976,"date":"2023-05-26T10:29:02","date_gmt":"2023-05-26T10:29:02","guid":{"rendered":"https:\/\/www.dp.lu\/contern\/?page_id=976"},"modified":"2023-06-04T22:30:59","modified_gmt":"2023-06-04T22:30:59","slug":"marie-anne-kolbach-hoffmann","status":"publish","type":"page","link":"https:\/\/www.dp.lu\/contern\/marie-anne-kolbach-hoffmann\/","title":{"rendered":"Marie-Anne Kolbach-Hoffmann"},"content":{"rendered":"\n<div class=\"wp-block-columns is-layout-flex wp-container-core-columns-is-layout-28f84493 wp-block-columns-is-layout-flex\">\n<div class=\"wp-block-column is-layout-flow wp-block-column-is-layout-flow\" style=\"flex-basis:30%\">\n<figure class=\"wp-block-image size-large is-style-default\"><img fetchpriority=\"high\" decoding=\"async\" width=\"1024\" height=\"1024\" src=\"https:\/\/www.dp.lu\/contern\/wp-content\/uploads\/sites\/44\/2023\/05\/Conter-Kolbach-Marie-Anne_s-1024x1024.jpg\" alt=\"\" class=\"wp-image-977\" srcset=\"https:\/\/www.dp.lu\/contern\/wp-content\/uploads\/sites\/44\/2023\/05\/Conter-Kolbach-Marie-Anne_s-1024x1024.jpg 1024w, https:\/\/www.dp.lu\/contern\/wp-content\/uploads\/sites\/44\/2023\/05\/Conter-Kolbach-Marie-Anne_s-300x300.jpg 300w, https:\/\/www.dp.lu\/contern\/wp-content\/uploads\/sites\/44\/2023\/05\/Conter-Kolbach-Marie-Anne_s-150x150.jpg 150w, https:\/\/www.dp.lu\/contern\/wp-content\/uploads\/sites\/44\/2023\/05\/Conter-Kolbach-Marie-Anne_s-768x768.jpg 768w, https:\/\/www.dp.lu\/contern\/wp-content\/uploads\/sites\/44\/2023\/05\/Conter-Kolbach-Marie-Anne_s-1536x1536.jpg 1536w\" sizes=\"(max-width: 1024px) 100vw, 1024px\" \/><\/figure>\n\n\n\n<h2 class=\"wp-block-heading has-large-font-size\">69 Joer, pension\u00e9iert Infirmi\u00e8re, Conter<\/h2>\n<\/div>\n\n\n\n<div class=\"wp-block-column is-layout-flow wp-block-column-is-layout-flow\" style=\"flex-basis:70%\">\n<div class=\"wp-block-columns is-layout-flex wp-container-core-columns-is-layout-28f84493 wp-block-columns-is-layout-flex\">\n<div class=\"wp-block-column is-layout-flow wp-block-column-is-layout-flow\">\n<div class=\"wp-block-group is-nowrap is-layout-flex wp-container-core-group-is-layout-f66f9956 wp-block-group-is-layout-flex\">\n<div class=\"wp-block-group is-vertical is-layout-flex wp-container-core-group-is-layout-fe9cc265 wp-block-group-is-layout-flex\">\n<p><strong>Marie-Anne Kolbach-Hoffmann, 69 Joer ass pension\u00e9iert Infirmi\u00e8re.<\/strong><br>Ech si bestuet an hunn zwee Kanner an zwee Enkelkanner. Ech hunn am station\u00e4re Ber\u00e4ich a laang am dr\u00ebtten Altersber\u00e4ich geschafft an dofir schaffen ech och z\u00ebnter Joren aktiv an der 3ter Alterskommissioun mat.<\/p>\n<\/div>\n<\/div>\n<\/div>\n<\/div>\n\n\n\n<div style=\"height:100px\" aria-hidden=\"true\" class=\"wp-block-spacer\"><\/div>\n<\/div>\n<\/div>\n\n\n\n<div class=\"wp-block-group is-content-justification-left is-nowrap is-layout-flex wp-container-core-group-is-layout-a1ed96d5 wp-block-group-is-layout-flex\">\n<div class=\"wp-block-group is-vertical is-layout-flex wp-container-core-group-is-layout-fe9cc265 wp-block-group-is-layout-flex\">\n<p>Ech si gebierdeg vu&nbsp;Steenem a wunnen z\u00ebnter 1979 zu Conter.<\/p>\n\n\n\n<p>No menge&nbsp;Schoulofschloss als diplom\u00e9iert Infirmi\u00e8re de l&#8217;Etat hunn ech an der Klinik geschafft bis ech 1982 m\u00e4in \u00e9ischt Kannt kritt hunn. Duerno war ech 16 Joer mat menge&nbsp;Kanner doheem. Ech hunn sie&nbsp;an hire&nbsp;sportlechen Erausfuerderungen \u00ebnnerst\u00ebtzt an ech hunn 10 Joer am Comit\u00e9 vun dem Swimming L\u00ebtzebuerg matgeschafft. Ech hunn an der Organisatioun vun internationale&nbsp;Schwamm Meetinge&nbsp;matgehollef, wou ech dann och deen een oder aneren Olympionik kennegel\u00e9iert hunn. W\u00e9i meng Kanner du fort op d&#8217;Uni waren, hunn ech er\u00ebm ugefaange&nbsp;mat schaffen.<\/p>\n\n\n\n<p>Ech hunn zwee Joer bei der Assurances d\u00e9pendance geschafft \u00e9ier ech bei den deemools neigegr\u00ebnnten Etablissement public Servior gewiesselt sinn. Bei Servior war ech Zoust\u00e4nneg fir d&#8217;Koordinatioun zw\u00ebschen den Departementer, der Direktioun, der CNS an der Sant\u00e9, fir d&#8217;Formatioun souw\u00e9i d&#8217;Digitalisatioun an Zesummenaarbecht mat externe Beroder an enger Software Firma aus D\u00e4itschland.<\/p>\n\n\n\n<p>Ech hat eng interessant an erausfuerderend Aarbecht a&nbsp;konnt aktiv bei der Entw\u00e9cklung vum Betrib math\u00ebllefen. Ech hunn vill super Erfarunge&nbsp;gemaach bei deenen ech vill gel\u00e9iert hunn.<\/p>\n\n\n\n<p>An der Pensioun sinn ech \u00ebmmer bereet wann d\u00b4Enkelkanner krank sinn oder wann soss eng H\u00ebllef noutwendeg ass.<\/p>\n\n\n\n<p>Meng Hobbye&nbsp;sinn d&#8217;Blummen a d&#8217;Planzen a mengem Gaart, Fotoen a Fotobicher maache&nbsp;fir eis Reesen ze dokument\u00e9ieren a&nbsp;fir alles wat soss nach am Joer esou geschitt an engem Fotobuch festzehalen.<\/p>\n\n\n\n<p>Nei technesch Entw\u00e9cklunge&nbsp;w\u00e9i och den \u00cbmweltber\u00e4ich interess\u00e9iere&nbsp;mech.<\/p>\n\n\n\n<p>Mat mengem Mann hunn ech d\u00e9i 5 Kontinenter bereest, ech hunn L\u00e4nner a Leit kennegel\u00e9iert a&nbsp;mech fir hir Kultur a&nbsp;Politik interess\u00e9iert.<\/p>\n\n\n\n<p>No 78 L\u00e4nner d\u00e9i mer bereest hunn bleiwen der nach e puer op eiser L\u00ebscht fir Zukunft.<\/p>\n\n\n\n<p>Doheem ass et awer och sch\u00e9in a Problemer ginn et och an eisem L\u00e4ndchen an eiser Gemeng Conter ze l\u00e9isen.<\/p>\n<\/div>\n<\/div>\n\n\n\n<p><\/p>\n\n\n\n<img decoding=\"async\" src=\"https:\/\/analytics.macknet.eu\/matomo.php?idsite=9&amp;rec=1&amp;url=https:\/\/www.dp.lu\/contern\/marie-anne-kolbach-hoffmann\/\" style=\"border:0\" alt=\"\" \/>\n","protected":false},"excerpt":{"rendered":"<p>69 Joer, pension\u00e9iert Infirmi\u00e8re, Conter Marie-Anne Kolbach-Hoffmann, 69 Joer ass pension\u00e9iert Infirmi\u00e8re.Ech si bestuet an hunn zwee Kanner an zwee Enkelkanner. Ech hunn am station\u00e4re Ber\u00e4ich a laang am dr\u00ebtten Altersber\u00e4ich geschafft an dofir schaffen ech och z\u00ebnter Joren aktiv an der 3ter Alterskommissioun mat. Ech si gebierdeg vu&nbsp;Steenem a wunnen z\u00ebnter 1979 zu Conter. [&hellip;]<\/p>\n","protected":false},"author":569,"featured_media":0,"parent":0,"menu_order":0,"comment_status":"closed","ping_status":"closed","template":"","meta":{"footnotes":""},"class_list":["post-976","page","type-page","status-publish","hentry","wpbf-post"],"_links":{"self":[{"href":"https:\/\/www.dp.lu\/contern\/wp-json\/wp\/v2\/pages\/976","targetHints":{"allow":["GET"]}}],"collection":[{"href":"https:\/\/www.dp.lu\/contern\/wp-json\/wp\/v2\/pages"}],"about":[{"href":"https:\/\/www.dp.lu\/contern\/wp-json\/wp\/v2\/types\/page"}],"author":[{"embeddable":true,"href":"https:\/\/www.dp.lu\/contern\/wp-json\/wp\/v2\/users\/569"}],"replies":[{"embeddable":true,"href":"https:\/\/www.dp.lu\/contern\/wp-json\/wp\/v2\/comments?post=976"}],"version-history":[{"count":3,"href":"https:\/\/www.dp.lu\/contern\/wp-json\/wp\/v2\/pages\/976\/revisions"}],"predecessor-version":[{"id":1294,"href":"https:\/\/www.dp.lu\/contern\/wp-json\/wp\/v2\/pages\/976\/revisions\/1294"}],"wp:attachment":[{"href":"https:\/\/www.dp.lu\/contern\/wp-json\/wp\/v2\/media?parent=976"}],"curies":[{"name":"wp","href":"https:\/\/api.w.org\/{rel}","templated":true}]}}

<div class="wp-block-columns is-layout-flex wp-container-core-columns-is-layout-28f84493 wp-block-columns-is-layout-flex">
<div class="wp-block-column is-layout-flow wp-block-column-is-layout-flow" style="flex-basis:30%">
<figure class="wp-block-image size-large is-style-default"><img fetchpriority="high" decoding="async" width="1024" height="1024" src="https://www.dp.lu/contern/wp-content/uploads/sites/44/2023/05/Conter-Kolbach-Marie-Anne_s-1024x1024.jpg" alt="" class="wp-image-977" srcset="https://www.dp.lu/contern/wp-content/uploads/sites/44/2023/05/Conter-Kolbach-Marie-Anne_s-1024x1024.jpg 1024w, https://www.dp.lu/contern/wp-content/uploads/sites/44/2023/05/Conter-Kolbach-Marie-Anne_s-300x300.jpg 300w, https://www.dp.lu/contern/wp-content/uploads/sites/44/2023/05/Conter-Kolbach-Marie-Anne_s-150x150.jpg 150w, https://www.dp.lu/contern/wp-content/uploads/sites/44/2023/05/Conter-Kolbach-Marie-Anne_s-768x768.jpg 768w, https://www.dp.lu/contern/wp-content/uploads/sites/44/2023/05/Conter-Kolbach-Marie-Anne_s-1536x1536.jpg 1536w" sizes="(max-width: 1024px) 100vw, 1024px" /></figure>



<h2 class="wp-block-heading has-large-font-size">69 Joer, pensionéiert Infirmière, Conter</h2>
</div>



<div class="wp-block-column is-layout-flow wp-block-column-is-layout-flow" style="flex-basis:70%">
<div class="wp-block-columns is-layout-flex wp-container-core-columns-is-layout-28f84493 wp-block-columns-is-layout-flex">
<div class="wp-block-column is-layout-flow wp-block-column-is-layout-flow">
<div class="wp-block-group is-nowrap is-layout-flex wp-container-core-group-is-layout-f66f9956 wp-block-group-is-layout-flex">
<div class="wp-block-group is-vertical is-layout-flex wp-container-core-group-is-layout-fe9cc265 wp-block-group-is-layout-flex">
<p><strong>Marie-Anne Kolbach-Hoffmann, 69 Joer ass pensionéiert Infirmière.</strong><br>Ech si bestuet an hunn zwee Kanner an zwee Enkelkanner. Ech hunn am stationäre Beräich a laang am drëtten Altersberäich geschafft an dofir schaffen ech och zënter Joren aktiv an der 3ter Alterskommissioun mat.</p>
</div>
</div>
</div>
</div>



<div style="height:100px" aria-hidden="true" class="wp-block-spacer"></div>
</div>
</div>



<div class="wp-block-group is-content-justification-left is-nowrap is-layout-flex wp-container-core-group-is-layout-a1ed96d5 wp-block-group-is-layout-flex">
<div class="wp-block-group is-vertical is-layout-flex wp-container-core-group-is-layout-fe9cc265 wp-block-group-is-layout-flex">
<p>Ech si gebierdeg vu&nbsp;Steenem a wunnen zënter 1979 zu Conter.</p>



<p>No menge&nbsp;Schoulofschloss als diploméiert Infirmière de l&#8217;Etat hunn ech an der Klinik geschafft bis ech 1982 mäin éischt Kannt kritt hunn. Duerno war ech 16 Joer mat menge&nbsp;Kanner doheem. Ech hunn sie&nbsp;an hire&nbsp;sportlechen Erausfuerderungen ënnerstëtzt an ech hunn 10 Joer am Comité vun dem Swimming Lëtzebuerg matgeschafft. Ech hunn an der Organisatioun vun internationale&nbsp;Schwamm Meetinge&nbsp;matgehollef, wou ech dann och deen een oder aneren Olympionik kennegeléiert hunn. Wéi meng Kanner du fort op d&#8217;Uni waren, hunn ech erëm ugefaange&nbsp;mat schaffen.</p>



<p>Ech hunn zwee Joer bei der Assurances dépendance geschafft éier ech bei den deemools neigegrënnten Etablissement public Servior gewiesselt sinn. Bei Servior war ech Zoustänneg fir d&#8217;Koordinatioun zwëschen den Departementer, der Direktioun, der CNS an der Santé, fir d&#8217;Formatioun souwéi d&#8217;Digitalisatioun an Zesummenaarbecht mat externe Beroder an enger Software Firma aus Däitschland.</p>



<p>Ech hat eng interessant an erausfuerderend Aarbecht a&nbsp;konnt aktiv bei der Entwécklung vum Betrib mathëllefen. Ech hunn vill super Erfarunge&nbsp;gemaach bei deenen ech vill geléiert hunn.</p>



<p>An der Pensioun sinn ech ëmmer bereet wann d´Enkelkanner krank sinn oder wann soss eng Hëllef noutwendeg ass.</p>



<p>Meng Hobbye&nbsp;sinn d&#8217;Blummen a d&#8217;Planzen a mengem Gaart, Fotoen a Fotobicher maache&nbsp;fir eis Reesen ze dokumentéieren a&nbsp;fir alles wat soss nach am Joer esou geschitt an engem Fotobuch festzehalen.</p>



<p>Nei technesch Entwécklunge&nbsp;wéi och den Ëmweltberäich interesséiere&nbsp;mech.</p>



<p>Mat mengem Mann hunn ech déi 5 Kontinenter bereest, ech hunn Länner a Leit kennegeléiert a&nbsp;mech fir hir Kultur a&nbsp;Politik interesséiert.</p>



<p>No 78 Länner déi mer bereest hunn bleiwen der nach e puer op eiser Lëscht fir Zukunft.</p>



<p>Doheem ass et awer och schéin a Problemer ginn et och an eisem Ländchen an eiser Gemeng Conter ze léisen.</p>
</div>
</div>



<p></p>



<img decoding="async" src="https://analytics.macknet.eu/matomo.php?idsite=9&amp;rec=1&amp;url=https://www.dp.lu/contern/marie-anne-kolbach-hoffmann/" style="border:0" alt="" />

<p>69 Joer, pensionéiert Infirmière, Conter Marie-Anne Kolbach-Hoffmann, 69 Joer ass pensionéiert Infirmière.Ech si bestuet an hunn zwee Kanner an zwee Enkelkanner. Ech hunn am stationäre Beräich a laang am drëtten Altersberäich geschafft an dofir schaffen ech och zënter Joren aktiv an der 3ter Alterskommissioun mat. Ech si gebierdeg vu&nbsp;Steenem a wunnen zënter 1979 zu Conter. [&hellip;]</p>
