{"id":18,"date":"2022-08-04T13:24:31","date_gmt":"2022-08-04T13:24:31","guid":{"rendered":"https:\/\/www.dp.lu\/freiseng\/?page_id=18"},"modified":"2023-05-30T21:59:38","modified_gmt":"2023-05-30T21:59:38","slug":"home","status":"publish","type":"page","link":"https:\/\/www.dp.lu\/freiseng\/","title":{"rendered":"Home"},"content":{"rendered":"\t\t<div data-elementor-type=\"wp-page\" data-elementor-id=\"18\" class=\"elementor elementor-18\" data-elementor-post-type=\"page\">\n\t\t\t\t\t\t<section class=\"elementor-section elementor-top-section elementor-element elementor-element-5f22b36 elementor-section-full_width elementor-section-height-default elementor-section-height-default\" data-id=\"5f22b36\" data-element_type=\"section\" data-e-type=\"section\" data-settings=\"{&quot;background_background&quot;:&quot;classic&quot;}\">\n\t\t\t\t\t\t<div class=\"elementor-container elementor-column-gap-default\">\n\t\t\t\t\t<div class=\"elementor-column elementor-col-100 elementor-top-column elementor-element elementor-element-bda205e\" data-id=\"bda205e\" data-element_type=\"column\" data-e-type=\"column\">\n\t\t\t<div class=\"elementor-widget-wrap elementor-element-populated\">\n\t\t\t\t\t\t<div class=\"elementor-element elementor-element-d3691f1 elementor-widget elementor-widget-image\" data-id=\"d3691f1\" data-element_type=\"widget\" data-e-type=\"widget\" data-widget_type=\"image.default\">\n\t\t\t\t<div class=\"elementor-widget-container\">\n\t\t\t\t\t\t\t\t\t\t\t\t\t\t\t<img fetchpriority=\"high\" decoding=\"async\" width=\"2500\" height=\"1100\" src=\"https:\/\/www.dp.lu\/freiseng\/wp-content\/uploads\/sites\/57\/2023\/05\/Kandidaten-Freiseng2.jpg\" class=\"attachment-full size-full wp-image-259\" alt=\"\" srcset=\"https:\/\/www.dp.lu\/freiseng\/wp-content\/uploads\/sites\/57\/2023\/05\/Kandidaten-Freiseng2.jpg 2500w, https:\/\/www.dp.lu\/freiseng\/wp-content\/uploads\/sites\/57\/2023\/05\/Kandidaten-Freiseng2-300x132.jpg 300w, https:\/\/www.dp.lu\/freiseng\/wp-content\/uploads\/sites\/57\/2023\/05\/Kandidaten-Freiseng2-1024x451.jpg 1024w, https:\/\/www.dp.lu\/freiseng\/wp-content\/uploads\/sites\/57\/2023\/05\/Kandidaten-Freiseng2-768x338.jpg 768w, https:\/\/www.dp.lu\/freiseng\/wp-content\/uploads\/sites\/57\/2023\/05\/Kandidaten-Freiseng2-1536x676.jpg 1536w, https:\/\/www.dp.lu\/freiseng\/wp-content\/uploads\/sites\/57\/2023\/05\/Kandidaten-Freiseng2-2048x901.jpg 2048w\" sizes=\"(max-width: 2500px) 100vw, 2500px\" \/>\t\t\t\t\t\t\t\t\t\t\t\t\t\t\t<\/div>\n\t\t\t\t<\/div>\n\t\t\t\t\t<\/div>\n\t\t<\/div>\n\t\t\t\t\t<\/div>\n\t\t<\/section>\n\t\t\t\t<section class=\"elementor-section elementor-top-section elementor-element elementor-element-b439da3 elementor-hidden-phone elementor-section-full_width elementor-hidden-tablet elementor-section-height-default elementor-section-height-default\" data-id=\"b439da3\" data-element_type=\"section\" data-e-type=\"section\" data-settings=\"{&quot;background_background&quot;:&quot;classic&quot;}\">\n\t\t\t\t\t\t<div class=\"elementor-container elementor-column-gap-default\">\n\t\t\t\t\t<div class=\"elementor-column elementor-col-100 elementor-top-column elementor-element elementor-element-5bb5808\" data-id=\"5bb5808\" data-element_type=\"column\" data-e-type=\"column\">\n\t\t\t<div class=\"elementor-widget-wrap elementor-element-populated\">\n\t\t\t\t\t\t\t<\/div>\n\t\t<\/div>\n\t\t\t\t\t<\/div>\n\t\t<\/section>\n\t\t\t\t<section class=\"elementor-section elementor-top-section elementor-element elementor-element-a495b4f elementor-hidden-phone elementor-section-full_width elementor-hidden-desktop elementor-section-height-default elementor-section-height-default\" data-id=\"a495b4f\" data-element_type=\"section\" data-e-type=\"section\" data-settings=\"{&quot;background_background&quot;:&quot;classic&quot;}\">\n\t\t\t\t\t\t<div class=\"elementor-container elementor-column-gap-default\">\n\t\t\t\t\t<div class=\"elementor-column elementor-col-100 elementor-top-column elementor-element elementor-element-c9955ed\" data-id=\"c9955ed\" data-element_type=\"column\" data-e-type=\"column\">\n\t\t\t<div class=\"elementor-widget-wrap elementor-element-populated\">\n\t\t\t\t\t\t\t<\/div>\n\t\t<\/div>\n\t\t\t\t\t<\/div>\n\t\t<\/section>\n\t\t\t\t<section class=\"elementor-section elementor-top-section elementor-element elementor-element-fe89bb5 elementor-section-full_width elementor-hidden-desktop elementor-hidden-tablet elementor-section-height-default elementor-section-height-default\" data-id=\"fe89bb5\" data-element_type=\"section\" data-e-type=\"section\" data-settings=\"{&quot;background_background&quot;:&quot;classic&quot;}\">\n\t\t\t\t\t\t<div class=\"elementor-container elementor-column-gap-default\">\n\t\t\t\t\t<div class=\"elementor-column elementor-col-100 elementor-top-column elementor-element elementor-element-377b5d9\" data-id=\"377b5d9\" data-element_type=\"column\" data-e-type=\"column\">\n\t\t\t<div class=\"elementor-widget-wrap elementor-element-populated\">\n\t\t\t\t\t\t\t<\/div>\n\t\t<\/div>\n\t\t\t\t\t<\/div>\n\t\t<\/section>\n\t\t\t\t<section class=\"elementor-section elementor-top-section elementor-element elementor-element-5ab578c elementor-section-boxed elementor-section-height-default elementor-section-height-default\" data-id=\"5ab578c\" data-element_type=\"section\" data-e-type=\"section\" data-settings=\"{&quot;background_background&quot;:&quot;classic&quot;}\">\n\t\t\t\t\t\t<div class=\"elementor-container elementor-column-gap-default\">\n\t\t\t\t\t<div class=\"elementor-column elementor-col-100 elementor-top-column elementor-element elementor-element-1ad306e\" data-id=\"1ad306e\" data-element_type=\"column\" data-e-type=\"column\">\n\t\t\t<div class=\"elementor-widget-wrap elementor-element-populated\">\n\t\t\t\t\t\t<div class=\"elementor-element elementor-element-5628e22 elementor-align-center elementor-widget elementor-widget-button\" data-id=\"5628e22\" data-element_type=\"widget\" data-e-type=\"widget\" data-widget_type=\"button.default\">\n\t\t\t\t<div class=\"elementor-widget-container\">\n\t\t\t\t\t\t\t\t\t<div class=\"elementor-button-wrapper\">\n\t\t\t\t\t<a class=\"elementor-button elementor-button-link elementor-size-md\" href=\"https:\/\/www.dp.lu\/freiseng\/news\/\">\n\t\t\t\t\t\t<span class=\"elementor-button-content-wrapper\">\n\t\t\t\t\t\t\t\t\t<span class=\"elementor-button-text\">M\u00e9i Aktualit\u00e9iten<\/span>\n\t\t\t\t\t<\/span>\n\t\t\t\t\t<\/a>\n\t\t\t\t<\/div>\n\t\t\t\t\t\t\t\t<\/div>\n\t\t\t\t<\/div>\n\t\t\t\t\t<\/div>\n\t\t<\/div>\n\t\t\t\t\t<\/div>\n\t\t<\/section>\n\t\t\t\t<section class=\"elementor-section elementor-top-section elementor-element elementor-element-3755f02 elementor-section-full_width elementor-section-height-default elementor-section-height-default\" data-id=\"3755f02\" data-element_type=\"section\" data-e-type=\"section\" data-settings=\"{&quot;background_background&quot;:&quot;classic&quot;}\">\n\t\t\t\t\t\t<div class=\"elementor-container elementor-column-gap-default\">\n\t\t\t\t\t<div class=\"elementor-column elementor-col-33 elementor-top-column elementor-element elementor-element-9fa4670\" data-id=\"9fa4670\" data-element_type=\"column\" data-e-type=\"column\">\n\t\t\t<div class=\"elementor-widget-wrap elementor-element-populated\">\n\t\t\t\t\t\t<div class=\"elementor-element elementor-element-5c76b5e elementor-hidden-phone elementor-widget elementor-widget-image\" data-id=\"5c76b5e\" data-element_type=\"widget\" data-e-type=\"widget\" data-widget_type=\"image.default\">\n\t\t\t\t<div class=\"elementor-widget-container\">\n\t\t\t\t\t\t\t\t\t\t\t\t\t\t\t\t<a href=\"https:\/\/www.dp.lu\/freiseng\/eis-kandidate-fir-dgemengewalen\/\">\n\t\t\t\t\t\t\t<img decoding=\"async\" width=\"2500\" height=\"1406\" src=\"https:\/\/www.dp.lu\/freiseng\/wp-content\/uploads\/sites\/57\/2023\/05\/Kandidaten-Freiseng1.jpg\" class=\"attachment-full size-full wp-image-258\" alt=\"\" srcset=\"https:\/\/www.dp.lu\/freiseng\/wp-content\/uploads\/sites\/57\/2023\/05\/Kandidaten-Freiseng1.jpg 2500w, https:\/\/www.dp.lu\/freiseng\/wp-content\/uploads\/sites\/57\/2023\/05\/Kandidaten-Freiseng1-300x169.jpg 300w, https:\/\/www.dp.lu\/freiseng\/wp-content\/uploads\/sites\/57\/2023\/05\/Kandidaten-Freiseng1-1024x576.jpg 1024w, https:\/\/www.dp.lu\/freiseng\/wp-content\/uploads\/sites\/57\/2023\/05\/Kandidaten-Freiseng1-768x432.jpg 768w, https:\/\/www.dp.lu\/freiseng\/wp-content\/uploads\/sites\/57\/2023\/05\/Kandidaten-Freiseng1-1536x864.jpg 1536w, https:\/\/www.dp.lu\/freiseng\/wp-content\/uploads\/sites\/57\/2023\/05\/Kandidaten-Freiseng1-2048x1152.jpg 2048w\" sizes=\"(max-width: 2500px) 100vw, 2500px\" \/>\t\t\t\t\t\t\t\t<\/a>\n\t\t\t\t\t\t\t\t\t\t\t\t\t\t\t<\/div>\n\t\t\t\t<\/div>\n\t\t\t\t\t<\/div>\n\t\t<\/div>\n\t\t\t\t<div class=\"elementor-column elementor-col-66 elementor-top-column elementor-element elementor-element-d7f60c2\" data-id=\"d7f60c2\" data-element_type=\"column\" data-e-type=\"column\">\n\t\t\t<div class=\"elementor-widget-wrap elementor-element-populated\">\n\t\t\t\t\t\t<div class=\"elementor-element elementor-element-1882f92 elementor-widget elementor-widget-heading\" data-id=\"1882f92\" data-element_type=\"widget\" data-e-type=\"widget\" data-widget_type=\"heading.default\">\n\t\t\t\t<div class=\"elementor-widget-container\">\n\t\t\t\t\t<h1 class=\"elementor-heading-title elementor-size-default\">Eis Kanidate fir d'Gemengewalen<\/h1>\t\t\t\t<\/div>\n\t\t\t\t<\/div>\n\t\t\t\t<div class=\"elementor-element elementor-element-53645b3 elementor-hidden-desktop elementor-hidden-tablet elementor-widget elementor-widget-image\" data-id=\"53645b3\" data-element_type=\"widget\" data-e-type=\"widget\" data-widget_type=\"image.default\">\n\t\t\t\t<div class=\"elementor-widget-container\">\n\t\t\t\t\t\t\t\t\t\t\t\t\t\t\t\t<a href=\"https:\/\/www.dp.lu\/freiseng\/eis-kandidate-fir-dgemengewalen\/\">\n\t\t\t\t\t\t\t<img decoding=\"async\" width=\"2500\" height=\"1406\" src=\"https:\/\/www.dp.lu\/freiseng\/wp-content\/uploads\/sites\/57\/2023\/05\/Kandidaten-Freiseng1.jpg\" class=\"attachment-full size-full wp-image-258\" alt=\"\" srcset=\"https:\/\/www.dp.lu\/freiseng\/wp-content\/uploads\/sites\/57\/2023\/05\/Kandidaten-Freiseng1.jpg 2500w, https:\/\/www.dp.lu\/freiseng\/wp-content\/uploads\/sites\/57\/2023\/05\/Kandidaten-Freiseng1-300x169.jpg 300w, https:\/\/www.dp.lu\/freiseng\/wp-content\/uploads\/sites\/57\/2023\/05\/Kandidaten-Freiseng1-1024x576.jpg 1024w, https:\/\/www.dp.lu\/freiseng\/wp-content\/uploads\/sites\/57\/2023\/05\/Kandidaten-Freiseng1-768x432.jpg 768w, https:\/\/www.dp.lu\/freiseng\/wp-content\/uploads\/sites\/57\/2023\/05\/Kandidaten-Freiseng1-1536x864.jpg 1536w, https:\/\/www.dp.lu\/freiseng\/wp-content\/uploads\/sites\/57\/2023\/05\/Kandidaten-Freiseng1-2048x1152.jpg 2048w\" sizes=\"(max-width: 2500px) 100vw, 2500px\" \/>\t\t\t\t\t\t\t\t<\/a>\n\t\t\t\t\t\t\t\t\t\t\t\t\t\t\t<\/div>\n\t\t\t\t<\/div>\n\t\t\t\t<div class=\"elementor-element elementor-element-86ebe55 elementor-align-left elementor-widget elementor-widget-button\" data-id=\"86ebe55\" data-element_type=\"widget\" data-e-type=\"widget\" data-widget_type=\"button.default\">\n\t\t\t\t<div class=\"elementor-widget-container\">\n\t\t\t\t\t\t\t\t\t<div class=\"elementor-button-wrapper\">\n\t\t\t\t\t<a class=\"elementor-button elementor-button-link elementor-size-md\" href=\"https:\/\/www.dp.lu\/freiseng\/eis-kandidate-fir-dgemengewalen\/\">\n\t\t\t\t\t\t<span class=\"elementor-button-content-wrapper\">\n\t\t\t\t\t\t\t\t\t<span class=\"elementor-button-text\">M\u00e9i...<\/span>\n\t\t\t\t\t<\/span>\n\t\t\t\t\t<\/a>\n\t\t\t\t<\/div>\n\t\t\t\t\t\t\t\t<\/div>\n\t\t\t\t<\/div>\n\t\t\t\t\t<\/div>\n\t\t<\/div>\n\t\t\t\t\t<\/div>\n\t\t<\/section>\n\t\t\t\t<section class=\"elementor-section elementor-top-section elementor-element elementor-element-1b64cae elementor-section-full_width elementor-section-height-default elementor-section-height-default\" data-id=\"1b64cae\" data-element_type=\"section\" data-e-type=\"section\" data-settings=\"{&quot;background_background&quot;:&quot;classic&quot;}\">\n\t\t\t\t\t\t<div class=\"elementor-container elementor-column-gap-default\">\n\t\t\t\t\t<div class=\"elementor-column elementor-col-33 elementor-top-column elementor-element elementor-element-e6df242\" data-id=\"e6df242\" data-element_type=\"column\" data-e-type=\"column\">\n\t\t\t<div class=\"elementor-widget-wrap elementor-element-populated\">\n\t\t\t\t\t\t<div class=\"elementor-element elementor-element-ea58322 elementor-widget elementor-widget-heading\" data-id=\"ea58322\" data-element_type=\"widget\" data-e-type=\"widget\" data-widget_type=\"heading.default\">\n\t\t\t\t<div class=\"elementor-widget-container\">\n\t\t\t\t\t<h1 class=\"elementor-heading-title elementor-size-default\">Eise Member am Gemengerot<\/h1>\t\t\t\t<\/div>\n\t\t\t\t<\/div>\n\t\t\t\t<div class=\"elementor-element elementor-element-0b27f40 elementor-hidden-desktop elementor-hidden-tablet elementor-widget elementor-widget-image\" data-id=\"0b27f40\" data-element_type=\"widget\" data-e-type=\"widget\" data-widget_type=\"image.default\">\n\t\t\t\t<div class=\"elementor-widget-container\">\n\t\t\t\t\t\t\t\t\t\t\t\t\t\t\t\t<a href=\"https:\/\/www.dp.lu\/freiseng\/gemengerot\/\">\n\t\t\t\t\t\t\t<img decoding=\"async\" width=\"2500\" height=\"1667\" src=\"https:\/\/www.dp.lu\/freiseng\/wp-content\/uploads\/sites\/57\/2023\/05\/freiseng-gemeng.jpg\" class=\"attachment-full size-full wp-image-283\" alt=\"\" srcset=\"https:\/\/www.dp.lu\/freiseng\/wp-content\/uploads\/sites\/57\/2023\/05\/freiseng-gemeng.jpg 2500w, https:\/\/www.dp.lu\/freiseng\/wp-content\/uploads\/sites\/57\/2023\/05\/freiseng-gemeng-300x200.jpg 300w, https:\/\/www.dp.lu\/freiseng\/wp-content\/uploads\/sites\/57\/2023\/05\/freiseng-gemeng-1024x683.jpg 1024w, https:\/\/www.dp.lu\/freiseng\/wp-content\/uploads\/sites\/57\/2023\/05\/freiseng-gemeng-768x512.jpg 768w, https:\/\/www.dp.lu\/freiseng\/wp-content\/uploads\/sites\/57\/2023\/05\/freiseng-gemeng-1536x1024.jpg 1536w, https:\/\/www.dp.lu\/freiseng\/wp-content\/uploads\/sites\/57\/2023\/05\/freiseng-gemeng-2048x1366.jpg 2048w\" sizes=\"(max-width: 2500px) 100vw, 2500px\" \/>\t\t\t\t\t\t\t\t<\/a>\n\t\t\t\t\t\t\t\t\t\t\t\t\t\t\t<\/div>\n\t\t\t\t<\/div>\n\t\t\t\t<div class=\"elementor-element elementor-element-2198d29 elementor-align-right elementor-mobile-align-left elementor-widget elementor-widget-button\" data-id=\"2198d29\" data-element_type=\"widget\" data-e-type=\"widget\" data-widget_type=\"button.default\">\n\t\t\t\t<div class=\"elementor-widget-container\">\n\t\t\t\t\t\t\t\t\t<div class=\"elementor-button-wrapper\">\n\t\t\t\t\t<a class=\"elementor-button elementor-button-link elementor-size-md\" href=\"https:\/\/www.dp.lu\/freiseng\/gemengerot\/\">\n\t\t\t\t\t\t<span class=\"elementor-button-content-wrapper\">\n\t\t\t\t\t\t\t\t\t<span class=\"elementor-button-text\">M\u00e9i...<\/span>\n\t\t\t\t\t<\/span>\n\t\t\t\t\t<\/a>\n\t\t\t\t<\/div>\n\t\t\t\t\t\t\t\t<\/div>\n\t\t\t\t<\/div>\n\t\t\t\t\t<\/div>\n\t\t<\/div>\n\t\t\t\t<div class=\"elementor-column elementor-col-66 elementor-top-column elementor-element elementor-element-e24cfd4 elementor-hidden-phone\" data-id=\"e24cfd4\" data-element_type=\"column\" data-e-type=\"column\">\n\t\t\t<div class=\"elementor-widget-wrap elementor-element-populated\">\n\t\t\t\t\t\t<div class=\"elementor-element elementor-element-1e3d4db elementor-widget elementor-widget-image\" data-id=\"1e3d4db\" data-element_type=\"widget\" data-e-type=\"widget\" data-widget_type=\"image.default\">\n\t\t\t\t<div class=\"elementor-widget-container\">\n\t\t\t\t\t\t\t\t\t\t\t\t\t\t\t\t<a href=\"https:\/\/www.dp.lu\/freiseng\/gemengerot\/\">\n\t\t\t\t\t\t\t<img decoding=\"async\" width=\"2500\" height=\"1667\" src=\"https:\/\/www.dp.lu\/freiseng\/wp-content\/uploads\/sites\/57\/2023\/05\/freiseng-gemeng.jpg\" class=\"attachment-full size-full wp-image-283\" alt=\"\" srcset=\"https:\/\/www.dp.lu\/freiseng\/wp-content\/uploads\/sites\/57\/2023\/05\/freiseng-gemeng.jpg 2500w, https:\/\/www.dp.lu\/freiseng\/wp-content\/uploads\/sites\/57\/2023\/05\/freiseng-gemeng-300x200.jpg 300w, https:\/\/www.dp.lu\/freiseng\/wp-content\/uploads\/sites\/57\/2023\/05\/freiseng-gemeng-1024x683.jpg 1024w, https:\/\/www.dp.lu\/freiseng\/wp-content\/uploads\/sites\/57\/2023\/05\/freiseng-gemeng-768x512.jpg 768w, https:\/\/www.dp.lu\/freiseng\/wp-content\/uploads\/sites\/57\/2023\/05\/freiseng-gemeng-1536x1024.jpg 1536w, https:\/\/www.dp.lu\/freiseng\/wp-content\/uploads\/sites\/57\/2023\/05\/freiseng-gemeng-2048x1366.jpg 2048w\" sizes=\"(max-width: 2500px) 100vw, 2500px\" \/>\t\t\t\t\t\t\t\t<\/a>\n\t\t\t\t\t\t\t\t\t\t\t\t\t\t\t<\/div>\n\t\t\t\t<\/div>\n\t\t\t\t\t<\/div>\n\t\t<\/div>\n\t\t\t\t\t<\/div>\n\t\t<\/section>\n\t\t\t\t<section class=\"elementor-section elementor-top-section elementor-element elementor-element-d0de9d2 elementor-section-full_width elementor-section-height-default elementor-section-height-default\" data-id=\"d0de9d2\" data-element_type=\"section\" data-e-type=\"section\" data-settings=\"{&quot;background_background&quot;:&quot;classic&quot;}\">\n\t\t\t\t\t\t<div class=\"elementor-container elementor-column-gap-default\">\n\t\t\t\t\t<div class=\"elementor-column elementor-col-33 elementor-top-column elementor-element elementor-element-89f101d\" data-id=\"89f101d\" data-element_type=\"column\" data-e-type=\"column\">\n\t\t\t<div class=\"elementor-widget-wrap elementor-element-populated\">\n\t\t\t\t\t\t<div class=\"elementor-element elementor-element-e64d0d7 elementor-hidden-phone elementor-widget elementor-widget-image\" data-id=\"e64d0d7\" data-element_type=\"widget\" data-e-type=\"widget\" data-widget_type=\"image.default\">\n\t\t\t\t<div class=\"elementor-widget-container\">\n\t\t\t\t\t\t\t\t\t\t\t\t\t\t\t\t<a href=\"https:\/\/www.dp.lu\/freiseng\/comite\/\">\n\t\t\t\t\t\t\t<img loading=\"lazy\" decoding=\"async\" width=\"2500\" height=\"1667\" src=\"https:\/\/www.dp.lu\/freiseng\/wp-content\/uploads\/sites\/57\/2022\/08\/comite\u0301.jpg\" class=\"attachment-full size-full wp-image-67\" alt=\"\" srcset=\"https:\/\/www.dp.lu\/freiseng\/wp-content\/uploads\/sites\/57\/2022\/08\/comite\u0301.jpg 2500w, https:\/\/www.dp.lu\/freiseng\/wp-content\/uploads\/sites\/57\/2022\/08\/comite\u0301-300x200.jpg 300w, https:\/\/www.dp.lu\/freiseng\/wp-content\/uploads\/sites\/57\/2022\/08\/comite\u0301-1024x683.jpg 1024w, https:\/\/www.dp.lu\/freiseng\/wp-content\/uploads\/sites\/57\/2022\/08\/comite\u0301-768x512.jpg 768w, https:\/\/www.dp.lu\/freiseng\/wp-content\/uploads\/sites\/57\/2022\/08\/comite\u0301-391x260.jpg 391w, https:\/\/www.dp.lu\/freiseng\/wp-content\/uploads\/sites\/57\/2022\/08\/comite\u0301-1536x1024.jpg 1536w, https:\/\/www.dp.lu\/freiseng\/wp-content\/uploads\/sites\/57\/2022\/08\/comite\u0301-2048x1366.jpg 2048w\" sizes=\"(max-width: 2500px) 100vw, 2500px\" \/>\t\t\t\t\t\t\t\t<\/a>\n\t\t\t\t\t\t\t\t\t\t\t\t\t\t\t<\/div>\n\t\t\t\t<\/div>\n\t\t\t\t\t<\/div>\n\t\t<\/div>\n\t\t\t\t<div class=\"elementor-column elementor-col-66 elementor-top-column elementor-element elementor-element-20959c9\" data-id=\"20959c9\" data-element_type=\"column\" data-e-type=\"column\">\n\t\t\t<div class=\"elementor-widget-wrap elementor-element-populated\">\n\t\t\t\t\t\t<div class=\"elementor-element elementor-element-a147bac elementor-widget elementor-widget-heading\" data-id=\"a147bac\" data-element_type=\"widget\" data-e-type=\"widget\" data-widget_type=\"heading.default\">\n\t\t\t\t<div class=\"elementor-widget-container\">\n\t\t\t\t\t<h1 class=\"elementor-heading-title elementor-size-default\">Eise Comit\u00e9<\/h1>\t\t\t\t<\/div>\n\t\t\t\t<\/div>\n\t\t\t\t<div class=\"elementor-element elementor-element-a8c59a5 elementor-hidden-desktop elementor-hidden-tablet elementor-widget elementor-widget-image\" data-id=\"a8c59a5\" data-element_type=\"widget\" data-e-type=\"widget\" data-widget_type=\"image.default\">\n\t\t\t\t<div class=\"elementor-widget-container\">\n\t\t\t\t\t\t\t\t\t\t\t\t\t\t\t\t<a href=\"https:\/\/www.dp.lu\/freiseng\/comite\/\">\n\t\t\t\t\t\t\t<img loading=\"lazy\" decoding=\"async\" width=\"2500\" height=\"1667\" src=\"https:\/\/www.dp.lu\/freiseng\/wp-content\/uploads\/sites\/57\/2022\/08\/comite\u0301.jpg\" class=\"attachment-full size-full wp-image-67\" alt=\"\" srcset=\"https:\/\/www.dp.lu\/freiseng\/wp-content\/uploads\/sites\/57\/2022\/08\/comite\u0301.jpg 2500w, https:\/\/www.dp.lu\/freiseng\/wp-content\/uploads\/sites\/57\/2022\/08\/comite\u0301-300x200.jpg 300w, https:\/\/www.dp.lu\/freiseng\/wp-content\/uploads\/sites\/57\/2022\/08\/comite\u0301-1024x683.jpg 1024w, https:\/\/www.dp.lu\/freiseng\/wp-content\/uploads\/sites\/57\/2022\/08\/comite\u0301-768x512.jpg 768w, https:\/\/www.dp.lu\/freiseng\/wp-content\/uploads\/sites\/57\/2022\/08\/comite\u0301-391x260.jpg 391w, https:\/\/www.dp.lu\/freiseng\/wp-content\/uploads\/sites\/57\/2022\/08\/comite\u0301-1536x1024.jpg 1536w, https:\/\/www.dp.lu\/freiseng\/wp-content\/uploads\/sites\/57\/2022\/08\/comite\u0301-2048x1366.jpg 2048w\" sizes=\"(max-width: 2500px) 100vw, 2500px\" \/>\t\t\t\t\t\t\t\t<\/a>\n\t\t\t\t\t\t\t\t\t\t\t\t\t\t\t<\/div>\n\t\t\t\t<\/div>\n\t\t\t\t<div class=\"elementor-element elementor-element-98fad24 elementor-align-left elementor-widget elementor-widget-button\" data-id=\"98fad24\" data-element_type=\"widget\" data-e-type=\"widget\" data-widget_type=\"button.default\">\n\t\t\t\t<div class=\"elementor-widget-container\">\n\t\t\t\t\t\t\t\t\t<div class=\"elementor-button-wrapper\">\n\t\t\t\t\t<a class=\"elementor-button elementor-button-link elementor-size-md\" href=\"https:\/\/www.dp.lu\/freiseng\/comite\/\">\n\t\t\t\t\t\t<span class=\"elementor-button-content-wrapper\">\n\t\t\t\t\t\t\t\t\t<span class=\"elementor-button-text\">M\u00e9i...<\/span>\n\t\t\t\t\t<\/span>\n\t\t\t\t\t<\/a>\n\t\t\t\t<\/div>\n\t\t\t\t\t\t\t\t<\/div>\n\t\t\t\t<\/div>\n\t\t\t\t\t<\/div>\n\t\t<\/div>\n\t\t\t\t\t<\/div>\n\t\t<\/section>\n\t\t\t\t<\/div>\n\t\t","protected":false},"excerpt":{"rendered":"<p>M\u00e9i Aktualit\u00e9iten Eis Kanidate fir d&#8217;Gemengewalen M\u00e9i&#8230; Eise Member am Gemengerot M\u00e9i&#8230; Eise Comit\u00e9 M\u00e9i&#8230;<\/p>\n","protected":false},"author":2,"featured_media":0,"parent":0,"menu_order":0,"comment_status":"closed","ping_status":"closed","template":"","meta":{"footnotes":""},"class_list":["post-18","page","type-page","status-publish","hentry","wpbf-post"],"_links":{"self":[{"href":"https:\/\/www.dp.lu\/freiseng\/wp-json\/wp\/v2\/pages\/18","targetHints":{"allow":["GET"]}}],"collection":[{"href":"https:\/\/www.dp.lu\/freiseng\/wp-json\/wp\/v2\/pages"}],"about":[{"href":"https:\/\/www.dp.lu\/freiseng\/wp-json\/wp\/v2\/types\/page"}],"author":[{"embeddable":true,"href":"https:\/\/www.dp.lu\/freiseng\/wp-json\/wp\/v2\/users\/2"}],"replies":[{"embeddable":true,"href":"https:\/\/www.dp.lu\/freiseng\/wp-json\/wp\/v2\/comments?post=18"}],"version-history":[{"count":49,"href":"https:\/\/www.dp.lu\/freiseng\/wp-json\/wp\/v2\/pages\/18\/revisions"}],"predecessor-version":[{"id":289,"href":"https:\/\/www.dp.lu\/freiseng\/wp-json\/wp\/v2\/pages\/18\/revisions\/289"}],"wp:attachment":[{"href":"https:\/\/www.dp.lu\/freiseng\/wp-json\/wp\/v2\/media?parent=18"}],"curies":[{"name":"wp","href":"https:\/\/api.w.org\/{rel}","templated":true}]}}