{"id":249,"date":"2023-03-29T07:02:29","date_gmt":"2023-03-29T07:02:29","guid":{"rendered":"https:\/\/www.dp.lu\/freiseng\/?page_id=249"},"modified":"2023-05-30T21:42:37","modified_gmt":"2023-05-30T21:42:37","slug":"eis-kandidate-fir-dgemengewalen","status":"publish","type":"page","link":"https:\/\/www.dp.lu\/freiseng\/eis-kandidate-fir-dgemengewalen\/","title":{"rendered":"Eis Kandidate fir d&#8217;Gemengewalen"},"content":{"rendered":"\t\t<div data-elementor-type=\"wp-page\" data-elementor-id=\"249\" class=\"elementor elementor-249\" data-elementor-post-type=\"page\">\n\t\t\t\t\t\t<section class=\"elementor-section elementor-top-section elementor-element elementor-element-4e32718 elementor-section-full_width elementor-section-height-default elementor-section-height-default\" data-id=\"4e32718\" data-element_type=\"section\" data-e-type=\"section\">\n\t\t\t\t\t\t<div class=\"elementor-container elementor-column-gap-default\">\n\t\t\t\t\t<div class=\"elementor-column elementor-col-100 elementor-top-column elementor-element elementor-element-13595c6\" data-id=\"13595c6\" data-element_type=\"column\" data-e-type=\"column\">\n\t\t\t<div class=\"elementor-widget-wrap elementor-element-populated\">\n\t\t\t\t\t\t<div class=\"elementor-element elementor-element-991fab8 elementor-widget elementor-widget-image\" data-id=\"991fab8\" data-element_type=\"widget\" data-e-type=\"widget\" data-widget_type=\"image.default\">\n\t\t\t\t<div class=\"elementor-widget-container\">\n\t\t\t\t\t\t\t\t\t\t\t\t\t\t\t<img fetchpriority=\"high\" decoding=\"async\" width=\"2500\" height=\"1100\" src=\"https:\/\/www.dp.lu\/freiseng\/wp-content\/uploads\/sites\/57\/2023\/05\/Kandidaten-Freiseng2.jpg\" class=\"attachment-full size-full wp-image-259\" alt=\"\" srcset=\"https:\/\/www.dp.lu\/freiseng\/wp-content\/uploads\/sites\/57\/2023\/05\/Kandidaten-Freiseng2.jpg 2500w, https:\/\/www.dp.lu\/freiseng\/wp-content\/uploads\/sites\/57\/2023\/05\/Kandidaten-Freiseng2-300x132.jpg 300w, https:\/\/www.dp.lu\/freiseng\/wp-content\/uploads\/sites\/57\/2023\/05\/Kandidaten-Freiseng2-1024x451.jpg 1024w, https:\/\/www.dp.lu\/freiseng\/wp-content\/uploads\/sites\/57\/2023\/05\/Kandidaten-Freiseng2-768x338.jpg 768w, https:\/\/www.dp.lu\/freiseng\/wp-content\/uploads\/sites\/57\/2023\/05\/Kandidaten-Freiseng2-1536x676.jpg 1536w, https:\/\/www.dp.lu\/freiseng\/wp-content\/uploads\/sites\/57\/2023\/05\/Kandidaten-Freiseng2-2048x901.jpg 2048w\" sizes=\"(max-width: 2500px) 100vw, 2500px\" \/>\t\t\t\t\t\t\t\t\t\t\t\t\t\t\t<\/div>\n\t\t\t\t<\/div>\n\t\t\t\t\t<\/div>\n\t\t<\/div>\n\t\t\t\t\t<\/div>\n\t\t<\/section>\n\t\t\t\t<section class=\"elementor-section elementor-top-section elementor-element elementor-element-67a9637 elementor-section-boxed elementor-section-height-default elementor-section-height-default\" data-id=\"67a9637\" data-element_type=\"section\" data-e-type=\"section\" data-settings=\"{&quot;background_background&quot;:&quot;classic&quot;}\">\n\t\t\t\t\t\t<div class=\"elementor-container elementor-column-gap-default\">\n\t\t\t\t\t<div class=\"elementor-column elementor-col-100 elementor-top-column elementor-element elementor-element-89fabd9\" data-id=\"89fabd9\" data-element_type=\"column\" data-e-type=\"column\">\n\t\t\t<div class=\"elementor-widget-wrap elementor-element-populated\">\n\t\t\t\t\t\t<div class=\"elementor-element elementor-element-584caa2 elementor-widget elementor-widget-ucaddon_team_member_grid\" data-id=\"584caa2\" data-element_type=\"widget\" data-e-type=\"widget\" data-widget_type=\"ucaddon_team_member_grid.default\">\n\t\t\t\t<div class=\"elementor-widget-container\">\n\t\t\t\t\t\n<!-- start Team Member Grid -->\n\t\t<link id='font-awesome-css' href='https:\/\/www.dp.lu\/freiseng\/wp-content\/plugins\/unlimited-elements-for-elementor-premium\/assets_libraries\/font-awesome6\/fontawesome-all.min.css' type='text\/css' rel='stylesheet' >\n\t\t<link id='font-awesome-4-shim-css' href='https:\/\/www.dp.lu\/freiseng\/wp-content\/plugins\/unlimited-elements-for-elementor-premium\/assets_libraries\/font-awesome6\/fontawesome-v4-shims.min.css' type='text\/css' rel='stylesheet' >\n\n<style>\/* widget: Team Member Grid *\/\n\n#uc_team_member_grid_elementor_584caa2 *{\n  box-sizing:border-box;\n}\n#uc_team_member_grid_elementor_584caa2\n{\n  position:relative;\n  display:grid;\n}\n\n\n#uc_team_member_grid_elementor_584caa2 .team_member_grid_image_container\n{\n  display:inline-block;\n  overflow:hidden;\n  position:relative;\n  vertical-align:bottom;\n}\n\n\n#uc_team_member_grid_elementor_584caa2 .team_member_grid_image\n{\n  vertical-align:bottom;\n}\n\n#uc_team_member_grid_elementor_584caa2 .team_member_grid_image img\n{\n  object-fit:cover;\n  width:100%;\n  display:block;\n  transition:0.5s;\n  vertical-align:bottom;\n}\n#uc_team_member_grid_elementor_584caa2 .ue_grid_item\n{\n  overflow:hidden;\n  display:flex;\n  flex-direction:column;\n\n}\n.team_member_grid_title\n{\n  font-size:18px;\n}\n\n#uc_team_member_grid_elementor_584caa2 .team_member_grid_icons a\n{\n  display:inline-flex;\n  text-decoration:none;\n  align-items:center;\n  justify-content:center;\n  line-height:1em;\n  transition:0.3s;\n}\n\n#uc_team_member_grid_elementor_584caa2 .team_member_grid_icons a svg\n{\n  width:1em;\n  height:1em;\n}\n\n#uc_team_member_grid_elementor_584caa2 .uc_more_btn\n{\n  transition:0.3s;\n  text-align:center;\n  text-decoration:none;\n}\n\n#uc_team_member_grid_elementor_584caa2 .team_member_grid_image_overlay\n{\n  position:absolute;\n  top:0;\n  left:0;\n  transition:0.3s;\n  display:flex;\n  flex-direction:column;\n  justify-content:center;\n  align-items:center;\n}\n\n#uc_team_member_grid_elementor_584caa2 .team_member_grid_content\n{\n  display:flex;\n  flex-direction:column;\n  flex-grow: 1;\n}\n\n\n#uc_team_member_grid_elementor_584caa2 .team_member_grid_content .team_member_grid_text\n{\nflex-grow: 1;\n}\n\n#uc_team_member_grid_elementor_584caa2 .team_member_grid_content .team_member_grid_icons\n{\n  margin-top:auto;\n}\n\n#uc_team_member_grid_elementor_584caa2 .ue-company-logo img\n{\n  width:100%;\n}\n\n<\/style>\n\n<div id=\"uc_team_member_grid_elementor_584caa2\" class=\"team_member_grid\">\n   \t\t<div class=\"ue_grid_item\">\n  <div class=\"team_member_grid_header\">\n    <div class=\"team_member_grid_image\">\n     <div class=\"team_member_grid_image_container\">\n       <img decoding=\"async\" src=\"https:\/\/www.dp.lu\/freiseng\/wp-content\/uploads\/sites\/57\/2023\/05\/Freiseng_Raus_Carlo1.jpg\" alt=\"Freiseng_Raus_Carlo1\"  src=\"https:\/\/www.dp.lu\/freiseng\/wp-content\/uploads\/sites\/57\/2023\/05\/Freiseng_Raus_Carlo1.jpg\" alt=\"Freiseng_Raus_Carlo1\" width=\"500\" height=\"500\">\n       <div class=\"team_member_grid_image_overlay\">\n         \t\n         \t\n    \n                <\/div>\n     <\/div>\n    <\/div>\n    \t\n  \t\n    \n    \n    \n  <\/div>\n  \n  <div class=\"team_member_grid_content\">\n        \n    <div class=\"team_member_grid_title\">Carlo Raus<\/div>\t\n    <div class=\"team_member_grid_subtitle\">Sp\u00ebtzekandidat<\/div>        \n    \n    <div class=\"team_member_grid_text\"><p class=\"p1\">Sch\u00e4ffen<br \/>Pension\u00e9ierte Bauer<br \/>68 Joer<br \/>Uespelt<\/p><\/div>\t\n        \n      <\/div>\n<\/div>\n<div class=\"ue_grid_item\">\n  <div class=\"team_member_grid_header\">\n    <div class=\"team_member_grid_image\">\n     <div class=\"team_member_grid_image_container\">\n       <img decoding=\"async\" src=\"https:\/\/www.dp.lu\/freiseng\/wp-content\/uploads\/sites\/57\/2023\/05\/Freiseng_Borges-Almeida_Nuno1.jpg\" alt=\"Freiseng_Borges Almeida_Nuno1\"  src=\"https:\/\/www.dp.lu\/freiseng\/wp-content\/uploads\/sites\/57\/2023\/05\/Freiseng_Borges-Almeida_Nuno1.jpg\" alt=\"Freiseng_Borges Almeida_Nuno1\" width=\"500\" height=\"500\">\n       <div class=\"team_member_grid_image_overlay\">\n         \t\n         \t\n    \n                <\/div>\n     <\/div>\n    <\/div>\n    \t\n  \t\n    \n    \n    \n  <\/div>\n  \n  <div class=\"team_member_grid_content\">\n        \n    <div class=\"team_member_grid_title\">Nuno Borges Almeida<\/div>\t\n    <div class=\"team_member_grid_subtitle\"><\/div>        \n    \n    <div class=\"team_member_grid_text\"><p class=\"p1\">Asset Manager<br \/>31 Joer<br \/>Fr\u00e9iseng<\/p><\/div>\t\n        \n      <\/div>\n<\/div>\n<div class=\"ue_grid_item\">\n  <div class=\"team_member_grid_header\">\n    <div class=\"team_member_grid_image\">\n     <div class=\"team_member_grid_image_container\">\n       <img loading=\"lazy\" decoding=\"async\" src=\"https:\/\/www.dp.lu\/freiseng\/wp-content\/uploads\/sites\/57\/2023\/05\/Freiseng_Conrath_Daniel1.jpg\" alt=\"Freiseng_Conrath_Daniel1\"  src=\"https:\/\/www.dp.lu\/freiseng\/wp-content\/uploads\/sites\/57\/2023\/05\/Freiseng_Conrath_Daniel1.jpg\" alt=\"Freiseng_Conrath_Daniel1\" width=\"500\" height=\"500\">\n       <div class=\"team_member_grid_image_overlay\">\n         \t\n         \t\n    \n                <\/div>\n     <\/div>\n    <\/div>\n    \t\n  \t\n    \n    \n    \n  <\/div>\n  \n  <div class=\"team_member_grid_content\">\n        \n    <div class=\"team_member_grid_title\">Daniel Conrath<\/div>\t\n    <div class=\"team_member_grid_subtitle\"><\/div>        \n    \n    <div class=\"team_member_grid_text\"><p class=\"p1\">Pension\u00e4r<br \/>61 Joer<br \/>Fr\u00e9iseng<\/p><\/div>\t\n        \n      <\/div>\n<\/div>\n<div class=\"ue_grid_item\">\n  <div class=\"team_member_grid_header\">\n    <div class=\"team_member_grid_image\">\n     <div class=\"team_member_grid_image_container\">\n       <img loading=\"lazy\" decoding=\"async\" src=\"https:\/\/www.dp.lu\/freiseng\/wp-content\/uploads\/sites\/57\/2023\/05\/Freiseng_Goedert_Claudine1.jpg\" alt=\"Freiseng_Goedert_Claudine1\"  src=\"https:\/\/www.dp.lu\/freiseng\/wp-content\/uploads\/sites\/57\/2023\/05\/Freiseng_Goedert_Claudine1.jpg\" alt=\"Freiseng_Goedert_Claudine1\" width=\"500\" height=\"500\">\n       <div class=\"team_member_grid_image_overlay\">\n         \t\n         \t\n    \n                <\/div>\n     <\/div>\n    <\/div>\n    \t\n  \t\n    \n    \n    \n  <\/div>\n  \n  <div class=\"team_member_grid_content\">\n        \n    <div class=\"team_member_grid_title\">Claudine Goedert<\/div>\t\n    <div class=\"team_member_grid_subtitle\"><\/div>        \n    \n    <div class=\"team_member_grid_text\"><p class=\"p1\">Privatbeamtin<br \/>55 Joer<br \/>Helleng<\/p><\/div>\t\n        \n      <\/div>\n<\/div>\n<div class=\"ue_grid_item\">\n  <div class=\"team_member_grid_header\">\n    <div class=\"team_member_grid_image\">\n     <div class=\"team_member_grid_image_container\">\n       <img loading=\"lazy\" decoding=\"async\" src=\"https:\/\/www.dp.lu\/freiseng\/wp-content\/uploads\/sites\/57\/2023\/05\/Freiseng_Gouden_Amy1.jpg\" alt=\"Freiseng_Gouden_Amy1\"  src=\"https:\/\/www.dp.lu\/freiseng\/wp-content\/uploads\/sites\/57\/2023\/05\/Freiseng_Gouden_Amy1.jpg\" alt=\"Freiseng_Gouden_Amy1\" width=\"500\" height=\"500\">\n       <div class=\"team_member_grid_image_overlay\">\n         \t\n         \t\n    \n                <\/div>\n     <\/div>\n    <\/div>\n    \t\n  \t\n    \n    \n    \n  <\/div>\n  \n  <div class=\"team_member_grid_content\">\n        \n    <div class=\"team_member_grid_title\">Amy Gouden<\/div>\t\n    <div class=\"team_member_grid_subtitle\"><\/div>        \n    \n    <div class=\"team_member_grid_text\"><p class=\"p1\">Studentin<br \/>19 Joer<br \/>Uespelt<\/p><\/div>\t\n        \n      <\/div>\n<\/div>\n<div class=\"ue_grid_item\">\n  <div class=\"team_member_grid_header\">\n    <div class=\"team_member_grid_image\">\n     <div class=\"team_member_grid_image_container\">\n       <img loading=\"lazy\" decoding=\"async\" src=\"https:\/\/www.dp.lu\/freiseng\/wp-content\/uploads\/sites\/57\/2023\/05\/Freiseng_Hutmacher_Samantha1.jpg\" alt=\"Freiseng_Hutmacher_Samantha1\"  src=\"https:\/\/www.dp.lu\/freiseng\/wp-content\/uploads\/sites\/57\/2023\/05\/Freiseng_Hutmacher_Samantha1.jpg\" alt=\"Freiseng_Hutmacher_Samantha1\" width=\"500\" height=\"500\">\n       <div class=\"team_member_grid_image_overlay\">\n         \t\n         \t\n    \n                <\/div>\n     <\/div>\n    <\/div>\n    \t\n  \t\n    \n    \n    \n  <\/div>\n  \n  <div class=\"team_member_grid_content\">\n        \n    <div class=\"team_member_grid_title\">Samantha Hutmacher<\/div>\t\n    <div class=\"team_member_grid_subtitle\"><\/div>        \n    \n    <div class=\"team_member_grid_text\"><p class=\"p1\">Buchb\u00ebnner<br \/>38 Joer<br \/>Uespelt<\/p><\/div>\t\n        \n      <\/div>\n<\/div>\n<div class=\"ue_grid_item\">\n  <div class=\"team_member_grid_header\">\n    <div class=\"team_member_grid_image\">\n     <div class=\"team_member_grid_image_container\">\n       <img loading=\"lazy\" decoding=\"async\" src=\"https:\/\/www.dp.lu\/freiseng\/wp-content\/uploads\/sites\/57\/2023\/05\/Freiseng_Klein_Henri1.jpg\" alt=\"Freiseng_Klein_Henri1\"  src=\"https:\/\/www.dp.lu\/freiseng\/wp-content\/uploads\/sites\/57\/2023\/05\/Freiseng_Klein_Henri1.jpg\" alt=\"Freiseng_Klein_Henri1\" width=\"500\" height=\"500\">\n       <div class=\"team_member_grid_image_overlay\">\n         \t\n         \t\n    \n                <\/div>\n     <\/div>\n    <\/div>\n    \t\n  \t\n    \n    \n    \n  <\/div>\n  \n  <div class=\"team_member_grid_content\">\n        \n    <div class=\"team_member_grid_title\">Henri Klein<\/div>\t\n    <div class=\"team_member_grid_subtitle\"><\/div>        \n    \n    <div class=\"team_member_grid_text\"><p class=\"p1\">Agent CFL<br \/>38 Joer<br \/>Helleng<\/p><\/div>\t\n        \n      <\/div>\n<\/div>\n<div class=\"ue_grid_item\">\n  <div class=\"team_member_grid_header\">\n    <div class=\"team_member_grid_image\">\n     <div class=\"team_member_grid_image_container\">\n       <img loading=\"lazy\" decoding=\"async\" src=\"https:\/\/www.dp.lu\/freiseng\/wp-content\/uploads\/sites\/57\/2023\/05\/Freiseng_Lopes_Paul1.jpg\" alt=\"Freiseng_Lopes_Paul1\"  src=\"https:\/\/www.dp.lu\/freiseng\/wp-content\/uploads\/sites\/57\/2023\/05\/Freiseng_Lopes_Paul1.jpg\" alt=\"Freiseng_Lopes_Paul1\" width=\"500\" height=\"500\">\n       <div class=\"team_member_grid_image_overlay\">\n         \t\n         \t\n    \n                <\/div>\n     <\/div>\n    <\/div>\n    \t\n  \t\n    \n    \n    \n  <\/div>\n  \n  <div class=\"team_member_grid_content\">\n        \n    <div class=\"team_member_grid_title\">Paul Lopes<\/div>\t\n    <div class=\"team_member_grid_subtitle\"><\/div>        \n    \n    <div class=\"team_member_grid_text\"><p class=\"p1\">Directeur Marketing &amp; Relations Publiques<br \/>52 Joer<br \/>Fr\u00e9iseng<\/p><\/div>\t\n        \n      <\/div>\n<\/div>\n<div class=\"ue_grid_item\">\n  <div class=\"team_member_grid_header\">\n    <div class=\"team_member_grid_image\">\n     <div class=\"team_member_grid_image_container\">\n       <img loading=\"lazy\" decoding=\"async\" src=\"https:\/\/www.dp.lu\/freiseng\/wp-content\/uploads\/sites\/57\/2023\/05\/Freiseng_Pinto_Sonia1.jpg\" alt=\"Freiseng_Pinto_Sonia1\"  src=\"https:\/\/www.dp.lu\/freiseng\/wp-content\/uploads\/sites\/57\/2023\/05\/Freiseng_Pinto_Sonia1.jpg\" alt=\"Freiseng_Pinto_Sonia1\" width=\"500\" height=\"500\">\n       <div class=\"team_member_grid_image_overlay\">\n         \t\n         \t\n    \n                <\/div>\n     <\/div>\n    <\/div>\n    \t\n  \t\n    \n    \n    \n  <\/div>\n  \n  <div class=\"team_member_grid_content\">\n        \n    <div class=\"team_member_grid_title\">Sonia Pinto<\/div>\t\n    <div class=\"team_member_grid_subtitle\"><\/div>        \n    \n    <div class=\"team_member_grid_text\"><p class=\"p1\">Employ\u00e9e de l\u2018\u00e9tat<br \/>48 Joer<br \/>Helleng<\/p><\/div>\t\n        \n      <\/div>\n<\/div>\n<div class=\"ue_grid_item\">\n  <div class=\"team_member_grid_header\">\n    <div class=\"team_member_grid_image\">\n     <div class=\"team_member_grid_image_container\">\n       <img loading=\"lazy\" decoding=\"async\" src=\"https:\/\/www.dp.lu\/freiseng\/wp-content\/uploads\/sites\/57\/2023\/05\/Freiseng_Ribeiro_Michel1.jpg\" alt=\"Freiseng_Ribeiro_Michel1\"  src=\"https:\/\/www.dp.lu\/freiseng\/wp-content\/uploads\/sites\/57\/2023\/05\/Freiseng_Ribeiro_Michel1.jpg\" alt=\"Freiseng_Ribeiro_Michel1\" width=\"500\" height=\"500\">\n       <div class=\"team_member_grid_image_overlay\">\n         \t\n         \t\n    \n                <\/div>\n     <\/div>\n    <\/div>\n    \t\n  \t\n    \n    \n    \n  <\/div>\n  \n  <div class=\"team_member_grid_content\">\n        \n    <div class=\"team_member_grid_title\">Michel Ribeiro<\/div>\t\n    <div class=\"team_member_grid_subtitle\"><\/div>        \n    \n    <div class=\"team_member_grid_text\"><p class=\"p1\">Agent de coordination (T.I.C.E.)<br \/>45 Joer<br \/>Uespelt<\/p><\/div>\t\n        \n      <\/div>\n<\/div>\n<div class=\"ue_grid_item\">\n  <div class=\"team_member_grid_header\">\n    <div class=\"team_member_grid_image\">\n     <div class=\"team_member_grid_image_container\">\n       <img loading=\"lazy\" decoding=\"async\" src=\"https:\/\/www.dp.lu\/freiseng\/wp-content\/uploads\/sites\/57\/2023\/05\/Freiseng_Thinus_Germain1.jpg\" alt=\"Freiseng_Thinus_Germain1\"  src=\"https:\/\/www.dp.lu\/freiseng\/wp-content\/uploads\/sites\/57\/2023\/05\/Freiseng_Thinus_Germain1.jpg\" alt=\"Freiseng_Thinus_Germain1\" width=\"500\" height=\"500\">\n       <div class=\"team_member_grid_image_overlay\">\n         \t\n         \t\n    \n                <\/div>\n     <\/div>\n    <\/div>\n    \t\n  \t\n    \n    \n    \n  <\/div>\n  \n  <div class=\"team_member_grid_content\">\n        \n    <div class=\"team_member_grid_title\">Germain Thinus<\/div>\t\n    <div class=\"team_member_grid_subtitle\"><\/div>        \n    \n    <div class=\"team_member_grid_text\"><p class=\"p1\">Pension\u00e4r<br \/>68 Joer<br \/>Helleng<\/p><\/div>\t\n        \n      <\/div>\n<\/div>\n\n<\/div>\n<!-- end Team Member Grid -->\t\t\t\t<\/div>\n\t\t\t\t<\/div>\n\t\t\t\t\t<\/div>\n\t\t<\/div>\n\t\t\t\t\t<\/div>\n\t\t<\/section>\n\t\t\t\t<\/div>\n\t\t","protected":false},"excerpt":{"rendered":"<p>Carlo Raus Sp\u00ebtzekandidat Sch\u00e4ffenPension\u00e9ierte Bauer68 JoerUespelt Nuno Borges Almeida Asset Manager31 JoerFr\u00e9iseng Daniel Conrath Pension\u00e4r61 JoerFr\u00e9iseng Claudine Goedert Privatbeamtin55 JoerHelleng Amy Gouden Studentin19 JoerUespelt Samantha Hutmacher Buchb\u00ebnner38 JoerUespelt Henri Klein Agent CFL38 JoerHelleng Paul Lopes Directeur Marketing &amp; Relations Publiques52 JoerFr\u00e9iseng Sonia Pinto Employ\u00e9e de l\u2018\u00e9tat48 JoerHelleng Michel Ribeiro Agent de coordination (T.I.C.E.)45 JoerUespelt Germain [&hellip;]<\/p>\n","protected":false},"author":2,"featured_media":0,"parent":0,"menu_order":0,"comment_status":"closed","ping_status":"closed","template":"","meta":{"footnotes":""},"class_list":["post-249","page","type-page","status-publish","hentry","wpbf-post"],"_links":{"self":[{"href":"https:\/\/www.dp.lu\/freiseng\/wp-json\/wp\/v2\/pages\/249","targetHints":{"allow":["GET"]}}],"collection":[{"href":"https:\/\/www.dp.lu\/freiseng\/wp-json\/wp\/v2\/pages"}],"about":[{"href":"https:\/\/www.dp.lu\/freiseng\/wp-json\/wp\/v2\/types\/page"}],"author":[{"embeddable":true,"href":"https:\/\/www.dp.lu\/freiseng\/wp-json\/wp\/v2\/users\/2"}],"replies":[{"embeddable":true,"href":"https:\/\/www.dp.lu\/freiseng\/wp-json\/wp\/v2\/comments?post=249"}],"version-history":[{"count":7,"href":"https:\/\/www.dp.lu\/freiseng\/wp-json\/wp\/v2\/pages\/249\/revisions"}],"predecessor-version":[{"id":276,"href":"https:\/\/www.dp.lu\/freiseng\/wp-json\/wp\/v2\/pages\/249\/revisions\/276"}],"wp:attachment":[{"href":"https:\/\/www.dp.lu\/freiseng\/wp-json\/wp\/v2\/media?parent=249"}],"curies":[{"name":"wp","href":"https:\/\/api.w.org\/{rel}","templated":true}]}}