{"id":615,"date":"2023-05-10T20:25:01","date_gmt":"2023-05-10T20:25:01","guid":{"rendered":"https:\/\/www.dp.lu\/helperknapp\/?page_id=615"},"modified":"2023-05-26T13:26:26","modified_gmt":"2023-05-26T13:26:26","slug":"alter-a-soziales","status":"publish","type":"page","link":"https:\/\/www.dp.lu\/helperknapp\/programm\/alter-a-soziales\/","title":{"rendered":"Alter a Soziales"},"content":{"rendered":"\n<blockquote class=\"wp-block-quote is-layout-flow wp-block-quote-is-layout-flow\">\n<p>D\u2019Liewenserfarung vun eise Senioren ass eng Ber\u00e4icherung fir eis Gemeng. D\u2019DP w\u00e4ert d\u2019Viraussetzunge schafen, fir eisen eelere Matbierger, esou laang ew\u00e9i m\u00e9iglech, en eegest\u00e4nnegt a gutt Liewen doheem z\u2019erlaben.<br>Mir w\u00e4erten eis dofir fir e staarkt Matenaner vun de Generatiounen asetzen. Mir lee\u00ebn dob\u00e4i extra vill W\u00e4ert op seniore-gerecht Infrastrukturen a Fr\u00e4iz\u00e4it-Offeren. Grad ew\u00e9i op eng grouss Palett u Servicer a Gesch\u00e4fter no bei de Leit. Et ass och wichteg, fir den eelere Leit d\u2019M\u00e9iglechkeet ze ginn, fir u gesellschaftlechen Evenementer deelzehuelen.<\/p>\n<\/blockquote>\n\n\n\n<figure class=\"wp-block-image alignleft size-large is-resized\"><img decoding=\"async\" src=\"https:\/\/www.dp.lu\/helperknapp\/wp-content\/uploads\/sites\/11\/2023\/05\/housing-1024x576.jpg\" alt=\"Photo by David McBee\" class=\"wp-image-720\" width=\"256\" height=\"144\" srcset=\"https:\/\/www.dp.lu\/helperknapp\/wp-content\/uploads\/sites\/11\/2023\/05\/housing-1024x576.jpg 1024w, https:\/\/www.dp.lu\/helperknapp\/wp-content\/uploads\/sites\/11\/2023\/05\/housing-300x169.jpg 300w, https:\/\/www.dp.lu\/helperknapp\/wp-content\/uploads\/sites\/11\/2023\/05\/housing-768x432.jpg 768w, https:\/\/www.dp.lu\/helperknapp\/wp-content\/uploads\/sites\/11\/2023\/05\/housing-1536x864.jpg 1536w, https:\/\/www.dp.lu\/helperknapp\/wp-content\/uploads\/sites\/11\/2023\/05\/housing-2048x1152.jpg 2048w\" sizes=\"(max-width: 256px) 100vw, 256px\" \/><\/figure>\n\n\n\n<p><strong>Promotioun vu M\u00e9igenerationshaiser.<\/strong> Haiser, an deene m\u00e9i Generatiounen zesummeliewen, sinn oppe Plazen oder Wunnengen, fir M\u00ebnsche vun all Alter, mat verschiddenen Originnen oder kulturellem Hannergrond. Hei k\u00ebnne Jonk an Al an Harmonie zesumme liewen. D\u2019DP Helperknapp w\u00ebll den intergenerationelle Projet aus dem Masterplang \u00ebnnert der F\u00e9ierung vum Sch\u00e4fferot ausbauen an esou den Zesummenhalt an der Gemeng st\u00e4erken. D\u00ebse Projet schreift sech an eng laangfristeg an integr\u00e9iert Strategie vum aktuelle Sch\u00e4fferot mat enger 360\u00b0 Vue vun de Bierger. Vun de Cr\u00e8chen, iwwer d\u2019Maison Relais an d\u2019Grondschoul, iwwert d\u2019Jugendhaus, d\u2019Ver\u00e4iner an d\u2019Betreit Wunnen \u2013 de bloe Fuedem, gesteiert duerch dat zuk\u00fcnftegt Biergerhaus (Maison Citoyenne) am Gemengenhaus, ass gewollt d\u2019informalt L\u00e9ieren a Liewen, ennert Peers an ennert de Generatiounen, ze f\u00ebrderen.<\/p>\n\n\n\n<p><strong>D\u2019Sant\u00e9 publique an de Gemengen.<\/strong> Doktesch-Cabinete sinn op ville Plazen d\u2019Basis vun enger ambulanter, fl\u00e4chendeckender, h\u00e9ichw\u00e4erteger a biergernoer Gesondheetsversuergung. Dat betr\u00ebfft besonnesch d\u2019Gemengen iwwer Land. D\u2019DP Helperknapp w\u00e4ert dofir den aktuelle Projet vun engem Centre Medical an der fr\u00e9ierer Schoul vun T\u00ebnten ennerst\u00ebtzen, an och weider Projete w\u00e9i zBsp eng nei Apdikt, fir datt sech net n\u00ebmme m\u00e9i Generalisten a Spezialisten an eiser Gemeng n\u00e9ierloossen, mee och all verbonne Servicer w\u00e9i Analysen-Zenteren, Kinesitherapeuten, oder Soins \u00e0 domicile.<\/p>\n\n\n\n<p><strong>Seniorentransport.<\/strong> D\u2019DP Helperknapp \u00ebnnerst\u00ebtzt d\u2019Iddi vun engem Seniorentransport, fir datt eeler Leit oder Leit, d\u00e9i schlecht zu Fouss sinn, k\u00ebnnen hir Kommissiounen eegest\u00e4nneg maachen (Epicerie, Dokter, asw.). D\u00ebs M\u00e9iglechkeet g\u00ebtt et scho mam Service Bummelbus a mam Adapto. D\u2019DP Helperknapp w\u00ebll awer och ee weidere Service ubidden, dee fir d\u2019Leit akafe geet oder hinnen doheem kann \u00ebnnert d\u2019\u00c4erm gr\u00e4ifen nom Schema vun engem CIGL oder Forum pour l\u2019emploi.<\/p>\n\n\n\n<p><strong>Repas sur roues.<\/strong> Repas sur roues erlaabt et ville Gemengen, fir Leit ab 65 Joer Iessen ze liwweren, d\u00e9i Problemer hunn, fir an de Restaurant ze goen oder fir sech selwer ze kachen. D\u2019DP Helperknapp begr\u00e9isst datt de Sch\u00e4fferot d\u00ebse Service un de selwechte Prestataire ginn huet deen d\u2019Kantin vun der Maison Relais a Cr\u00e8che ger\u00e9iert. D\u00ebst sollt weiderhin an der ganzer Gemeng ugebuede ginn fir datt ee Maximum u Leit ab 65 Joer qualitativ a gesond Iessen an dat all Dag.<\/p>\n\n\n\n<div class=\"wp-block-columns is-layout-flex wp-container-core-columns-is-layout-28f84493 wp-block-columns-is-layout-flex\">\n<div class=\"wp-block-column is-layout-flow wp-block-column-is-layout-flow\" style=\"flex-basis:66.66%\">\n<p><strong>Beweegung am Alter.<\/strong> Kierperlech Aktivit\u00e9it h\u00e4lt fit. D\u2019DP Helperknapp w\u00e4ert d\u2019Offere fir Sport ze maachen (a fir generell a Beweegung ze bleiwen) \u00ebnnerst\u00ebtzen. Wann n\u00e9ideg sollen d\u00e9i Offeren ausgebaut ginn an och Leit accessibel gemaach ginn, d\u00e9i manner gutt dru sinn.<\/p>\n\n\n\n<p><strong>Clubs Seniors ausbauen. <\/strong>An Zesummenaarbecht mam Familljeminist\u00e8re soll de Service vun de Clubs Seniors ausgebaut ginn. Domadder soll den eelere Leit en ofwiesslungsr\u00e4iche Programm u Fr\u00e4iz\u00e4itaktivit\u00e9iten ugebuede ginn; g\u00e9int d\u2019Isol\u00e9ierung am Alter a fir e bessert Matenaner vun de Generatiounen.<\/p>\n<\/div>\n\n\n\n<div class=\"wp-block-column is-layout-flow wp-block-column-is-layout-flow\" style=\"flex-basis:33.33%\">\n<figure class=\"wp-block-image size-large\"><img fetchpriority=\"high\" decoding=\"async\" width=\"1024\" height=\"683\" src=\"https:\/\/www.dp.lu\/helperknapp\/wp-content\/uploads\/sites\/11\/2023\/05\/Aktiv-am-dretten-Alter-1024x683.jpg\" alt=\"Photo by Wellness Gallery Catalyst Foundation\" class=\"wp-image-858\" srcset=\"https:\/\/www.dp.lu\/helperknapp\/wp-content\/uploads\/sites\/11\/2023\/05\/Aktiv-am-dretten-Alter-1024x683.jpg 1024w, https:\/\/www.dp.lu\/helperknapp\/wp-content\/uploads\/sites\/11\/2023\/05\/Aktiv-am-dretten-Alter-300x200.jpg 300w, https:\/\/www.dp.lu\/helperknapp\/wp-content\/uploads\/sites\/11\/2023\/05\/Aktiv-am-dretten-Alter-768x512.jpg 768w, https:\/\/www.dp.lu\/helperknapp\/wp-content\/uploads\/sites\/11\/2023\/05\/Aktiv-am-dretten-Alter-1536x1024.jpg 1536w, https:\/\/www.dp.lu\/helperknapp\/wp-content\/uploads\/sites\/11\/2023\/05\/Aktiv-am-dretten-Alter-2048x1365.jpg 2048w\" sizes=\"(max-width: 1024px) 100vw, 1024px\" \/><\/figure>\n<\/div>\n<\/div>\n\n\n\n<p><strong>Digitale Rattrapage.<\/strong> Vill Leit hu Problemer mat den neien Technologien. Fir datt si net den Uschloss verl\u00e9ieren, sollen d\u2019Gemenge Coursen ubidden, fir d\u00e9i Leit fit ze maache fir d\u00e9i digital Welt. Och soll d\u00ebst ee feste Bestanddeel vum integeneratioelle Projet vun T\u00ebnte sinn.<br>Dee vun der DP gefouerte Minist\u00e4r fir Digitalisatioun huet 2021 den Nationalen Aktiounsplang fir d\u00e9i digital Inclusioun agefouert, deen eng digital inklusiv Gesellschaft erliichteren an engem digitale Gruef entg\u00e9intwierke soll. D\u00e9i dr\u00e4i Haaptziler vum Aktiounsplang sinn d\u2019Entw\u00e9cklung vun den digitale Kompetenzen, d\u2019Vereinfachung vum Zougang zu den digitalen Technologien an d\u2019Steigerung vun der Motivatioun a vum Vertrauen an d\u2019Digitalisatioun.<\/p>\n\n\n\n<p class=\"has-text-align-right\"><a href=\"https:\/\/www.dp.lu\/helperknapp\/programm\/een-attraktiivt-gesellschaftsliewen\/\" data-type=\"page\" data-id=\"644\"><strong>N\u00e4chst Thema: Een attraktiivt Gesellschaftsliewen<\/strong><\/a><\/p>\n\n\n\n<div class=\"wp-block-group alignfull has-text-color has-background is-layout-flow wp-block-group-is-layout-flow\" style=\"color:#000000;background-color:#cccccc\">\n<div style=\"height:64px\" aria-hidden=\"true\" class=\"wp-block-spacer\"><\/div>\n\n\n\n<p class=\"has-text-align-center has-large-font-size\" style=\"line-height:.9\"><strong>Nach Fro\u00ebn?<\/strong><\/p>\n\n\n\n<h2 class=\"wp-block-heading has-text-align-center has-black-color has-text-color\" id=\"schedule-a-visit\" style=\"font-size:50px;line-height:1.15;text-transform:none\"><strong><a href=\"https:\/\/www.dp.lu\/helperknapp\/meet-greets-dp-helperknapp\/\" data-type=\"page\" data-id=\"777\">Kommt op ee vun eise Meet&amp;Greets<\/a><\/strong><\/h2>\n\n\n\n<div class=\"wp-block-buttons is-horizontal is-content-justification-center is-layout-flex wp-container-core-buttons-is-layout-03627597 wp-block-buttons-is-layout-flex\">\n<div class=\"wp-block-button has-custom-width wp-block-button__width-50\"><a class=\"wp-block-button__link has-text-color has-background wp-element-button\" href=\"https:\/\/www.facebook.com\/events\/1003898847447959\" style=\"border-radius:50px;color:#ffffff;background-color:#000000\" target=\"_blank\" rel=\"noreferrer noopener\">Den 28. Mee ab 10:00 Auer um Helpermaart<\/a><\/div>\n<\/div>\n\n\n\n<p class=\"has-text-align-center has-small-font-size\"><em>Oder den 8. Juni op Huelmes<\/em><\/p>\n\n\n\n<div style=\"height:64px\" aria-hidden=\"true\" class=\"wp-block-spacer\"><\/div>\n<\/div>\n","protected":false},"excerpt":{"rendered":"<p>D\u2019Liewenserfarung vun eise Senioren ass eng Ber\u00e4icherung fir eis Gemeng. D\u2019DP w\u00e4ert d\u2019Viraussetzunge schafen, fir eisen eelere Matbierger, esou laang ew\u00e9i m\u00e9iglech, en eegest\u00e4nnegt a gutt Liewen doheem z\u2019erlaben.Mir w\u00e4erten eis dofir fir e staarkt Matenaner vun de Generatiounen asetzen. Mir lee\u00ebn dob\u00e4i extra vill W\u00e4ert op seniore-gerecht Infrastrukturen a Fr\u00e4iz\u00e4it-Offeren. Grad ew\u00e9i op eng [&hellip;]<\/p>\n","protected":false},"author":391,"featured_media":0,"parent":605,"menu_order":0,"comment_status":"closed","ping_status":"closed","template":"","meta":{"footnotes":""},"class_list":["post-615","page","type-page","status-publish","hentry","wpbf-post"],"_links":{"self":[{"href":"https:\/\/www.dp.lu\/helperknapp\/wp-json\/wp\/v2\/pages\/615","targetHints":{"allow":["GET"]}}],"collection":[{"href":"https:\/\/www.dp.lu\/helperknapp\/wp-json\/wp\/v2\/pages"}],"about":[{"href":"https:\/\/www.dp.lu\/helperknapp\/wp-json\/wp\/v2\/types\/page"}],"author":[{"embeddable":true,"href":"https:\/\/www.dp.lu\/helperknapp\/wp-json\/wp\/v2\/users\/391"}],"replies":[{"embeddable":true,"href":"https:\/\/www.dp.lu\/helperknapp\/wp-json\/wp\/v2\/comments?post=615"}],"version-history":[{"count":11,"href":"https:\/\/www.dp.lu\/helperknapp\/wp-json\/wp\/v2\/pages\/615\/revisions"}],"predecessor-version":[{"id":967,"href":"https:\/\/www.dp.lu\/helperknapp\/wp-json\/wp\/v2\/pages\/615\/revisions\/967"}],"up":[{"embeddable":true,"href":"https:\/\/www.dp.lu\/helperknapp\/wp-json\/wp\/v2\/pages\/605"}],"wp:attachment":[{"href":"https:\/\/www.dp.lu\/helperknapp\/wp-json\/wp\/v2\/media?parent=615"}],"curies":[{"name":"wp","href":"https:\/\/api.w.org\/{rel}","templated":true}]}}