{"id":652,"date":"2023-05-12T13:46:44","date_gmt":"2023-05-12T13:46:44","guid":{"rendered":"https:\/\/www.dp.lu\/helperknapp\/?page_id=652"},"modified":"2023-05-14T15:22:11","modified_gmt":"2023-05-14T15:22:11","slug":"sport-a-kultur","status":"publish","type":"page","link":"https:\/\/www.dp.lu\/helperknapp\/programm\/sport-a-kultur\/","title":{"rendered":"Sport a Kultur\u00a0\u00a0"},"content":{"rendered":"\n<figure class=\"wp-block-image alignright size-full\"><img fetchpriority=\"high\" decoding=\"async\" width=\"720\" height=\"476\" src=\"https:\/\/www.dp.lu\/helperknapp\/wp-content\/uploads\/sites\/11\/2023\/05\/cyclo-cross.jpg\" alt=\"\" class=\"wp-image-683\" srcset=\"https:\/\/www.dp.lu\/helperknapp\/wp-content\/uploads\/sites\/11\/2023\/05\/cyclo-cross.jpg 720w, https:\/\/www.dp.lu\/helperknapp\/wp-content\/uploads\/sites\/11\/2023\/05\/cyclo-cross-300x198.jpg 300w\" sizes=\"(max-width: 720px) 100vw, 720px\" \/><\/figure>\n\n\n\n<blockquote class=\"wp-block-quote is-layout-flow wp-block-quote-is-layout-flow\">\n<p><em>Villf\u00e4lteg Sports- a Kulturoffere beliewen d\u2019Gemeng a sinn e feste Bestanddeel vum gesellschaftleche Liewen. D\u2019DP w\u00e4ert d\u00e9i Offer &#8211; a generell d\u2019Sportsinfrastruktur an d\u2019Fr\u00e4iz\u00e4itinstallatiounen zu Gonschte vun all de Bierger &#8211; ausbauen.&nbsp;<\/em>&nbsp;<\/p>\n<\/blockquote>\n\n\n\n<p><strong>\u00cbffentlech Sportsanlagen.<\/strong> Den Acc\u00e8s zu de Sportsplazen an de Schoulh\u00e4ff ass dacks just de Kanner a Jugendlechen erlaabt. D\u2019DP Helperknapp w\u00e4ert sech dofir asetzen, datt d\u00e9i Sportsanlage fir jiddereen op sinn \u2013 och fir Leit, d\u00e9i keng Lizenz an engem Ver\u00e4in hunn. Och w\u00eblle mir eis derfir asetzen datt esou w\u00e9i am Masterplang ugedeit, all gr\u00e9issert Duerf s\u00e4i Multisport-Terrain kritt. &nbsp;<\/p>\n\n\n\n<p><strong>Bikepark.<\/strong> Weider w\u00eblle mir ee Bikepark an der direkter \u00cbmg\u00e9igend vum Campus Helperknapp am\u00e9nag\u00e9ieren. D\u00ebse soll dem ambition\u00e9ierten MTB&#8217;er a Cyclocrosser, grad ew\u00e9i dem Fr\u00e4iz\u00e4itfuerer ee Site bidden fir seng Technik um V\u00eblo ze verbesseren oder einfach just Spaass ze hunn un den diversen Obstaclen ew\u00e9i Spr\u00e9ng, Descenten, enger Br\u00e9ck, Trapen, Bamst\u00e4mm, H\u00fcrden, Hiwwelen a villes m\u00e9i. D\u00ebse Park ass dann och ungebonnen u bestehend MTB-Circuiten an en neie Cyclocross-Parcours. B\u00e4nke laanscht de Bikepark bidde s\u00e4mtleche Leit eng flott M\u00e9iglechkeet dem Nowuess bei senge Fortschr\u00ebtter oder och deene m\u00e9i experiment\u00e9ierte Fuerer nozekucken. E Bikewash no dob\u00e4i soll d&#8217;Offer vervollst\u00e4nnegen.<\/p>\n\n\n\n<p><strong>Eng grouss Offer fir Sport a Beweegung.<\/strong> Sport ass e wichtege Facteur fir d\u2019Wuelbefanne vun de Leit, besonnesch d\u2019Beweegung an der fr\u00ebscher Loft. D\u2019DP Helperknapp setzt sech fir eng ugepassten a villf\u00e4lteg Sportsoffer an.&nbsp;&nbsp;<\/p>\n\n\n\n<p><strong>Haaptberuffleche Sportskoordinator.<\/strong> D\u2019Koordinatioun vun de sportlechen Aktivit\u00e9iten an der Gemeng g\u00ebtt \u00ebmmer m\u00e9i komplex. D\u2019DP Helperknapp w\u00e4ert d\u2019Engag\u00e9iere vun engem haaptberuffleche Sportskoordinator analys\u00e9ieren, deen dob\u00e4i h\u00ebllefe g\u00e9if, d\u2019Zesummenaarbecht t\u00ebschent de verschiddenen Acteuren vum Campus an de Sportsclibb opzebauen an\/oder ze verbesseren.&nbsp;&nbsp;<\/p>\n\n\n\n<p><strong>Alternativ Sports- a Fr\u00e4iz\u00e4itofferen:<\/strong> Mir w\u00ebllen d\u2019M\u00e9iglechkeet analys\u00e9iere, w\u00e9i mir d&#8217;Gemeng (mat der H\u00ebllef vun de Bierger andeems hir Iddien a W\u00ebnsch geh\u00e9iert ginn) nach weider k\u00ebnnen duerch nei Sports- a Fr\u00e4iz\u00e4itsofferen beliewen. D\u00ebst k\u00ebnne nei Petanques Terrainen am Duerf sinn, wou ee sech g\u00e4re beg\u00e9int; en Outdoorfitnesspark, wou jonk bis al sech k\u00ebnne gesond a beweeglech halen; erneiert an un\u00ebneegebonnen Autopedestren; e Buerbeserfarungspad; e Kloterpark; e groussen Trampoline; e Minigolf oder villes m\u00e9i, wat ee sech ka virstellen.<\/p>\n\n\n\n<p><strong>Kulturoffer st\u00e4erken.<\/strong> D\u2019Kultur verb\u00ebnnt d\u2019M\u00ebnschen, si anim\u00e9iert zu Diskussiounen an zu engem Echange. D\u2019Offer u kulturelle Manifestatioune soll proaktiv ausgebaut ginn. D\u2019DP Helperknapp w\u00ebll d\u00e9i n\u00e9ideg Plazen a m\u00e9i Moyenen zur Verf\u00fcgung stellen. Esou solle bestee\u00ebnd kulturell Zentren optimis\u00e9iert ginn, an een neie Centre Culturel m\u00ebttelfristeg geplangt an \u00ebmgesat ginn.&nbsp;<\/p>\n\n\n\n<p>Och sozial m\u00e9i schwaach Bierger mussen Zougang zu kulturelle Manifestatiounen hunn. Initiativen ew\u00e9i de Kulturpass musse nach m\u00e9i an de Gemenge verbreet ginn. Gl\u00e4ichz\u00e4iteg soll och ee Schw\u00e9ierpunkt drop geluecht ginn fir de Kanner scho ganz fr\u00e9i den Zougang zu kulturelle Manifestatiounen an der Gemeng an och ausserhalb z\u2019erm\u00e9iglechen.&nbsp;<\/p>\n\n\n\n<figure class=\"wp-block-gallery has-nested-images columns-5 is-cropped wp-block-gallery-1 is-layout-flex wp-block-gallery-is-layout-flex\">\n<figure class=\"wp-block-image size-large\"><img decoding=\"async\" width=\"1024\" height=\"768\" data-id=\"710\" src=\"https:\/\/www.dp.lu\/helperknapp\/wp-content\/uploads\/sites\/11\/2023\/05\/IMG_8099-1024x768.jpg\" alt=\"Grevenknapp Vue\" class=\"wp-image-710\" srcset=\"https:\/\/www.dp.lu\/helperknapp\/wp-content\/uploads\/sites\/11\/2023\/05\/IMG_8099-1024x768.jpg 1024w, https:\/\/www.dp.lu\/helperknapp\/wp-content\/uploads\/sites\/11\/2023\/05\/IMG_8099-300x225.jpg 300w, https:\/\/www.dp.lu\/helperknapp\/wp-content\/uploads\/sites\/11\/2023\/05\/IMG_8099-768x576.jpg 768w, https:\/\/www.dp.lu\/helperknapp\/wp-content\/uploads\/sites\/11\/2023\/05\/IMG_8099-1536x1152.jpg 1536w, https:\/\/www.dp.lu\/helperknapp\/wp-content\/uploads\/sites\/11\/2023\/05\/IMG_8099-2048x1536.jpg 2048w\" sizes=\"(max-width: 1024px) 100vw, 1024px\" \/><figcaption class=\"wp-element-caption\">Grevenknapp Vue<\/figcaption><\/figure>\n\n\n\n<figure class=\"wp-block-image size-large\"><img decoding=\"async\" width=\"1024\" height=\"576\" data-id=\"709\" src=\"https:\/\/www.dp.lu\/helperknapp\/wp-content\/uploads\/sites\/11\/2023\/05\/IMG_4992-1024x576.jpg\" alt=\"Tumulus Bill\" class=\"wp-image-709\" srcset=\"https:\/\/www.dp.lu\/helperknapp\/wp-content\/uploads\/sites\/11\/2023\/05\/IMG_4992-1024x576.jpg 1024w, https:\/\/www.dp.lu\/helperknapp\/wp-content\/uploads\/sites\/11\/2023\/05\/IMG_4992-300x169.jpg 300w, https:\/\/www.dp.lu\/helperknapp\/wp-content\/uploads\/sites\/11\/2023\/05\/IMG_4992-768x432.jpg 768w, https:\/\/www.dp.lu\/helperknapp\/wp-content\/uploads\/sites\/11\/2023\/05\/IMG_4992-1536x864.jpg 1536w, https:\/\/www.dp.lu\/helperknapp\/wp-content\/uploads\/sites\/11\/2023\/05\/IMG_4992-2048x1152.jpg 2048w\" sizes=\"(max-width: 1024px) 100vw, 1024px\" \/><figcaption class=\"wp-element-caption\">Tumulus Bill<\/figcaption><\/figure>\n\n\n\n<figure class=\"wp-block-image size-large\"><img loading=\"lazy\" decoding=\"async\" width=\"1024\" height=\"768\" data-id=\"708\" src=\"https:\/\/www.dp.lu\/helperknapp\/wp-content\/uploads\/sites\/11\/2023\/05\/IMG_0234-1024x768.jpg\" alt=\"Kapell um Helperknapp\" class=\"wp-image-708\" srcset=\"https:\/\/www.dp.lu\/helperknapp\/wp-content\/uploads\/sites\/11\/2023\/05\/IMG_0234-1024x768.jpg 1024w, https:\/\/www.dp.lu\/helperknapp\/wp-content\/uploads\/sites\/11\/2023\/05\/IMG_0234-300x225.jpg 300w, https:\/\/www.dp.lu\/helperknapp\/wp-content\/uploads\/sites\/11\/2023\/05\/IMG_0234-768x576.jpg 768w, https:\/\/www.dp.lu\/helperknapp\/wp-content\/uploads\/sites\/11\/2023\/05\/IMG_0234-1536x1152.jpg 1536w, https:\/\/www.dp.lu\/helperknapp\/wp-content\/uploads\/sites\/11\/2023\/05\/IMG_0234-2048x1536.jpg 2048w\" sizes=\"(max-width: 1024px) 100vw, 1024px\" \/><figcaption class=\"wp-element-caption\">Kapell um Helperknapp<\/figcaption><\/figure>\n\n\n\n<figure class=\"wp-block-image size-large\"><img loading=\"lazy\" decoding=\"async\" width=\"768\" height=\"1024\" data-id=\"707\" src=\"https:\/\/www.dp.lu\/helperknapp\/wp-content\/uploads\/sites\/11\/2023\/05\/Huelmes_c-Heike_IMG_5657-768x1024.jpg\" alt=\"Huelmesser Schlass\" class=\"wp-image-707\" srcset=\"https:\/\/www.dp.lu\/helperknapp\/wp-content\/uploads\/sites\/11\/2023\/05\/Huelmes_c-Heike_IMG_5657-768x1024.jpg 768w, https:\/\/www.dp.lu\/helperknapp\/wp-content\/uploads\/sites\/11\/2023\/05\/Huelmes_c-Heike_IMG_5657-225x300.jpg 225w, https:\/\/www.dp.lu\/helperknapp\/wp-content\/uploads\/sites\/11\/2023\/05\/Huelmes_c-Heike_IMG_5657-1152x1536.jpg 1152w, https:\/\/www.dp.lu\/helperknapp\/wp-content\/uploads\/sites\/11\/2023\/05\/Huelmes_c-Heike_IMG_5657-1536x2048.jpg 1536w, https:\/\/www.dp.lu\/helperknapp\/wp-content\/uploads\/sites\/11\/2023\/05\/Huelmes_c-Heike_IMG_5657-scaled.jpg 1920w\" sizes=\"(max-width: 768px) 100vw, 768px\" \/><figcaption class=\"wp-element-caption\">Huelmesser Schlass<\/figcaption><\/figure>\n\n\n\n<figure class=\"wp-block-image size-large\"><img loading=\"lazy\" decoding=\"async\" width=\"853\" height=\"1024\" data-id=\"706\" src=\"https:\/\/www.dp.lu\/helperknapp\/wp-content\/uploads\/sites\/11\/2023\/05\/Helpermaart-Kopie-853x1024.jpg\" alt=\"Helpermaart Flyers\" class=\"wp-image-706\" srcset=\"https:\/\/www.dp.lu\/helperknapp\/wp-content\/uploads\/sites\/11\/2023\/05\/Helpermaart-Kopie-853x1024.jpg 853w, https:\/\/www.dp.lu\/helperknapp\/wp-content\/uploads\/sites\/11\/2023\/05\/Helpermaart-Kopie-250x300.jpg 250w, https:\/\/www.dp.lu\/helperknapp\/wp-content\/uploads\/sites\/11\/2023\/05\/Helpermaart-Kopie-768x921.jpg 768w, https:\/\/www.dp.lu\/helperknapp\/wp-content\/uploads\/sites\/11\/2023\/05\/Helpermaart-Kopie-1280x1536.jpg 1280w, https:\/\/www.dp.lu\/helperknapp\/wp-content\/uploads\/sites\/11\/2023\/05\/Helpermaart-Kopie-1707x2048.jpg 1707w\" sizes=\"(max-width: 853px) 100vw, 853px\" \/><figcaption class=\"wp-element-caption\">Helpermaart Flyers<\/figcaption><\/figure>\n<\/figure>\n\n\n\n<p><strong>Aktivtourismus.<\/strong> Den DP-gefouerten Tourismusminist\u00e8re setzt am Kader vu senger Strategie Tourismus 2022 weider op den Aktivtourismus. Fir L\u00ebtzebuerg als Destinatioun fir d\u2019Wanderen ze vermaarten, ass den nationale Reseau vun de Wanderwee\u00ebr restruktur\u00e9iert a besser un d\u00e9i touristesch Offeren an de Regiounen agebonne ginn. D\u2019Wee\u00ebr si ganz mat Sch\u00eblter equip\u00e9iert ginn, d\u00e9i d\u2019Richtungen an d\u2019Distanzen indiqu\u00e9ieren. D\u2019Gemeng Helperknapp huet ganzer 5 Auto P\u00e9destre. Mir w\u00eblle priorit\u00e4r ee weideren AP virschloen deen duerch di ganz Gemeng Helperknapp geet an esou d\u00e9i fr\u00e9ier Territoire vu B\u00e9iwen an T\u00ebnte matenee verb\u00ebnnt.\u00a0<\/p>\n\n\n\n<p><strong>Liesgruppen an Diskussiounsclibb.<\/strong> D\u2019DP Helperknapp w\u00ebll sech dofir asetzen, datt Raim fir Liesgruppen an Diskussiounsclibb m\u00e9iglech gemaach ginn. Och sollen d\u00e9i 2 Projete vun der fr\u00e9ierer Maison Relais vun T\u00ebnten fir Bicherkabinnen virum Koschteschbau a beim Park B\u00ebschdref kuerzerhand mat lokale Partner \u00ebmgesat ginn. Zesumme mat der grousser Kannerbiblioth\u00e9ik an dem Mierscher Lieshaus, sinn esou d\u2019Konditioune ginn datt d\u2019Liesen och mat der kultureller Funktioun vum Debatt\u00e9iere kombin\u00e9iert ka ginn.&nbsp;&nbsp;<\/p>\n\n\n\n<p><strong>Virschl\u00e9i fir eng nei Benotzung vu Kierchegebaier a vu Pascht\u00e9ieschhaiser.<\/strong> Den Undeel un eidele Kierchen a Pascht\u00e9ieschhaiser an den Stied an an den Dierfer kl\u00ebmmt best\u00e4nneg. D\u00e9i, d\u00e9i de Gemenge geh\u00e9ieren oder d\u00e9i de Gemengen iwwerlooss ginn, k\u00ebnne no hirer Entweiung s\u00ebnnvoll, anescht genotzt ginn \u2013 als Concertss\u00e4ll, Kulturzenteren, Sportshalen, Jugendzenteren oder esouguer als Caf\u00e9 \/ Restaurant.&nbsp;&nbsp;<\/p>\n\n\n\n<p class=\"has-text-align-right\"><a href=\"https:\/\/www.dp.lu\/helperknapp\/programm\/zesummeliewen-a-glaichstellung\/\" data-type=\"page\" data-id=\"657\"><strong>N\u00e4chst Thema: Zesummeliewen a Gl\u00e4ichstellung<\/strong><\/a><\/p>\n\n\n\n<div class=\"wp-block-group alignfull has-text-color has-background is-layout-flow wp-block-group-is-layout-flow\" style=\"color:#000000;background-color:#cccccc\">\n<div style=\"height:64px\" aria-hidden=\"true\" class=\"wp-block-spacer\"><\/div>\n\n\n\n<p class=\"has-text-align-center has-large-font-size\" style=\"line-height:.9\"><strong>Nach Fro\u00ebn?<\/strong><\/p>\n\n\n\n<h2 class=\"wp-block-heading has-text-align-center has-black-color has-text-color\" id=\"schedule-a-visit\" style=\"font-size:50px;line-height:1.15;text-transform:none\"><strong><a href=\"https:\/\/www.dp.lu\/helperknapp\/meet-greets-dp-helperknapp\/\" data-type=\"page\" data-id=\"777\">Kommt op ee vun eise Meet&amp;Greets<\/a><\/strong><\/h2>\n\n\n\n<div class=\"wp-block-buttons is-horizontal is-content-justification-center is-layout-flex wp-container-core-buttons-is-layout-03627597 wp-block-buttons-is-layout-flex\">\n<div class=\"wp-block-button has-custom-width wp-block-button__width-50\"><a class=\"wp-block-button__link has-text-color has-background wp-element-button\" href=\"https:\/\/www.facebook.com\/events\/1003898847447959\" style=\"border-radius:50px;color:#ffffff;background-color:#000000\" target=\"_blank\" rel=\"noreferrer noopener\">Den 28. Mee ab 10:00 Auer um Helpermaart<\/a><\/div>\n<\/div>\n\n\n\n<p class=\"has-text-align-center has-small-font-size\"><em>Oder den 8. Juni op Huelmes<\/em><\/p>\n\n\n\n<div style=\"height:64px\" aria-hidden=\"true\" class=\"wp-block-spacer\"><\/div>\n<\/div>\n","protected":false},"excerpt":{"rendered":"<p>Villf\u00e4lteg Sports- a Kulturoffere beliewen d\u2019Gemeng a sinn e feste Bestanddeel vum gesellschaftleche Liewen. D\u2019DP w\u00e4ert d\u00e9i Offer &#8211; a generell d\u2019Sportsinfrastruktur an d\u2019Fr\u00e4iz\u00e4itinstallatiounen zu Gonschte vun all de Bierger &#8211; ausbauen.&nbsp;&nbsp; \u00cbffentlech Sportsanlagen. Den Acc\u00e8s zu de Sportsplazen an de Schoulh\u00e4ff ass dacks just de Kanner a Jugendlechen erlaabt. D\u2019DP Helperknapp w\u00e4ert sech dofir [&hellip;]<\/p>\n","protected":false},"author":391,"featured_media":0,"parent":605,"menu_order":0,"comment_status":"closed","ping_status":"closed","template":"","meta":{"footnotes":""},"class_list":["post-652","page","type-page","status-publish","hentry","wpbf-post"],"_links":{"self":[{"href":"https:\/\/www.dp.lu\/helperknapp\/wp-json\/wp\/v2\/pages\/652","targetHints":{"allow":["GET"]}}],"collection":[{"href":"https:\/\/www.dp.lu\/helperknapp\/wp-json\/wp\/v2\/pages"}],"about":[{"href":"https:\/\/www.dp.lu\/helperknapp\/wp-json\/wp\/v2\/types\/page"}],"author":[{"embeddable":true,"href":"https:\/\/www.dp.lu\/helperknapp\/wp-json\/wp\/v2\/users\/391"}],"replies":[{"embeddable":true,"href":"https:\/\/www.dp.lu\/helperknapp\/wp-json\/wp\/v2\/comments?post=652"}],"version-history":[{"count":9,"href":"https:\/\/www.dp.lu\/helperknapp\/wp-json\/wp\/v2\/pages\/652\/revisions"}],"predecessor-version":[{"id":856,"href":"https:\/\/www.dp.lu\/helperknapp\/wp-json\/wp\/v2\/pages\/652\/revisions\/856"}],"up":[{"embeddable":true,"href":"https:\/\/www.dp.lu\/helperknapp\/wp-json\/wp\/v2\/pages\/605"}],"wp:attachment":[{"href":"https:\/\/www.dp.lu\/helperknapp\/wp-json\/wp\/v2\/media?parent=652"}],"curies":[{"name":"wp","href":"https:\/\/api.w.org\/{rel}","templated":true}]}}