{"id":78,"date":"2022-08-05T12:21:01","date_gmt":"2022-08-05T12:21:01","guid":{"rendered":"https:\/\/www.dp.lu\/hesper\/?page_id=78"},"modified":"2026-04-06T19:15:40","modified_gmt":"2026-04-06T19:15:40","slug":"comite","status":"publish","type":"page","link":"https:\/\/www.dp.lu\/hesper\/comite\/","title":{"rendered":"Comit\u00e9"},"content":{"rendered":"\t\t<div data-elementor-type=\"wp-page\" data-elementor-id=\"78\" class=\"elementor elementor-78\" data-elementor-post-type=\"page\">\n\t\t\t\t\t\t<section class=\"elementor-section elementor-top-section elementor-element elementor-element-4e32718 elementor-section-full_width elementor-section-height-default elementor-section-height-default\" data-id=\"4e32718\" data-element_type=\"section\" data-e-type=\"section\">\n\t\t\t\t\t\t<div class=\"elementor-container elementor-column-gap-default\">\n\t\t\t\t\t<div class=\"elementor-column elementor-col-100 elementor-top-column elementor-element elementor-element-13595c6\" data-id=\"13595c6\" data-element_type=\"column\" data-e-type=\"column\">\n\t\t\t<div class=\"elementor-widget-wrap elementor-element-populated\">\n\t\t\t\t\t\t\t<\/div>\n\t\t<\/div>\n\t\t\t\t\t<\/div>\n\t\t<\/section>\n\t\t\t\t<section class=\"elementor-section elementor-top-section elementor-element elementor-element-c59bd35 elementor-section-boxed elementor-section-height-default elementor-section-height-default\" data-id=\"c59bd35\" data-element_type=\"section\" data-e-type=\"section\">\n\t\t\t\t\t\t<div class=\"elementor-container elementor-column-gap-default\">\n\t\t\t\t\t<div class=\"elementor-column elementor-col-25 elementor-top-column elementor-element elementor-element-b78e985\" data-id=\"b78e985\" data-element_type=\"column\" data-e-type=\"column\">\n\t\t\t<div class=\"elementor-widget-wrap elementor-element-populated\">\n\t\t\t\t\t\t<div class=\"elementor-element elementor-element-e568035 elementor-widget elementor-widget-image\" data-id=\"e568035\" data-element_type=\"widget\" data-e-type=\"widget\" data-widget_type=\"image.default\">\n\t\t\t\t<div class=\"elementor-widget-container\">\n\t\t\t\t\t\t\t\t\t\t\t\t<figure class=\"wp-caption\">\n\t\t\t\t\t\t\t\t\t\t<img fetchpriority=\"high\" decoding=\"async\" width=\"1024\" height=\"1024\" src=\"https:\/\/www.dp.lu\/hesper\/wp-content\/uploads\/sites\/43\/2025\/03\/hesper-benhsain-david1_52783636420_o-1024x1024.jpg\" class=\"attachment-large size-large wp-image-458\" alt=\"\" srcset=\"https:\/\/www.dp.lu\/hesper\/wp-content\/uploads\/sites\/43\/2025\/03\/hesper-benhsain-david1_52783636420_o-1024x1024.jpg 1024w, https:\/\/www.dp.lu\/hesper\/wp-content\/uploads\/sites\/43\/2025\/03\/hesper-benhsain-david1_52783636420_o-300x300.jpg 300w, https:\/\/www.dp.lu\/hesper\/wp-content\/uploads\/sites\/43\/2025\/03\/hesper-benhsain-david1_52783636420_o-150x150.jpg 150w, https:\/\/www.dp.lu\/hesper\/wp-content\/uploads\/sites\/43\/2025\/03\/hesper-benhsain-david1_52783636420_o-768x768.jpg 768w, https:\/\/www.dp.lu\/hesper\/wp-content\/uploads\/sites\/43\/2025\/03\/hesper-benhsain-david1_52783636420_o-1536x1536.jpg 1536w, https:\/\/www.dp.lu\/hesper\/wp-content\/uploads\/sites\/43\/2025\/03\/hesper-benhsain-david1_52783636420_o-2048x2048.jpg 2048w\" sizes=\"(max-width: 1024px) 100vw, 1024px\" \/>\t\t\t\t\t\t\t\t\t\t\t<figcaption class=\"widget-image-caption wp-caption-text\">David Benhsain, President<\/figcaption>\n\t\t\t\t\t\t\t\t\t\t<\/figure>\n\t\t\t\t\t\t\t\t\t<\/div>\n\t\t\t\t<\/div>\n\t\t\t\t\t<\/div>\n\t\t<\/div>\n\t\t\t\t<div class=\"elementor-column elementor-col-25 elementor-top-column elementor-element elementor-element-39286ec\" data-id=\"39286ec\" data-element_type=\"column\" data-e-type=\"column\">\n\t\t\t<div class=\"elementor-widget-wrap elementor-element-populated\">\n\t\t\t\t\t\t<div class=\"elementor-element elementor-element-d4474bd elementor-widget elementor-widget-image\" data-id=\"d4474bd\" data-element_type=\"widget\" data-e-type=\"widget\" data-widget_type=\"image.default\">\n\t\t\t\t<div class=\"elementor-widget-container\">\n\t\t\t\t\t\t\t\t\t\t\t\t<figure class=\"wp-caption\">\n\t\t\t\t\t\t\t\t\t\t<img decoding=\"async\" width=\"1024\" height=\"1024\" src=\"https:\/\/www.dp.lu\/hesper\/wp-content\/uploads\/sites\/43\/2025\/03\/hesper-bracke-wanderscheid-marthy1_52783636375_o-1024x1024.jpg\" class=\"attachment-large size-large wp-image-459\" alt=\"\" srcset=\"https:\/\/www.dp.lu\/hesper\/wp-content\/uploads\/sites\/43\/2025\/03\/hesper-bracke-wanderscheid-marthy1_52783636375_o-1024x1024.jpg 1024w, https:\/\/www.dp.lu\/hesper\/wp-content\/uploads\/sites\/43\/2025\/03\/hesper-bracke-wanderscheid-marthy1_52783636375_o-300x300.jpg 300w, https:\/\/www.dp.lu\/hesper\/wp-content\/uploads\/sites\/43\/2025\/03\/hesper-bracke-wanderscheid-marthy1_52783636375_o-150x150.jpg 150w, https:\/\/www.dp.lu\/hesper\/wp-content\/uploads\/sites\/43\/2025\/03\/hesper-bracke-wanderscheid-marthy1_52783636375_o-768x768.jpg 768w, https:\/\/www.dp.lu\/hesper\/wp-content\/uploads\/sites\/43\/2025\/03\/hesper-bracke-wanderscheid-marthy1_52783636375_o-1536x1536.jpg 1536w, https:\/\/www.dp.lu\/hesper\/wp-content\/uploads\/sites\/43\/2025\/03\/hesper-bracke-wanderscheid-marthy1_52783636375_o-2048x2048.jpg 2048w\" sizes=\"(max-width: 1024px) 100vw, 1024px\" \/>\t\t\t\t\t\t\t\t\t\t\t<figcaption class=\"widget-image-caption wp-caption-text\">Marthy Bracke - Wanderscheid, Sekret\u00e4rin<\/figcaption>\n\t\t\t\t\t\t\t\t\t\t<\/figure>\n\t\t\t\t\t\t\t\t\t<\/div>\n\t\t\t\t<\/div>\n\t\t\t\t\t<\/div>\n\t\t<\/div>\n\t\t\t\t<div class=\"elementor-column elementor-col-25 elementor-top-column elementor-element elementor-element-4ee925a\" data-id=\"4ee925a\" data-element_type=\"column\" data-e-type=\"column\">\n\t\t\t<div class=\"elementor-widget-wrap elementor-element-populated\">\n\t\t\t\t\t\t<div class=\"elementor-element elementor-element-d5de44d elementor-widget elementor-widget-image\" data-id=\"d5de44d\" data-element_type=\"widget\" data-e-type=\"widget\" data-widget_type=\"image.default\">\n\t\t\t\t<div class=\"elementor-widget-container\">\n\t\t\t\t\t\t\t\t\t\t\t\t<figure class=\"wp-caption\">\n\t\t\t\t\t\t\t\t\t\t<img decoding=\"async\" width=\"1024\" height=\"1024\" src=\"https:\/\/www.dp.lu\/hesper\/wp-content\/uploads\/sites\/43\/2025\/03\/hesper-lamberty-claude1_52782688727_o-1024x1024.jpg\" class=\"attachment-large size-large wp-image-460\" alt=\"\" srcset=\"https:\/\/www.dp.lu\/hesper\/wp-content\/uploads\/sites\/43\/2025\/03\/hesper-lamberty-claude1_52782688727_o-1024x1024.jpg 1024w, https:\/\/www.dp.lu\/hesper\/wp-content\/uploads\/sites\/43\/2025\/03\/hesper-lamberty-claude1_52782688727_o-300x300.jpg 300w, https:\/\/www.dp.lu\/hesper\/wp-content\/uploads\/sites\/43\/2025\/03\/hesper-lamberty-claude1_52782688727_o-150x150.jpg 150w, https:\/\/www.dp.lu\/hesper\/wp-content\/uploads\/sites\/43\/2025\/03\/hesper-lamberty-claude1_52782688727_o-768x768.jpg 768w, https:\/\/www.dp.lu\/hesper\/wp-content\/uploads\/sites\/43\/2025\/03\/hesper-lamberty-claude1_52782688727_o-1536x1536.jpg 1536w, https:\/\/www.dp.lu\/hesper\/wp-content\/uploads\/sites\/43\/2025\/03\/hesper-lamberty-claude1_52782688727_o-2048x2048.jpg 2048w\" sizes=\"(max-width: 1024px) 100vw, 1024px\" \/>\t\t\t\t\t\t\t\t\t\t\t<figcaption class=\"widget-image-caption wp-caption-text\">Claude Lamberty, 1. Sch\u00e4ffen<\/figcaption>\n\t\t\t\t\t\t\t\t\t\t<\/figure>\n\t\t\t\t\t\t\t\t\t<\/div>\n\t\t\t\t<\/div>\n\t\t\t\t\t<\/div>\n\t\t<\/div>\n\t\t\t\t<div class=\"elementor-column elementor-col-25 elementor-top-column elementor-element elementor-element-73913e6\" data-id=\"73913e6\" data-element_type=\"column\" data-e-type=\"column\">\n\t\t\t<div class=\"elementor-widget-wrap elementor-element-populated\">\n\t\t\t\t\t\t<div class=\"elementor-element elementor-element-0fedabd elementor-widget elementor-widget-image\" data-id=\"0fedabd\" data-element_type=\"widget\" data-e-type=\"widget\" data-widget_type=\"image.default\">\n\t\t\t\t<div class=\"elementor-widget-container\">\n\t\t\t\t\t\t\t\t\t\t\t\t<figure class=\"wp-caption\">\n\t\t\t\t\t\t\t\t\t\t<img loading=\"lazy\" decoding=\"async\" width=\"1024\" height=\"1024\" src=\"https:\/\/www.dp.lu\/hesper\/wp-content\/uploads\/sites\/43\/2025\/03\/hesper-feyder-myriam1_52783237076_o-1024x1024.jpg\" class=\"attachment-large size-large wp-image-461\" alt=\"\" srcset=\"https:\/\/www.dp.lu\/hesper\/wp-content\/uploads\/sites\/43\/2025\/03\/hesper-feyder-myriam1_52783237076_o-1024x1024.jpg 1024w, https:\/\/www.dp.lu\/hesper\/wp-content\/uploads\/sites\/43\/2025\/03\/hesper-feyder-myriam1_52783237076_o-300x300.jpg 300w, https:\/\/www.dp.lu\/hesper\/wp-content\/uploads\/sites\/43\/2025\/03\/hesper-feyder-myriam1_52783237076_o-150x150.jpg 150w, https:\/\/www.dp.lu\/hesper\/wp-content\/uploads\/sites\/43\/2025\/03\/hesper-feyder-myriam1_52783237076_o-768x768.jpg 768w, https:\/\/www.dp.lu\/hesper\/wp-content\/uploads\/sites\/43\/2025\/03\/hesper-feyder-myriam1_52783237076_o-1536x1536.jpg 1536w, https:\/\/www.dp.lu\/hesper\/wp-content\/uploads\/sites\/43\/2025\/03\/hesper-feyder-myriam1_52783237076_o-2048x2048.jpg 2048w\" sizes=\"(max-width: 1024px) 100vw, 1024px\" \/>\t\t\t\t\t\t\t\t\t\t\t<figcaption class=\"widget-image-caption wp-caption-text\">Myriam Feyder, Gemengeconseill\u00e8re<\/figcaption>\n\t\t\t\t\t\t\t\t\t\t<\/figure>\n\t\t\t\t\t\t\t\t\t<\/div>\n\t\t\t\t<\/div>\n\t\t\t\t\t<\/div>\n\t\t<\/div>\n\t\t\t\t\t<\/div>\n\t\t<\/section>\n\t\t\t\t<section class=\"elementor-section elementor-top-section elementor-element elementor-element-3239914 elementor-section-boxed elementor-section-height-default elementor-section-height-default\" data-id=\"3239914\" data-element_type=\"section\" data-e-type=\"section\">\n\t\t\t\t\t\t<div class=\"elementor-container elementor-column-gap-default\">\n\t\t\t\t\t<div class=\"elementor-column elementor-col-25 elementor-top-column elementor-element elementor-element-7252c72\" data-id=\"7252c72\" data-element_type=\"column\" data-e-type=\"column\">\n\t\t\t<div class=\"elementor-widget-wrap elementor-element-populated\">\n\t\t\t\t\t\t<div class=\"elementor-element elementor-element-bd14cf9 elementor-widget elementor-widget-image\" data-id=\"bd14cf9\" data-element_type=\"widget\" data-e-type=\"widget\" data-widget_type=\"image.default\">\n\t\t\t\t<div class=\"elementor-widget-container\">\n\t\t\t\t\t\t\t\t\t\t\t\t<figure class=\"wp-caption\">\n\t\t\t\t\t\t\t\t\t\t<img loading=\"lazy\" decoding=\"async\" width=\"1024\" height=\"1024\" src=\"https:\/\/www.dp.lu\/hesper\/wp-content\/uploads\/sites\/43\/2025\/03\/hesper-pleimling-henri1_52783236796_o-1024x1024.jpg\" class=\"attachment-large size-large wp-image-462\" alt=\"\" srcset=\"https:\/\/www.dp.lu\/hesper\/wp-content\/uploads\/sites\/43\/2025\/03\/hesper-pleimling-henri1_52783236796_o-1024x1024.jpg 1024w, https:\/\/www.dp.lu\/hesper\/wp-content\/uploads\/sites\/43\/2025\/03\/hesper-pleimling-henri1_52783236796_o-300x300.jpg 300w, https:\/\/www.dp.lu\/hesper\/wp-content\/uploads\/sites\/43\/2025\/03\/hesper-pleimling-henri1_52783236796_o-150x150.jpg 150w, https:\/\/www.dp.lu\/hesper\/wp-content\/uploads\/sites\/43\/2025\/03\/hesper-pleimling-henri1_52783236796_o-768x768.jpg 768w, https:\/\/www.dp.lu\/hesper\/wp-content\/uploads\/sites\/43\/2025\/03\/hesper-pleimling-henri1_52783236796_o-1536x1536.jpg 1536w, https:\/\/www.dp.lu\/hesper\/wp-content\/uploads\/sites\/43\/2025\/03\/hesper-pleimling-henri1_52783236796_o-2048x2048.jpg 2048w\" sizes=\"(max-width: 1024px) 100vw, 1024px\" \/>\t\t\t\t\t\t\t\t\t\t\t<figcaption class=\"widget-image-caption wp-caption-text\">Heng Pleimling, Member<\/figcaption>\n\t\t\t\t\t\t\t\t\t\t<\/figure>\n\t\t\t\t\t\t\t\t\t<\/div>\n\t\t\t\t<\/div>\n\t\t\t\t\t<\/div>\n\t\t<\/div>\n\t\t\t\t<div class=\"elementor-column elementor-col-25 elementor-top-column elementor-element elementor-element-2891481\" data-id=\"2891481\" data-element_type=\"column\" data-e-type=\"column\">\n\t\t\t<div class=\"elementor-widget-wrap elementor-element-populated\">\n\t\t\t\t\t\t<div class=\"elementor-element elementor-element-ab7b91d elementor-widget elementor-widget-image\" data-id=\"ab7b91d\" data-element_type=\"widget\" data-e-type=\"widget\" data-widget_type=\"image.default\">\n\t\t\t\t<div class=\"elementor-widget-container\">\n\t\t\t\t\t\t\t\t\t\t\t\t<figure class=\"wp-caption\">\n\t\t\t\t\t\t\t\t\t\t<img loading=\"lazy\" decoding=\"async\" width=\"1024\" height=\"1024\" src=\"https:\/\/www.dp.lu\/hesper\/wp-content\/uploads\/sites\/43\/2025\/03\/hesper-streef-christiane1_52783694953_o-1024x1024.jpg\" class=\"attachment-large size-large wp-image-463\" alt=\"\" srcset=\"https:\/\/www.dp.lu\/hesper\/wp-content\/uploads\/sites\/43\/2025\/03\/hesper-streef-christiane1_52783694953_o-1024x1024.jpg 1024w, https:\/\/www.dp.lu\/hesper\/wp-content\/uploads\/sites\/43\/2025\/03\/hesper-streef-christiane1_52783694953_o-300x300.jpg 300w, https:\/\/www.dp.lu\/hesper\/wp-content\/uploads\/sites\/43\/2025\/03\/hesper-streef-christiane1_52783694953_o-150x150.jpg 150w, https:\/\/www.dp.lu\/hesper\/wp-content\/uploads\/sites\/43\/2025\/03\/hesper-streef-christiane1_52783694953_o-768x768.jpg 768w, https:\/\/www.dp.lu\/hesper\/wp-content\/uploads\/sites\/43\/2025\/03\/hesper-streef-christiane1_52783694953_o-1536x1536.jpg 1536w, https:\/\/www.dp.lu\/hesper\/wp-content\/uploads\/sites\/43\/2025\/03\/hesper-streef-christiane1_52783694953_o-2048x2048.jpg 2048w\" sizes=\"(max-width: 1024px) 100vw, 1024px\" \/>\t\t\t\t\t\t\t\t\t\t\t<figcaption class=\"widget-image-caption wp-caption-text\">Christiane Streef, Gemengeconseill\u00e8re<\/figcaption>\n\t\t\t\t\t\t\t\t\t\t<\/figure>\n\t\t\t\t\t\t\t\t\t<\/div>\n\t\t\t\t<\/div>\n\t\t\t\t\t<\/div>\n\t\t<\/div>\n\t\t\t\t<div class=\"elementor-column elementor-col-25 elementor-top-column elementor-element elementor-element-462f602\" data-id=\"462f602\" data-element_type=\"column\" data-e-type=\"column\">\n\t\t\t<div class=\"elementor-widget-wrap elementor-element-populated\">\n\t\t\t\t\t\t<div class=\"elementor-element elementor-element-4ad2b16 elementor-widget elementor-widget-image\" data-id=\"4ad2b16\" data-element_type=\"widget\" data-e-type=\"widget\" data-widget_type=\"image.default\">\n\t\t\t\t<div class=\"elementor-widget-container\">\n\t\t\t\t\t\t\t\t\t\t\t\t<figure class=\"wp-caption\">\n\t\t\t\t\t\t\t\t\t\t<img loading=\"lazy\" decoding=\"async\" width=\"500\" height=\"500\" src=\"https:\/\/www.dp.lu\/hesper\/wp-content\/uploads\/sites\/43\/2023\/06\/Hesper-Trierweiler-Katrin1.jpg\" class=\"attachment-large size-large wp-image-286\" alt=\"\" srcset=\"https:\/\/www.dp.lu\/hesper\/wp-content\/uploads\/sites\/43\/2023\/06\/Hesper-Trierweiler-Katrin1.jpg 500w, https:\/\/www.dp.lu\/hesper\/wp-content\/uploads\/sites\/43\/2023\/06\/Hesper-Trierweiler-Katrin1-300x300.jpg 300w, https:\/\/www.dp.lu\/hesper\/wp-content\/uploads\/sites\/43\/2023\/06\/Hesper-Trierweiler-Katrin1-150x150.jpg 150w\" sizes=\"(max-width: 500px) 100vw, 500px\" \/>\t\t\t\t\t\t\t\t\t\t\t<figcaption class=\"widget-image-caption wp-caption-text\">Katrin Trierweiler, Vizepresidentin<\/figcaption>\n\t\t\t\t\t\t\t\t\t\t<\/figure>\n\t\t\t\t\t\t\t\t\t<\/div>\n\t\t\t\t<\/div>\n\t\t\t\t\t<\/div>\n\t\t<\/div>\n\t\t\t\t<div class=\"elementor-column elementor-col-25 elementor-top-column elementor-element elementor-element-ce56513\" data-id=\"ce56513\" data-element_type=\"column\" data-e-type=\"column\">\n\t\t\t<div class=\"elementor-widget-wrap elementor-element-populated\">\n\t\t\t\t\t\t<div class=\"elementor-element elementor-element-a874a06 elementor-widget elementor-widget-image\" data-id=\"a874a06\" data-element_type=\"widget\" data-e-type=\"widget\" data-widget_type=\"image.default\">\n\t\t\t\t<div class=\"elementor-widget-container\">\n\t\t\t\t\t\t\t\t\t\t\t\t<figure class=\"wp-caption\">\n\t\t\t\t\t\t\t\t\t\t<img loading=\"lazy\" decoding=\"async\" width=\"1024\" height=\"1024\" src=\"https:\/\/www.dp.lu\/hesper\/wp-content\/uploads\/sites\/43\/2025\/03\/hesper-torres-misch1_52782688342_o-1-1024x1024.jpg\" class=\"attachment-large size-large wp-image-466\" alt=\"\" srcset=\"https:\/\/www.dp.lu\/hesper\/wp-content\/uploads\/sites\/43\/2025\/03\/hesper-torres-misch1_52782688342_o-1-1024x1024.jpg 1024w, https:\/\/www.dp.lu\/hesper\/wp-content\/uploads\/sites\/43\/2025\/03\/hesper-torres-misch1_52782688342_o-1-300x300.jpg 300w, https:\/\/www.dp.lu\/hesper\/wp-content\/uploads\/sites\/43\/2025\/03\/hesper-torres-misch1_52782688342_o-1-150x150.jpg 150w, https:\/\/www.dp.lu\/hesper\/wp-content\/uploads\/sites\/43\/2025\/03\/hesper-torres-misch1_52782688342_o-1-768x768.jpg 768w, https:\/\/www.dp.lu\/hesper\/wp-content\/uploads\/sites\/43\/2025\/03\/hesper-torres-misch1_52782688342_o-1-1536x1536.jpg 1536w, https:\/\/www.dp.lu\/hesper\/wp-content\/uploads\/sites\/43\/2025\/03\/hesper-torres-misch1_52782688342_o-1-2048x2048.jpg 2048w\" sizes=\"(max-width: 1024px) 100vw, 1024px\" \/>\t\t\t\t\t\t\t\t\t\t\t<figcaption class=\"widget-image-caption wp-caption-text\">Misch Torres, Gemengeconseiller<\/figcaption>\n\t\t\t\t\t\t\t\t\t\t<\/figure>\n\t\t\t\t\t\t\t\t\t<\/div>\n\t\t\t\t<\/div>\n\t\t\t\t\t<\/div>\n\t\t<\/div>\n\t\t\t\t\t<\/div>\n\t\t<\/section>\n\t\t\t\t<section class=\"elementor-section elementor-top-section elementor-element elementor-element-a82d56c elementor-section-boxed elementor-section-height-default elementor-section-height-default\" data-id=\"a82d56c\" data-element_type=\"section\" data-e-type=\"section\">\n\t\t\t\t\t\t<div class=\"elementor-container elementor-column-gap-default\">\n\t\t\t\t\t\t<\/div>\n\t\t<\/section>\n\t\t\t\t<section class=\"elementor-section elementor-top-section elementor-element elementor-element-c41fd82 elementor-section-boxed elementor-section-height-default elementor-section-height-default\" data-id=\"c41fd82\" data-element_type=\"section\" data-e-type=\"section\">\n\t\t\t\t\t\t<div class=\"elementor-container elementor-column-gap-default\">\n\t\t\t\t\t<div class=\"elementor-column elementor-col-25 elementor-top-column elementor-element elementor-element-ab05191\" data-id=\"ab05191\" data-element_type=\"column\" data-e-type=\"column\">\n\t\t\t<div class=\"elementor-widget-wrap elementor-element-populated\">\n\t\t\t\t\t\t<div class=\"elementor-element elementor-element-0440a47 elementor-widget elementor-widget-image\" data-id=\"0440a47\" data-element_type=\"widget\" data-e-type=\"widget\" data-widget_type=\"image.default\">\n\t\t\t\t<div class=\"elementor-widget-container\">\n\t\t\t\t\t\t\t\t\t\t\t\t<figure class=\"wp-caption\">\n\t\t\t\t\t\t\t\t\t\t<img loading=\"lazy\" decoding=\"async\" width=\"1024\" height=\"1024\" src=\"https:\/\/www.dp.lu\/hesper\/wp-content\/uploads\/sites\/43\/2025\/03\/hesper-schiltz-mireille1_52783236736_o-1024x1024.jpg\" class=\"attachment-large size-large wp-image-467\" alt=\"\" srcset=\"https:\/\/www.dp.lu\/hesper\/wp-content\/uploads\/sites\/43\/2025\/03\/hesper-schiltz-mireille1_52783236736_o-1024x1024.jpg 1024w, https:\/\/www.dp.lu\/hesper\/wp-content\/uploads\/sites\/43\/2025\/03\/hesper-schiltz-mireille1_52783236736_o-300x300.jpg 300w, https:\/\/www.dp.lu\/hesper\/wp-content\/uploads\/sites\/43\/2025\/03\/hesper-schiltz-mireille1_52783236736_o-150x150.jpg 150w, https:\/\/www.dp.lu\/hesper\/wp-content\/uploads\/sites\/43\/2025\/03\/hesper-schiltz-mireille1_52783236736_o-768x768.jpg 768w, https:\/\/www.dp.lu\/hesper\/wp-content\/uploads\/sites\/43\/2025\/03\/hesper-schiltz-mireille1_52783236736_o-1536x1536.jpg 1536w, https:\/\/www.dp.lu\/hesper\/wp-content\/uploads\/sites\/43\/2025\/03\/hesper-schiltz-mireille1_52783236736_o-2048x2048.jpg 2048w\" sizes=\"(max-width: 1024px) 100vw, 1024px\" \/>\t\t\t\t\t\t\t\t\t\t\t<figcaption class=\"widget-image-caption wp-caption-text\">Mireille Schiltz, Member<\/figcaption>\n\t\t\t\t\t\t\t\t\t\t<\/figure>\n\t\t\t\t\t\t\t\t\t<\/div>\n\t\t\t\t<\/div>\n\t\t\t\t\t<\/div>\n\t\t<\/div>\n\t\t\t\t<div class=\"elementor-column elementor-col-25 elementor-top-column elementor-element elementor-element-ba2b837\" data-id=\"ba2b837\" data-element_type=\"column\" data-e-type=\"column\">\n\t\t\t<div class=\"elementor-widget-wrap elementor-element-populated\">\n\t\t\t\t\t\t\t<\/div>\n\t\t<\/div>\n\t\t\t\t<div class=\"elementor-column elementor-col-25 elementor-top-column elementor-element elementor-element-94b70f4\" data-id=\"94b70f4\" data-element_type=\"column\" data-e-type=\"column\">\n\t\t\t<div class=\"elementor-widget-wrap\">\n\t\t\t\t\t\t\t<\/div>\n\t\t<\/div>\n\t\t\t\t<div class=\"elementor-column elementor-col-25 elementor-top-column elementor-element elementor-element-92b330d\" data-id=\"92b330d\" data-element_type=\"column\" data-e-type=\"column\">\n\t\t\t<div class=\"elementor-widget-wrap\">\n\t\t\t\t\t\t\t<\/div>\n\t\t<\/div>\n\t\t\t\t\t<\/div>\n\t\t<\/section>\n\t\t\t\t<section class=\"elementor-section elementor-top-section elementor-element elementor-element-67a9637 elementor-section-boxed elementor-section-height-default elementor-section-height-default\" data-id=\"67a9637\" data-element_type=\"section\" data-e-type=\"section\" data-settings=\"{&quot;background_background&quot;:&quot;classic&quot;}\">\n\t\t\t\t\t\t<div class=\"elementor-container elementor-column-gap-default\">\n\t\t\t\t\t<div class=\"elementor-column elementor-col-100 elementor-top-column elementor-element elementor-element-89fabd9\" data-id=\"89fabd9\" data-element_type=\"column\" data-e-type=\"column\">\n\t\t\t<div class=\"elementor-widget-wrap\">\n\t\t\t\t\t\t\t<\/div>\n\t\t<\/div>\n\t\t\t\t\t<\/div>\n\t\t<\/section>\n\t\t\t\t<\/div>\n\t\t","protected":false},"excerpt":{"rendered":"<p>David Benhsain, President Marthy Bracke &#8211; Wanderscheid, Sekret\u00e4rin Claude Lamberty, 1. Sch\u00e4ffen Myriam Feyder, Gemengeconseill\u00e8re Heng Pleimling, Member Christiane Streef, Gemengeconseill\u00e8re Katrin Trierweiler, Vizepresidentin Misch Torres, Gemengeconseiller Mireille Schiltz, Member<\/p>\n","protected":false},"author":2,"featured_media":0,"parent":0,"menu_order":0,"comment_status":"closed","ping_status":"closed","template":"","meta":{"footnotes":""},"class_list":["post-78","page","type-page","status-publish","hentry","wpbf-post"],"_links":{"self":[{"href":"https:\/\/www.dp.lu\/hesper\/wp-json\/wp\/v2\/pages\/78","targetHints":{"allow":["GET"]}}],"collection":[{"href":"https:\/\/www.dp.lu\/hesper\/wp-json\/wp\/v2\/pages"}],"about":[{"href":"https:\/\/www.dp.lu\/hesper\/wp-json\/wp\/v2\/types\/page"}],"author":[{"embeddable":true,"href":"https:\/\/www.dp.lu\/hesper\/wp-json\/wp\/v2\/users\/2"}],"replies":[{"embeddable":true,"href":"https:\/\/www.dp.lu\/hesper\/wp-json\/wp\/v2\/comments?post=78"}],"version-history":[{"count":54,"href":"https:\/\/www.dp.lu\/hesper\/wp-json\/wp\/v2\/pages\/78\/revisions"}],"predecessor-version":[{"id":509,"href":"https:\/\/www.dp.lu\/hesper\/wp-json\/wp\/v2\/pages\/78\/revisions\/509"}],"wp:attachment":[{"href":"https:\/\/www.dp.lu\/hesper\/wp-json\/wp\/v2\/media?parent=78"}],"curies":[{"name":"wp","href":"https:\/\/api.w.org\/{rel}","templated":true}]}}