{"id":81,"date":"2022-08-05T12:21:40","date_gmt":"2022-08-05T12:21:40","guid":{"rendered":"https:\/\/www.dp.lu\/kielen\/?page_id=81"},"modified":"2022-12-13T09:29:03","modified_gmt":"2022-12-13T09:29:03","slug":"gemengerot","status":"publish","type":"page","link":"https:\/\/www.dp.lu\/kielen\/gemengerot\/","title":{"rendered":"Gemengerot"},"content":{"rendered":"\t\t<div data-elementor-type=\"wp-page\" data-elementor-id=\"81\" class=\"elementor elementor-81\" data-elementor-settings=\"{&quot;scroll_snap&quot;:&quot;yes&quot;}\" data-elementor-post-type=\"page\">\n\t\t\t\t\t\t<section class=\"elementor-section elementor-top-section elementor-element elementor-element-4ace5cc elementor-section-full_width elementor-section-height-default elementor-section-height-default\" data-id=\"4ace5cc\" data-element_type=\"section\" data-e-type=\"section\">\n\t\t\t\t\t\t<div class=\"elementor-container elementor-column-gap-default\">\n\t\t\t\t\t<div class=\"elementor-column elementor-col-100 elementor-top-column elementor-element elementor-element-e468505\" data-id=\"e468505\" data-element_type=\"column\" data-e-type=\"column\">\n\t\t\t<div class=\"elementor-widget-wrap elementor-element-populated\">\n\t\t\t\t\t\t<div class=\"elementor-element elementor-element-4dead1c elementor-widget elementor-widget-image\" data-id=\"4dead1c\" data-element_type=\"widget\" data-e-type=\"widget\" data-widget_type=\"image.default\">\n\t\t\t\t<div class=\"elementor-widget-container\">\n\t\t\t\t\t\t\t\t\t\t\t\t\t\t\t<img fetchpriority=\"high\" decoding=\"async\" width=\"2500\" height=\"1100\" src=\"https:\/\/www.dp.lu\/kielen\/wp-content\/uploads\/sites\/16\/2022\/12\/krecke-patrick-titel.jpg\" class=\"attachment-full size-full wp-image-747\" alt=\"\" srcset=\"https:\/\/www.dp.lu\/kielen\/wp-content\/uploads\/sites\/16\/2022\/12\/krecke-patrick-titel.jpg 2500w, https:\/\/www.dp.lu\/kielen\/wp-content\/uploads\/sites\/16\/2022\/12\/krecke-patrick-titel-300x132.jpg 300w, https:\/\/www.dp.lu\/kielen\/wp-content\/uploads\/sites\/16\/2022\/12\/krecke-patrick-titel-1024x451.jpg 1024w, https:\/\/www.dp.lu\/kielen\/wp-content\/uploads\/sites\/16\/2022\/12\/krecke-patrick-titel-768x338.jpg 768w, https:\/\/www.dp.lu\/kielen\/wp-content\/uploads\/sites\/16\/2022\/12\/krecke-patrick-titel-1536x676.jpg 1536w, https:\/\/www.dp.lu\/kielen\/wp-content\/uploads\/sites\/16\/2022\/12\/krecke-patrick-titel-2048x901.jpg 2048w\" sizes=\"(max-width: 2500px) 100vw, 2500px\" \/>\t\t\t\t\t\t\t\t\t\t\t\t\t\t\t<\/div>\n\t\t\t\t<\/div>\n\t\t\t\t\t<\/div>\n\t\t<\/div>\n\t\t\t\t\t<\/div>\n\t\t<\/section>\n\t\t\t\t<section class=\"elementor-section elementor-top-section elementor-element elementor-element-cfe51d7 elementor-section-boxed elementor-section-height-default elementor-section-height-default\" data-id=\"cfe51d7\" data-element_type=\"section\" data-e-type=\"section\" data-settings=\"{&quot;background_background&quot;:&quot;classic&quot;}\">\n\t\t\t\t\t\t<div class=\"elementor-container elementor-column-gap-default\">\n\t\t\t\t\t<div class=\"elementor-column elementor-col-100 elementor-top-column elementor-element elementor-element-7d1f362\" data-id=\"7d1f362\" data-element_type=\"column\" data-e-type=\"column\">\n\t\t\t<div class=\"elementor-widget-wrap elementor-element-populated\">\n\t\t\t\t\t\t<div class=\"elementor-element elementor-element-10f5f22 elementor-widget elementor-widget-ucaddon_team_member_grid\" data-id=\"10f5f22\" data-element_type=\"widget\" data-e-type=\"widget\" data-widget_type=\"ucaddon_team_member_grid.default\">\n\t\t\t\t<div class=\"elementor-widget-container\">\n\t\t\t\t\t\n<!-- start Team Member Grid -->\n\t\t<link id='font-awesome-css' href='https:\/\/www.dp.lu\/kielen\/wp-content\/plugins\/unlimited-elements-for-elementor-premium\/assets_libraries\/font-awesome6\/fontawesome-all.min.css' type='text\/css' rel='stylesheet' >\n\t\t<link id='font-awesome-4-shim-css' href='https:\/\/www.dp.lu\/kielen\/wp-content\/plugins\/unlimited-elements-for-elementor-premium\/assets_libraries\/font-awesome6\/fontawesome-v4-shims.min.css' type='text\/css' rel='stylesheet' >\n\n<style>\/* widget: Team Member Grid *\/\n\n#uc_team_member_grid_elementor_10f5f22 *{\n  box-sizing:border-box;\n}\n#uc_team_member_grid_elementor_10f5f22\n{\n  position:relative;\n  display:grid;\n}\n\n\n#uc_team_member_grid_elementor_10f5f22 .team_member_grid_image_container\n{\n  display:inline-block;\n  overflow:hidden;\n  position:relative;\n  vertical-align:bottom;\n}\n\n\n#uc_team_member_grid_elementor_10f5f22 .team_member_grid_image\n{\n  vertical-align:bottom;\n}\n\n#uc_team_member_grid_elementor_10f5f22 .team_member_grid_image img\n{\n  object-fit:cover;\n  width:100%;\n  display:block;\n  transition:0.5s;\n  vertical-align:bottom;\n}\n#uc_team_member_grid_elementor_10f5f22 .ue_grid_item\n{\n  overflow:hidden;\n  display:flex;\n  flex-direction:column;\n\n}\n.team_member_grid_title\n{\n  font-size:18px;\n}\n\n#uc_team_member_grid_elementor_10f5f22 .team_member_grid_icons a\n{\n  display:inline-flex;\n  text-decoration:none;\n  align-items:center;\n  justify-content:center;\n  line-height:1em;\n  transition:0.3s;\n}\n\n#uc_team_member_grid_elementor_10f5f22 .team_member_grid_icons a svg\n{\n  width:1em;\n  height:1em;\n}\n\n#uc_team_member_grid_elementor_10f5f22 .uc_more_btn\n{\n  transition:0.3s;\n  text-align:center;\n  text-decoration:none;\n}\n\n#uc_team_member_grid_elementor_10f5f22 .team_member_grid_image_overlay\n{\n  position:absolute;\n  top:0;\n  left:0;\n  transition:0.3s;\n  display:flex;\n  flex-direction:column;\n  justify-content:center;\n  align-items:center;\n}\n\n#uc_team_member_grid_elementor_10f5f22 .team_member_grid_content\n{\n  display:flex;\n  flex-direction:column;\n  flex-grow: 1;\n}\n\n\n#uc_team_member_grid_elementor_10f5f22 .team_member_grid_content .team_member_grid_text\n{\nflex-grow: 1;\n}\n\n#uc_team_member_grid_elementor_10f5f22 .team_member_grid_content .team_member_grid_icons\n{\n  margin-top:auto;\n}\n\n#uc_team_member_grid_elementor_10f5f22 .ue-company-logo img\n{\n  width:100%;\n}\n\n<\/style>\n\n<div id=\"uc_team_member_grid_elementor_10f5f22\" class=\"team_member_grid\">\n   \t\t<div class=\"ue_grid_item\">\n  <div class=\"team_member_grid_header\">\n    \t\n  \t\n    \n    \n    \n  <\/div>\n  \n  <div class=\"team_member_grid_content\">\n        \n    <div class=\"team_member_grid_title\">Patrick Kreck\u00e9<\/div>\t\n    <div class=\"team_member_grid_subtitle\">Gemengeconseiller<\/div>    <div class=\"ue-company-logo\"><img decoding=\"async\" src=\"https:\/\/www.dp.lu\/kielen\/wp-content\/uploads\/sites\/16\/2022\/08\/dp_logo_round.png\"><\/div>    \n    \n    <div class=\"team_member_grid_text\"><p>Demokratie a fair Politik geh\u00e9ieren zu de Fundamenter vun der liberaler Beweegung zu L\u00ebtzebuerg, der Demokratescher Partei. An d\u00ebsem S\u00ebnn huet d\u2019DP an de leschte Joren eng konstruktiv Oppositiounspolitik an eiser Gemeng gemaach.<\/p><p>Vill Projeten hu mir an d\u00ebser Z\u00e4it \u00ebnnerst\u00ebtzt, konnten awer och net \u00ebmmer mat allem d\u2019Accord sinn. Besonnesch wann d\u2019K\u00e4schten ze h\u00e9ich oder e Projet an eisen Aen net st\u00ebmmeg war.<\/p><p>Eis Gemeng w\u00e4ert an den n\u00e4chste Joren weider staark wuessen, hei sief just de Projet Elmen ernimmt. D\u00ebst w\u00e4ert d\u00e9i Gemengeverantwortlech an Zukunft viru grouss Erausfuerderunge stellen \u2013 esouwuel finanzieller ew\u00e9i struktureller.<\/p><p>No der Demissioun vu mengem Virg\u00e4nger Tom Hansen, deem ech op d\u00ebser Platz villmools Merci fir seng Aarbecht am D\u00e9ngscht vum Bierger w\u00ebll soen, hunn ech am Juni 2021 d\u2019Mandat als Gemengeconseiller iwwerholl. Zesumme mat menge Kolleegen aus der Kielener Sektioun, si mir, en vue vun de Gemengewalen 2023, prett, fir eis d\u00ebser Erausfuerderung ze stellen a Verantwortung z\u2019iwwerhuelen.<\/p><\/div>\t\n        <div class=\"team_member_grid_icons\">\n      <a class=\"\" href=\"mailto:pkrecke@dp.lu\" ><i class='far fa-envelope'><\/i><\/a>\t\n      <a class=\"\" href=\"https:\/\/www.facebook.com\/patrick.krecke\" ><i class='fab fa-facebook-f'><\/i><\/a>\t\n      \t\n      \t\n    <\/div>\n        \n      <\/div>\n<\/div>\n\n<\/div>\n<!-- end Team Member Grid -->\t\t\t\t<\/div>\n\t\t\t\t<\/div>\n\t\t\t\t\t<\/div>\n\t\t<\/div>\n\t\t\t\t\t<\/div>\n\t\t<\/section>\n\t\t\t\t<\/div>\n\t\t","protected":false},"excerpt":{"rendered":"<p>Patrick Kreck\u00e9 Gemengeconseiller Demokratie a fair Politik geh\u00e9ieren zu de Fundamenter vun der liberaler Beweegung zu L\u00ebtzebuerg, der Demokratescher Partei. An d\u00ebsem S\u00ebnn huet d\u2019DP an de leschte Joren eng konstruktiv Oppositiounspolitik an eiser Gemeng gemaach. Vill Projeten hu mir an d\u00ebser Z\u00e4it \u00ebnnerst\u00ebtzt, konnten awer och net \u00ebmmer mat allem d\u2019Accord sinn. Besonnesch wann [&hellip;]<\/p>\n","protected":false},"author":2,"featured_media":582,"parent":0,"menu_order":0,"comment_status":"closed","ping_status":"closed","template":"","meta":{"footnotes":""},"class_list":["post-81","page","type-page","status-publish","has-post-thumbnail","hentry","wpbf-post"],"_links":{"self":[{"href":"https:\/\/www.dp.lu\/kielen\/wp-json\/wp\/v2\/pages\/81","targetHints":{"allow":["GET"]}}],"collection":[{"href":"https:\/\/www.dp.lu\/kielen\/wp-json\/wp\/v2\/pages"}],"about":[{"href":"https:\/\/www.dp.lu\/kielen\/wp-json\/wp\/v2\/types\/page"}],"author":[{"embeddable":true,"href":"https:\/\/www.dp.lu\/kielen\/wp-json\/wp\/v2\/users\/2"}],"replies":[{"embeddable":true,"href":"https:\/\/www.dp.lu\/kielen\/wp-json\/wp\/v2\/comments?post=81"}],"version-history":[{"count":100,"href":"https:\/\/www.dp.lu\/kielen\/wp-json\/wp\/v2\/pages\/81\/revisions"}],"predecessor-version":[{"id":757,"href":"https:\/\/www.dp.lu\/kielen\/wp-json\/wp\/v2\/pages\/81\/revisions\/757"}],"wp:featuredmedia":[{"embeddable":true,"href":"https:\/\/www.dp.lu\/kielen\/wp-json\/wp\/v2\/media\/582"}],"wp:attachment":[{"href":"https:\/\/www.dp.lu\/kielen\/wp-json\/wp\/v2\/media?parent=81"}],"curies":[{"name":"wp","href":"https:\/\/api.w.org\/{rel}","templated":true}]}}