{"id":1513,"date":"2023-04-22T18:26:09","date_gmt":"2023-04-22T18:26:09","guid":{"rendered":"https:\/\/www.dp.lu\/mamer\/?page_id=1513"},"modified":"2023-04-23T18:33:38","modified_gmt":"2023-04-23T18:33:38","slug":"gilbert-brandenburger","status":"publish","type":"page","link":"https:\/\/www.dp.lu\/mamer\/gilbert-brandenburger\/","title":{"rendered":"Gilbert Brandenburger"},"content":{"rendered":"\n<p>De Gilbert Brandenburger, 66 Joer, vun Holzem interess\u00e9iert sech scho ganz laang fir Politik an engag\u00e9iert sech g\u00e4ren, fir Saachen ze verbesseren. De pension\u00e9ierte Gemengenugestalten ass \u00ebnner anerem Member vun de Gemengekommissioune fir d\u2019Kultur an d\u2019Wee\u00ebr a B\u00ebschwirtschaft.<\/p>\n\n\n\n<figure class=\"wp-block-embed is-type-video is-provider-youtube wp-block-embed-youtube wp-embed-aspect-16-9 wp-has-aspect-ratio\"><div class=\"wp-block-embed__wrapper\">\n<div class=\"wpbf-responsive-embed\"><iframe title=\"Kandidaten Gilbert 2\" width=\"1200\" height=\"675\" src=\"https:\/\/www.youtube.com\/embed\/72-RZ7rSDRY?feature=oembed\" frameborder=\"0\" allow=\"accelerometer; autoplay; clipboard-write; encrypted-media; gyroscope; picture-in-picture; web-share\" allowfullscreen><\/iframe><\/div>\n<\/div><\/figure>\n","protected":false},"excerpt":{"rendered":"<p>De Gilbert Brandenburger, 66 Joer, vun Holzem interess\u00e9iert sech scho ganz laang fir Politik an engag\u00e9iert sech g\u00e4ren, fir Saachen ze verbesseren. De pension\u00e9ierte Gemengenugestalten ass \u00ebnner anerem Member vun de Gemengekommissioune fir d\u2019Kultur an d\u2019Wee\u00ebr a B\u00ebschwirtschaft.<\/p>\n","protected":false},"author":376,"featured_media":1245,"parent":0,"menu_order":0,"comment_status":"closed","ping_status":"closed","template":"","meta":{"footnotes":""},"class_list":["post-1513","page","type-page","status-publish","has-post-thumbnail","hentry","wpbf-post"],"_links":{"self":[{"href":"https:\/\/www.dp.lu\/mamer\/wp-json\/wp\/v2\/pages\/1513","targetHints":{"allow":["GET"]}}],"collection":[{"href":"https:\/\/www.dp.lu\/mamer\/wp-json\/wp\/v2\/pages"}],"about":[{"href":"https:\/\/www.dp.lu\/mamer\/wp-json\/wp\/v2\/types\/page"}],"author":[{"embeddable":true,"href":"https:\/\/www.dp.lu\/mamer\/wp-json\/wp\/v2\/users\/376"}],"replies":[{"embeddable":true,"href":"https:\/\/www.dp.lu\/mamer\/wp-json\/wp\/v2\/comments?post=1513"}],"version-history":[{"count":1,"href":"https:\/\/www.dp.lu\/mamer\/wp-json\/wp\/v2\/pages\/1513\/revisions"}],"predecessor-version":[{"id":1514,"href":"https:\/\/www.dp.lu\/mamer\/wp-json\/wp\/v2\/pages\/1513\/revisions\/1514"}],"wp:featuredmedia":[{"embeddable":true,"href":"https:\/\/www.dp.lu\/mamer\/wp-json\/wp\/v2\/media\/1245"}],"wp:attachment":[{"href":"https:\/\/www.dp.lu\/mamer\/wp-json\/wp\/v2\/media?parent=1513"}],"curies":[{"name":"wp","href":"https:\/\/api.w.org\/{rel}","templated":true}]}}