{"id":1619,"date":"2023-04-29T15:21:52","date_gmt":"2023-04-29T15:21:52","guid":{"rendered":"https:\/\/www.dp.lu\/mamer\/marie-kirch\/"},"modified":"2023-04-29T15:23:37","modified_gmt":"2023-04-29T15:23:37","slug":"marie-kirch","status":"publish","type":"page","link":"https:\/\/www.dp.lu\/mamer\/marie-kirch\/?lang=fr","title":{"rendered":"Marie Kirch"},"content":{"rendered":"\n<p>Le c\u0153ur de Marie Kirch bat pour Mamer. L\u2019architecte de 42 ans a grandi ici. En tant que m\u00e8re de 3 enfants, elle s\u2019engage pour que ses enfants puissent aussi y faire une formidable exp\u00e9rience et puissent \u00e9galement vivre dans une commune innovative \u00e0 l\u2019avenir.<\/p>\n\n<figure class=\"wp-block-embed is-type-video is-provider-youtube wp-block-embed-youtube wp-embed-aspect-16-9 wp-has-aspect-ratio\"><div class=\"wp-block-embed__wrapper\">\n<div class=\"wpbf-responsive-embed\"><iframe title=\"DP Gemeng Mamer Marie Kirch\" width=\"1200\" height=\"675\" src=\"https:\/\/www.youtube.com\/embed\/Xv2itNyraMA?feature=oembed\" frameborder=\"0\" allow=\"accelerometer; autoplay; clipboard-write; encrypted-media; gyroscope; picture-in-picture; web-share\" allowfullscreen><\/iframe><\/div>\n<\/div><\/figure>\n","protected":false},"excerpt":{"rendered":"<p>Le c\u0153ur de Marie Kirch bat pour Mamer. L\u2019architecte de 42 ans a grandi ici. En tant que m\u00e8re de 3 enfants, elle s\u2019engage pour que ses enfants puissent aussi y faire une formidable exp\u00e9rience et puissent \u00e9galement vivre dans une commune innovative \u00e0 l\u2019avenir.<\/p>\n","protected":false},"author":376,"featured_media":0,"parent":0,"menu_order":0,"comment_status":"closed","ping_status":"closed","template":"","meta":{"footnotes":""},"class_list":["post-1619","page","type-page","status-publish","hentry","wpbf-post"],"_links":{"self":[{"href":"https:\/\/www.dp.lu\/mamer\/wp-json\/wp\/v2\/pages\/1619","targetHints":{"allow":["GET"]}}],"collection":[{"href":"https:\/\/www.dp.lu\/mamer\/wp-json\/wp\/v2\/pages"}],"about":[{"href":"https:\/\/www.dp.lu\/mamer\/wp-json\/wp\/v2\/types\/page"}],"author":[{"embeddable":true,"href":"https:\/\/www.dp.lu\/mamer\/wp-json\/wp\/v2\/users\/376"}],"replies":[{"embeddable":true,"href":"https:\/\/www.dp.lu\/mamer\/wp-json\/wp\/v2\/comments?post=1619"}],"version-history":[{"count":1,"href":"https:\/\/www.dp.lu\/mamer\/wp-json\/wp\/v2\/pages\/1619\/revisions"}],"predecessor-version":[{"id":1620,"href":"https:\/\/www.dp.lu\/mamer\/wp-json\/wp\/v2\/pages\/1619\/revisions\/1620"}],"wp:attachment":[{"href":"https:\/\/www.dp.lu\/mamer\/wp-json\/wp\/v2\/media?parent=1619"}],"curies":[{"name":"wp","href":"https:\/\/api.w.org\/{rel}","templated":true}]}}