{"id":313,"date":"2023-06-07T08:14:39","date_gmt":"2023-06-07T08:14:39","guid":{"rendered":"https:\/\/www.dp.lu\/remeleng\/?page_id=313"},"modified":"2023-06-07T08:29:15","modified_gmt":"2023-06-07T08:29:15","slug":"eis-kandidaten","status":"publish","type":"page","link":"https:\/\/www.dp.lu\/remeleng\/eis-kandidaten\/","title":{"rendered":"Eis Kandidaten"},"content":{"rendered":"\t\t<div data-elementor-type=\"wp-page\" data-elementor-id=\"313\" class=\"elementor elementor-313\" data-elementor-post-type=\"page\">\n\t\t\t\t\t\t<section class=\"elementor-section elementor-top-section elementor-element elementor-element-4e32718 elementor-section-full_width elementor-section-height-default elementor-section-height-default\" data-id=\"4e32718\" data-element_type=\"section\" data-e-type=\"section\">\n\t\t\t\t\t\t<div class=\"elementor-container elementor-column-gap-default\">\n\t\t\t\t\t<div class=\"elementor-column elementor-col-100 elementor-top-column elementor-element elementor-element-13595c6\" data-id=\"13595c6\" data-element_type=\"column\" data-e-type=\"column\">\n\t\t\t<div class=\"elementor-widget-wrap elementor-element-populated\">\n\t\t\t\t\t\t<div class=\"elementor-element elementor-element-991fab8 elementor-widget elementor-widget-image\" data-id=\"991fab8\" data-element_type=\"widget\" data-e-type=\"widget\" data-widget_type=\"image.default\">\n\t\t\t\t<div class=\"elementor-widget-container\">\n\t\t\t\t\t\t\t\t\t\t\t\t\t\t\t<img fetchpriority=\"high\" decoding=\"async\" width=\"2500\" height=\"1100\" src=\"https:\/\/www.dp.lu\/remeleng\/wp-content\/uploads\/sites\/49\/2023\/06\/Kandidaten_Remeleng2.jpg\" class=\"attachment-full size-full wp-image-309\" alt=\"\" srcset=\"https:\/\/www.dp.lu\/remeleng\/wp-content\/uploads\/sites\/49\/2023\/06\/Kandidaten_Remeleng2.jpg 2500w, https:\/\/www.dp.lu\/remeleng\/wp-content\/uploads\/sites\/49\/2023\/06\/Kandidaten_Remeleng2-300x132.jpg 300w, https:\/\/www.dp.lu\/remeleng\/wp-content\/uploads\/sites\/49\/2023\/06\/Kandidaten_Remeleng2-1024x451.jpg 1024w, https:\/\/www.dp.lu\/remeleng\/wp-content\/uploads\/sites\/49\/2023\/06\/Kandidaten_Remeleng2-768x338.jpg 768w, https:\/\/www.dp.lu\/remeleng\/wp-content\/uploads\/sites\/49\/2023\/06\/Kandidaten_Remeleng2-1536x676.jpg 1536w, https:\/\/www.dp.lu\/remeleng\/wp-content\/uploads\/sites\/49\/2023\/06\/Kandidaten_Remeleng2-2048x901.jpg 2048w\" sizes=\"(max-width: 2500px) 100vw, 2500px\" \/>\t\t\t\t\t\t\t\t\t\t\t\t\t\t\t<\/div>\n\t\t\t\t<\/div>\n\t\t\t\t\t<\/div>\n\t\t<\/div>\n\t\t\t\t\t<\/div>\n\t\t<\/section>\n\t\t\t\t<section class=\"elementor-section elementor-top-section elementor-element elementor-element-67a9637 elementor-section-boxed elementor-section-height-default elementor-section-height-default\" data-id=\"67a9637\" data-element_type=\"section\" data-e-type=\"section\" data-settings=\"{&quot;background_background&quot;:&quot;classic&quot;}\">\n\t\t\t\t\t\t<div class=\"elementor-container elementor-column-gap-default\">\n\t\t\t\t\t<div class=\"elementor-column elementor-col-100 elementor-top-column elementor-element elementor-element-89fabd9\" data-id=\"89fabd9\" data-element_type=\"column\" data-e-type=\"column\">\n\t\t\t<div class=\"elementor-widget-wrap elementor-element-populated\">\n\t\t\t\t\t\t<div class=\"elementor-element elementor-element-584caa2 elementor-widget elementor-widget-ucaddon_team_member_grid\" data-id=\"584caa2\" data-element_type=\"widget\" data-e-type=\"widget\" data-widget_type=\"ucaddon_team_member_grid.default\">\n\t\t\t\t<div class=\"elementor-widget-container\">\n\t\t\t\t\t\n<!-- start Team Member Grid -->\n\t\t<link id='font-awesome-css' href='https:\/\/www.dp.lu\/remeleng\/wp-content\/plugins\/unlimited-elements-for-elementor-premium\/assets_libraries\/font-awesome6\/fontawesome-all.min.css' type='text\/css' rel='stylesheet' >\n\t\t<link id='font-awesome-4-shim-css' href='https:\/\/www.dp.lu\/remeleng\/wp-content\/plugins\/unlimited-elements-for-elementor-premium\/assets_libraries\/font-awesome6\/fontawesome-v4-shims.min.css' type='text\/css' rel='stylesheet' >\n\n<style>\/* widget: Team Member Grid *\/\n\n#uc_team_member_grid_elementor_584caa2 *{\n  box-sizing:border-box;\n}\n#uc_team_member_grid_elementor_584caa2\n{\n  position:relative;\n  display:grid;\n}\n\n\n#uc_team_member_grid_elementor_584caa2 .team_member_grid_image_container\n{\n  display:inline-block;\n  overflow:hidden;\n  position:relative;\n  vertical-align:bottom;\n}\n\n\n#uc_team_member_grid_elementor_584caa2 .team_member_grid_image\n{\n  vertical-align:bottom;\n}\n\n#uc_team_member_grid_elementor_584caa2 .team_member_grid_image img\n{\n  object-fit:cover;\n  width:100%;\n  display:block;\n  transition:0.5s;\n  vertical-align:bottom;\n}\n#uc_team_member_grid_elementor_584caa2 .ue_grid_item\n{\n  overflow:hidden;\n  display:flex;\n  flex-direction:column;\n\n}\n.team_member_grid_title\n{\n  font-size:18px;\n}\n\n#uc_team_member_grid_elementor_584caa2 .team_member_grid_icons a\n{\n  display:inline-flex;\n  text-decoration:none;\n  align-items:center;\n  justify-content:center;\n  line-height:1em;\n  transition:0.3s;\n}\n\n#uc_team_member_grid_elementor_584caa2 .team_member_grid_icons a svg\n{\n  width:1em;\n  height:1em;\n}\n\n#uc_team_member_grid_elementor_584caa2 .uc_more_btn\n{\n  transition:0.3s;\n  text-align:center;\n  text-decoration:none;\n}\n\n#uc_team_member_grid_elementor_584caa2 .team_member_grid_image_overlay\n{\n  position:absolute;\n  top:0;\n  left:0;\n  transition:0.3s;\n  display:flex;\n  flex-direction:column;\n  justify-content:center;\n  align-items:center;\n}\n\n#uc_team_member_grid_elementor_584caa2 .team_member_grid_content\n{\n  display:flex;\n  flex-direction:column;\n  flex-grow: 1;\n}\n\n\n#uc_team_member_grid_elementor_584caa2 .team_member_grid_content .team_member_grid_text\n{\nflex-grow: 1;\n}\n\n#uc_team_member_grid_elementor_584caa2 .team_member_grid_content .team_member_grid_icons\n{\n  margin-top:auto;\n}\n\n#uc_team_member_grid_elementor_584caa2 .ue-company-logo img\n{\n  width:100%;\n}\n\n<\/style>\n\n<div id=\"uc_team_member_grid_elementor_584caa2\" class=\"team_member_grid\">\n   \t\t<div class=\"ue_grid_item\">\n  <div class=\"team_member_grid_header\">\n    <div class=\"team_member_grid_image\">\n     <div class=\"team_member_grid_image_container\">\n       <img decoding=\"async\" src=\"https:\/\/www.dp.lu\/remeleng\/wp-content\/uploads\/sites\/49\/2023\/06\/Remeleng-Wagner-Patrick-dit-Mini1.jpg\" alt=\"Re\u0308meleng - Wagner Patrick dit Mini1\"  src=\"https:\/\/www.dp.lu\/remeleng\/wp-content\/uploads\/sites\/49\/2023\/06\/Remeleng-Wagner-Patrick-dit-Mini1.jpg\" alt=\"Re\u0308meleng - Wagner Patrick dit Mini1\" width=\"500\" height=\"500\">\n       <div class=\"team_member_grid_image_overlay\">\n         \t\n         \t\n    \n                <\/div>\n     <\/div>\n    <\/div>\n    \t\n  \t\n    \n    \n    \n  <\/div>\n  \n  <div class=\"team_member_grid_content\">\n        \n    <div class=\"team_member_grid_title\">Patrick dit Mini Wagner<\/div>\t\n    <div class=\"team_member_grid_subtitle\">Sp\u00ebtzekandidat<\/div>        \n    \n    <div class=\"team_member_grid_text\"><p class=\"p1\">Gemengeconseiller<br \/>Chau\ufb00er fr h\u00ebllefbed\u00fcrfteg Leit<br \/>58 Joer<\/p><\/div>\t\n        \n      <\/div>\n<\/div>\n<div class=\"ue_grid_item\">\n  <div class=\"team_member_grid_header\">\n    <div class=\"team_member_grid_image\">\n     <div class=\"team_member_grid_image_container\">\n       <img decoding=\"async\" src=\"https:\/\/www.dp.lu\/remeleng\/wp-content\/uploads\/sites\/49\/2023\/06\/Remeleng-Zwick-Elodie1.jpg\" alt=\"Re\u0308meleng - Zwick Elodie1\"  src=\"https:\/\/www.dp.lu\/remeleng\/wp-content\/uploads\/sites\/49\/2023\/06\/Remeleng-Zwick-Elodie1.jpg\" alt=\"Re\u0308meleng - Zwick Elodie1\" width=\"500\" height=\"500\">\n       <div class=\"team_member_grid_image_overlay\">\n         \t\n         \t\n    \n                <\/div>\n     <\/div>\n    <\/div>\n    \t\n  \t\n    \n    \n    \n  <\/div>\n  \n  <div class=\"team_member_grid_content\">\n        \n    <div class=\"team_member_grid_title\">Elodie Zwick<\/div>\t\n    <div class=\"team_member_grid_subtitle\">Sp\u00ebtzekandidatin<\/div>        \n    \n    <div class=\"team_member_grid_text\"><p class=\"p1\">Educatrice gradu\u00e9e<br \/>30 Joer<\/p><\/div>\t\n        \n      <\/div>\n<\/div>\n<div class=\"ue_grid_item\">\n  <div class=\"team_member_grid_header\">\n    <div class=\"team_member_grid_image\">\n     <div class=\"team_member_grid_image_container\">\n       <img loading=\"lazy\" decoding=\"async\" src=\"https:\/\/www.dp.lu\/remeleng\/wp-content\/uploads\/sites\/49\/2023\/06\/Remeleng-Boukelmoun-Serena1.jpg\" alt=\"Re\u0308meleng - Boukelmoun Serena1\"  src=\"https:\/\/www.dp.lu\/remeleng\/wp-content\/uploads\/sites\/49\/2023\/06\/Remeleng-Boukelmoun-Serena1.jpg\" alt=\"Re\u0308meleng - Boukelmoun Serena1\" width=\"500\" height=\"500\">\n       <div class=\"team_member_grid_image_overlay\">\n         \t\n         \t\n    \n                <\/div>\n     <\/div>\n    <\/div>\n    \t\n  \t\n    \n    \n    \n  <\/div>\n  \n  <div class=\"team_member_grid_content\">\n        \n    <div class=\"team_member_grid_title\">Serena Boukelmoun<\/div>\t\n    <div class=\"team_member_grid_subtitle\"><\/div>        \n    \n    <div class=\"team_member_grid_text\"><p class=\"p1\">Studentin<br \/>24 Joer<\/p><\/div>\t\n        \n      <\/div>\n<\/div>\n<div class=\"ue_grid_item\">\n  <div class=\"team_member_grid_header\">\n    <div class=\"team_member_grid_image\">\n     <div class=\"team_member_grid_image_container\">\n       <img loading=\"lazy\" decoding=\"async\" src=\"https:\/\/www.dp.lu\/remeleng\/wp-content\/uploads\/sites\/49\/2023\/06\/Remeleng-De-Sa-Ribeiro-David1.jpg\" alt=\"Re\u0308meleng - De Sa Ribeiro David1\"  src=\"https:\/\/www.dp.lu\/remeleng\/wp-content\/uploads\/sites\/49\/2023\/06\/Remeleng-De-Sa-Ribeiro-David1.jpg\" alt=\"Re\u0308meleng - De Sa Ribeiro David1\" width=\"500\" height=\"500\">\n       <div class=\"team_member_grid_image_overlay\">\n         \t\n         \t\n    \n                <\/div>\n     <\/div>\n    <\/div>\n    \t\n  \t\n    \n    \n    \n  <\/div>\n  \n  <div class=\"team_member_grid_content\">\n        \n    <div class=\"team_member_grid_title\">David De Sa Ribeiro<\/div>\t\n    <div class=\"team_member_grid_subtitle\"><\/div>        \n    \n    <div class=\"team_member_grid_text\"><p class=\"p1\">Aarbechter<br \/>48 Joer<\/p><\/div>\t\n        \n      <\/div>\n<\/div>\n<div class=\"ue_grid_item\">\n  <div class=\"team_member_grid_header\">\n    <div class=\"team_member_grid_image\">\n     <div class=\"team_member_grid_image_container\">\n       <img loading=\"lazy\" decoding=\"async\" src=\"https:\/\/www.dp.lu\/remeleng\/wp-content\/uploads\/sites\/49\/2023\/06\/Remeleng-Gros-Christiane1.jpg\" alt=\"Re\u0308meleng - Gros Christiane1\"  src=\"https:\/\/www.dp.lu\/remeleng\/wp-content\/uploads\/sites\/49\/2023\/06\/Remeleng-Gros-Christiane1.jpg\" alt=\"Re\u0308meleng - Gros Christiane1\" width=\"500\" height=\"500\">\n       <div class=\"team_member_grid_image_overlay\">\n         \t\n         \t\n    \n                <\/div>\n     <\/div>\n    <\/div>\n    \t\n  \t\n    \n    \n    \n  <\/div>\n  \n  <div class=\"team_member_grid_content\">\n        \n    <div class=\"team_member_grid_title\">Christiane Gros<\/div>\t\n    <div class=\"team_member_grid_subtitle\"><\/div>        \n    \n    <div class=\"team_member_grid_text\"><p class=\"p1\">Administrativ Assistentin<br \/>45 Joer<\/p><\/div>\t\n        \n      <\/div>\n<\/div>\n<div class=\"ue_grid_item\">\n  <div class=\"team_member_grid_header\">\n    <div class=\"team_member_grid_image\">\n     <div class=\"team_member_grid_image_container\">\n       <img loading=\"lazy\" decoding=\"async\" src=\"https:\/\/www.dp.lu\/remeleng\/wp-content\/uploads\/sites\/49\/2023\/06\/Remeleng-Oliveira-Rodrigues-Jamica-Thais1.jpg\" alt=\"Re\u0308meleng - Oliveira Rodrigues Jamica Thai\u0308s1\"  src=\"https:\/\/www.dp.lu\/remeleng\/wp-content\/uploads\/sites\/49\/2023\/06\/Remeleng-Oliveira-Rodrigues-Jamica-Thais1.jpg\" alt=\"Re\u0308meleng - Oliveira Rodrigues Jamica Thai\u0308s1\" width=\"500\" height=\"500\">\n       <div class=\"team_member_grid_image_overlay\">\n         \t\n         \t\n    \n                <\/div>\n     <\/div>\n    <\/div>\n    \t\n  \t\n    \n    \n    \n  <\/div>\n  \n  <div class=\"team_member_grid_content\">\n        \n    <div class=\"team_member_grid_title\">Jamica Tha\u00efs Oliveira Rodrigues<\/div>\t\n    <div class=\"team_member_grid_subtitle\"><\/div>        \n    \n    <div class=\"team_member_grid_text\"><p class=\"p1\">Aide-Educatrice<br \/>20 Joer<\/p><\/div>\t\n        \n      <\/div>\n<\/div>\n<div class=\"ue_grid_item\">\n  <div class=\"team_member_grid_header\">\n    <div class=\"team_member_grid_image\">\n     <div class=\"team_member_grid_image_container\">\n       <img loading=\"lazy\" decoding=\"async\" src=\"https:\/\/www.dp.lu\/remeleng\/wp-content\/uploads\/sites\/49\/2023\/06\/Remeleng-Ramos-Coimbra-Samuel1.jpg\" alt=\"Re\u0308meleng - Ramos Coimbra Samuel1\"  src=\"https:\/\/www.dp.lu\/remeleng\/wp-content\/uploads\/sites\/49\/2023\/06\/Remeleng-Ramos-Coimbra-Samuel1.jpg\" alt=\"Re\u0308meleng - Ramos Coimbra Samuel1\" width=\"500\" height=\"500\">\n       <div class=\"team_member_grid_image_overlay\">\n         \t\n         \t\n    \n                <\/div>\n     <\/div>\n    <\/div>\n    \t\n  \t\n    \n    \n    \n  <\/div>\n  \n  <div class=\"team_member_grid_content\">\n        \n    <div class=\"team_member_grid_title\">Samuel Ramos Coimbra<\/div>\t\n    <div class=\"team_member_grid_subtitle\"><\/div>        \n    \n    <div class=\"team_member_grid_text\"><p class=\"p1\">Steemetzer<br \/>24 Joer<\/p><\/div>\t\n        \n      <\/div>\n<\/div>\n<div class=\"ue_grid_item\">\n  <div class=\"team_member_grid_header\">\n    <div class=\"team_member_grid_image\">\n     <div class=\"team_member_grid_image_container\">\n       <img loading=\"lazy\" decoding=\"async\" src=\"https:\/\/www.dp.lu\/remeleng\/wp-content\/uploads\/sites\/49\/2023\/06\/Remeleng-Ress-Jessica1.jpg\" alt=\"Re\u0308meleng - Ress Jessica1\"  src=\"https:\/\/www.dp.lu\/remeleng\/wp-content\/uploads\/sites\/49\/2023\/06\/Remeleng-Ress-Jessica1.jpg\" alt=\"Re\u0308meleng - Ress Jessica1\" width=\"500\" height=\"500\">\n       <div class=\"team_member_grid_image_overlay\">\n         \t\n         \t\n    \n                <\/div>\n     <\/div>\n    <\/div>\n    \t\n  \t\n    \n    \n    \n  <\/div>\n  \n  <div class=\"team_member_grid_content\">\n        \n    <div class=\"team_member_grid_title\">Jessica Ress<\/div>\t\n    <div class=\"team_member_grid_subtitle\"><\/div>        \n    \n    <div class=\"team_member_grid_text\"><p class=\"p1\">Immobilienh\u00e4ndlerin<br \/>37 Joer<\/p><\/div>\t\n        \n      <\/div>\n<\/div>\n<div class=\"ue_grid_item\">\n  <div class=\"team_member_grid_header\">\n    <div class=\"team_member_grid_image\">\n     <div class=\"team_member_grid_image_container\">\n       <img loading=\"lazy\" decoding=\"async\" src=\"https:\/\/www.dp.lu\/remeleng\/wp-content\/uploads\/sites\/49\/2023\/06\/Remeleng-Souza-Lima-Quezia1.jpg\" alt=\"Re\u0308meleng - Souza Lima Quezia1\"  src=\"https:\/\/www.dp.lu\/remeleng\/wp-content\/uploads\/sites\/49\/2023\/06\/Remeleng-Souza-Lima-Quezia1.jpg\" alt=\"Re\u0308meleng - Souza Lima Quezia1\" width=\"500\" height=\"500\">\n       <div class=\"team_member_grid_image_overlay\">\n         \t\n         \t\n    \n                <\/div>\n     <\/div>\n    <\/div>\n    \t\n  \t\n    \n    \n    \n  <\/div>\n  \n  <div class=\"team_member_grid_content\">\n        \n    <div class=\"team_member_grid_title\">Quezia Souza Lima<\/div>\t\n    <div class=\"team_member_grid_subtitle\"><\/div>        \n    \n    <div class=\"team_member_grid_text\"><p class=\"p1\">Hausfra<br \/>27 Joer<\/p><\/div>\t\n        \n      <\/div>\n<\/div>\n<div class=\"ue_grid_item\">\n  <div class=\"team_member_grid_header\">\n    <div class=\"team_member_grid_image\">\n     <div class=\"team_member_grid_image_container\">\n       <img loading=\"lazy\" decoding=\"async\" src=\"https:\/\/www.dp.lu\/remeleng\/wp-content\/uploads\/sites\/49\/2023\/06\/Remeleng-Spahic-Damir1.jpg\" alt=\"Re\u0308meleng - Spahic Damir1\"  src=\"https:\/\/www.dp.lu\/remeleng\/wp-content\/uploads\/sites\/49\/2023\/06\/Remeleng-Spahic-Damir1.jpg\" alt=\"Re\u0308meleng - Spahic Damir1\" width=\"500\" height=\"500\">\n       <div class=\"team_member_grid_image_overlay\">\n         \t\n         \t\n    \n                <\/div>\n     <\/div>\n    <\/div>\n    \t\n  \t\n    \n    \n    \n  <\/div>\n  \n  <div class=\"team_member_grid_content\">\n        \n    <div class=\"team_member_grid_title\">Damir Spahic<\/div>\t\n    <div class=\"team_member_grid_subtitle\"><\/div>        \n    \n    <div class=\"team_member_grid_text\"><p class=\"p1\">Enseignant am Fondamental<br \/>22 Joer<\/p><\/div>\t\n        \n      <\/div>\n<\/div>\n<div class=\"ue_grid_item\">\n  <div class=\"team_member_grid_header\">\n    <div class=\"team_member_grid_image\">\n     <div class=\"team_member_grid_image_container\">\n       <img loading=\"lazy\" decoding=\"async\" src=\"https:\/\/www.dp.lu\/remeleng\/wp-content\/uploads\/sites\/49\/2023\/06\/Remeleng-Tassi-Jerome-Pierre1.jpg\" alt=\"Re\u0308meleng - Tassi Je\u0301ro\u0302me Pierre1\"  src=\"https:\/\/www.dp.lu\/remeleng\/wp-content\/uploads\/sites\/49\/2023\/06\/Remeleng-Tassi-Jerome-Pierre1.jpg\" alt=\"Re\u0308meleng - Tassi Je\u0301ro\u0302me Pierre1\" width=\"500\" height=\"500\">\n       <div class=\"team_member_grid_image_overlay\">\n         \t\n         \t\n    \n                <\/div>\n     <\/div>\n    <\/div>\n    \t\n  \t\n    \n    \n    \n  <\/div>\n  \n  <div class=\"team_member_grid_content\">\n        \n    <div class=\"team_member_grid_title\">J\u00e9r\u00f4me Pierre Tassi<\/div>\t\n    <div class=\"team_member_grid_subtitle\"><\/div>        \n    \n    <div class=\"team_member_grid_text\"><p class=\"p1\">Enseignant am Fondamental<br \/>46 Joer<\/p><\/div>\t\n        \n      <\/div>\n<\/div>\n\n<\/div>\n<!-- end Team Member Grid -->\t\t\t\t<\/div>\n\t\t\t\t<\/div>\n\t\t\t\t\t<\/div>\n\t\t<\/div>\n\t\t\t\t\t<\/div>\n\t\t<\/section>\n\t\t\t\t<\/div>\n\t\t","protected":false},"excerpt":{"rendered":"<p>Patrick dit Mini Wagner Sp\u00ebtzekandidat GemengeconseillerChau\ufb00er fr h\u00ebllefbed\u00fcrfteg Leit58 Joer Elodie Zwick Sp\u00ebtzekandidatin Educatrice gradu\u00e9e30 Joer Serena Boukelmoun Studentin24 Joer David De Sa Ribeiro Aarbechter48 Joer Christiane Gros Administrativ Assistentin45 Joer Jamica Tha\u00efs Oliveira Rodrigues Aide-Educatrice20 Joer Samuel Ramos Coimbra Steemetzer24 Joer Jessica Ress Immobilienh\u00e4ndlerin37 Joer Quezia Souza Lima Hausfra27 Joer Damir Spahic Enseignant am [&hellip;]<\/p>\n","protected":false},"author":2,"featured_media":0,"parent":0,"menu_order":0,"comment_status":"closed","ping_status":"closed","template":"","meta":{"footnotes":""},"class_list":["post-313","page","type-page","status-publish","hentry","wpbf-post"],"_links":{"self":[{"href":"https:\/\/www.dp.lu\/remeleng\/wp-json\/wp\/v2\/pages\/313","targetHints":{"allow":["GET"]}}],"collection":[{"href":"https:\/\/www.dp.lu\/remeleng\/wp-json\/wp\/v2\/pages"}],"about":[{"href":"https:\/\/www.dp.lu\/remeleng\/wp-json\/wp\/v2\/types\/page"}],"author":[{"embeddable":true,"href":"https:\/\/www.dp.lu\/remeleng\/wp-json\/wp\/v2\/users\/2"}],"replies":[{"embeddable":true,"href":"https:\/\/www.dp.lu\/remeleng\/wp-json\/wp\/v2\/comments?post=313"}],"version-history":[{"count":4,"href":"https:\/\/www.dp.lu\/remeleng\/wp-json\/wp\/v2\/pages\/313\/revisions"}],"predecessor-version":[{"id":329,"href":"https:\/\/www.dp.lu\/remeleng\/wp-json\/wp\/v2\/pages\/313\/revisions\/329"}],"wp:attachment":[{"href":"https:\/\/www.dp.lu\/remeleng\/wp-json\/wp\/v2\/media?parent=313"}],"curies":[{"name":"wp","href":"https:\/\/api.w.org\/{rel}","templated":true}]}}