{"id":78,"date":"2022-08-05T12:21:01","date_gmt":"2022-08-05T12:21:01","guid":{"rendered":"https:\/\/www.dp.lu\/remeleng\/?page_id=78"},"modified":"2023-06-09T08:56:57","modified_gmt":"2023-06-09T08:56:57","slug":"comite","status":"publish","type":"page","link":"https:\/\/www.dp.lu\/remeleng\/comite\/","title":{"rendered":"Comit\u00e9"},"content":{"rendered":"\t\t<div data-elementor-type=\"wp-page\" data-elementor-id=\"78\" class=\"elementor elementor-78\" data-elementor-post-type=\"page\">\n\t\t\t\t\t\t<section class=\"elementor-section elementor-top-section elementor-element elementor-element-4e32718 elementor-section-full_width elementor-section-height-default elementor-section-height-default\" data-id=\"4e32718\" data-element_type=\"section\" data-e-type=\"section\">\n\t\t\t\t\t\t<div class=\"elementor-container elementor-column-gap-default\">\n\t\t\t\t\t<div class=\"elementor-column elementor-col-100 elementor-top-column elementor-element elementor-element-13595c6\" data-id=\"13595c6\" data-element_type=\"column\" data-e-type=\"column\">\n\t\t\t<div class=\"elementor-widget-wrap elementor-element-populated\">\n\t\t\t\t\t\t<div class=\"elementor-element elementor-element-991fab8 elementor-widget elementor-widget-image\" data-id=\"991fab8\" data-element_type=\"widget\" data-e-type=\"widget\" data-widget_type=\"image.default\">\n\t\t\t\t<div class=\"elementor-widget-container\">\n\t\t\t\t\t\t\t\t\t\t\t\t\t\t\t<img fetchpriority=\"high\" decoding=\"async\" width=\"2500\" height=\"1100\" src=\"https:\/\/www.dp.lu\/remeleng\/wp-content\/uploads\/sites\/49\/2022\/08\/comite-titel.jpg\" class=\"attachment-full size-full wp-image-152\" alt=\"\" srcset=\"https:\/\/www.dp.lu\/remeleng\/wp-content\/uploads\/sites\/49\/2022\/08\/comite-titel.jpg 2500w, https:\/\/www.dp.lu\/remeleng\/wp-content\/uploads\/sites\/49\/2022\/08\/comite-titel-300x132.jpg 300w, https:\/\/www.dp.lu\/remeleng\/wp-content\/uploads\/sites\/49\/2022\/08\/comite-titel-1024x451.jpg 1024w, https:\/\/www.dp.lu\/remeleng\/wp-content\/uploads\/sites\/49\/2022\/08\/comite-titel-768x338.jpg 768w, https:\/\/www.dp.lu\/remeleng\/wp-content\/uploads\/sites\/49\/2022\/08\/comite-titel-1536x676.jpg 1536w, https:\/\/www.dp.lu\/remeleng\/wp-content\/uploads\/sites\/49\/2022\/08\/comite-titel-2048x901.jpg 2048w\" sizes=\"(max-width: 2500px) 100vw, 2500px\" \/>\t\t\t\t\t\t\t\t\t\t\t\t\t\t\t<\/div>\n\t\t\t\t<\/div>\n\t\t\t\t\t<\/div>\n\t\t<\/div>\n\t\t\t\t\t<\/div>\n\t\t<\/section>\n\t\t\t\t<section class=\"elementor-section elementor-top-section elementor-element elementor-element-67a9637 elementor-section-boxed elementor-section-height-default elementor-section-height-default\" data-id=\"67a9637\" data-element_type=\"section\" data-e-type=\"section\" data-settings=\"{&quot;background_background&quot;:&quot;classic&quot;}\">\n\t\t\t\t\t\t<div class=\"elementor-container elementor-column-gap-default\">\n\t\t\t\t\t<div class=\"elementor-column elementor-col-100 elementor-top-column elementor-element elementor-element-89fabd9\" data-id=\"89fabd9\" data-element_type=\"column\" data-e-type=\"column\">\n\t\t\t<div class=\"elementor-widget-wrap elementor-element-populated\">\n\t\t\t\t\t\t<div class=\"elementor-element elementor-element-584caa2 elementor-widget elementor-widget-ucaddon_team_member_grid\" data-id=\"584caa2\" data-element_type=\"widget\" data-e-type=\"widget\" data-widget_type=\"ucaddon_team_member_grid.default\">\n\t\t\t\t<div class=\"elementor-widget-container\">\n\t\t\t\t\t\n<!-- start Team Member Grid -->\n\t\t<link id='font-awesome-css' href='https:\/\/www.dp.lu\/remeleng\/wp-content\/plugins\/unlimited-elements-for-elementor-premium\/assets_libraries\/font-awesome6\/fontawesome-all.min.css' type='text\/css' rel='stylesheet' >\n\t\t<link id='font-awesome-4-shim-css' href='https:\/\/www.dp.lu\/remeleng\/wp-content\/plugins\/unlimited-elements-for-elementor-premium\/assets_libraries\/font-awesome6\/fontawesome-v4-shims.min.css' type='text\/css' rel='stylesheet' >\n\n<style>\/* widget: Team Member Grid *\/\n\n#uc_team_member_grid_elementor_584caa2 *{\n  box-sizing:border-box;\n}\n#uc_team_member_grid_elementor_584caa2\n{\n  position:relative;\n  display:grid;\n}\n\n\n#uc_team_member_grid_elementor_584caa2 .team_member_grid_image_container\n{\n  display:inline-block;\n  overflow:hidden;\n  position:relative;\n  vertical-align:bottom;\n}\n\n\n#uc_team_member_grid_elementor_584caa2 .team_member_grid_image\n{\n  vertical-align:bottom;\n}\n\n#uc_team_member_grid_elementor_584caa2 .team_member_grid_image img\n{\n  object-fit:cover;\n  width:100%;\n  display:block;\n  transition:0.5s;\n  vertical-align:bottom;\n}\n#uc_team_member_grid_elementor_584caa2 .ue_grid_item\n{\n  overflow:hidden;\n  display:flex;\n  flex-direction:column;\n\n}\n.team_member_grid_title\n{\n  font-size:18px;\n}\n\n#uc_team_member_grid_elementor_584caa2 .team_member_grid_icons a\n{\n  display:inline-flex;\n  text-decoration:none;\n  align-items:center;\n  justify-content:center;\n  line-height:1em;\n  transition:0.3s;\n}\n\n#uc_team_member_grid_elementor_584caa2 .team_member_grid_icons a svg\n{\n  width:1em;\n  height:1em;\n}\n\n#uc_team_member_grid_elementor_584caa2 .uc_more_btn\n{\n  transition:0.3s;\n  text-align:center;\n  text-decoration:none;\n}\n\n#uc_team_member_grid_elementor_584caa2 .team_member_grid_image_overlay\n{\n  position:absolute;\n  top:0;\n  left:0;\n  transition:0.3s;\n  display:flex;\n  flex-direction:column;\n  justify-content:center;\n  align-items:center;\n}\n\n#uc_team_member_grid_elementor_584caa2 .team_member_grid_content\n{\n  display:flex;\n  flex-direction:column;\n  flex-grow: 1;\n}\n\n\n#uc_team_member_grid_elementor_584caa2 .team_member_grid_content .team_member_grid_text\n{\nflex-grow: 1;\n}\n\n#uc_team_member_grid_elementor_584caa2 .team_member_grid_content .team_member_grid_icons\n{\n  margin-top:auto;\n}\n\n#uc_team_member_grid_elementor_584caa2 .ue-company-logo img\n{\n  width:100%;\n}\n\n<\/style>\n\n<div id=\"uc_team_member_grid_elementor_584caa2\" class=\"team_member_grid\">\n   \t\t<div class=\"ue_grid_item\">\n  <div class=\"team_member_grid_header\">\n    <div class=\"team_member_grid_image\">\n     <div class=\"team_member_grid_image_container\">\n       <img decoding=\"async\" src=\"https:\/\/www.dp.lu\/remeleng\/wp-content\/uploads\/sites\/49\/2023\/06\/Remeleng-Zwick-Elodie1.jpg\" alt=\"Re\u0308meleng - Zwick Elodie1\"  src=\"https:\/\/www.dp.lu\/remeleng\/wp-content\/uploads\/sites\/49\/2023\/06\/Remeleng-Zwick-Elodie1.jpg\" alt=\"Re\u0308meleng - Zwick Elodie1\" width=\"500\" height=\"500\">\n       <div class=\"team_member_grid_image_overlay\">\n         \t\n         \t\n    \n                <\/div>\n     <\/div>\n    <\/div>\n    \t\n  \t\n    \n    \n    \n  <\/div>\n  \n  <div class=\"team_member_grid_content\">\n        \n    <div class=\"team_member_grid_title\">Elodie Zwick<\/div>\t\n    <div class=\"team_member_grid_subtitle\">Presidentin<\/div>        \n    \n    \t\n        <div class=\"team_member_grid_icons\">\n      <a class=\"\" href=\"mailto:rumelange@dp.lu\" ><i class='far fa-envelope'><\/i><\/a>\t\n      <a class=\"\" href=\"https:\/\/facebook.com\/elodie.Deschanels\" ><i class='fab fa-facebook-f'><\/i><\/a>\t\n      \t\n      \t\n    <\/div>\n        \n      <\/div>\n<\/div>\n<div class=\"ue_grid_item\">\n  <div class=\"team_member_grid_header\">\n    <div class=\"team_member_grid_image\">\n     <div class=\"team_member_grid_image_container\">\n       <img decoding=\"async\" src=\"https:\/\/www.dp.lu\/remeleng\/wp-content\/uploads\/sites\/49\/2023\/06\/Remeleng-Spahic-Damir1.jpg\" alt=\"Re\u0308meleng - Spahic Damir1\"  src=\"https:\/\/www.dp.lu\/remeleng\/wp-content\/uploads\/sites\/49\/2023\/06\/Remeleng-Spahic-Damir1.jpg\" alt=\"Re\u0308meleng - Spahic Damir1\" width=\"500\" height=\"500\">\n       <div class=\"team_member_grid_image_overlay\">\n         \t\n         \t\n    \n                <\/div>\n     <\/div>\n    <\/div>\n    \t\n  \t\n    \n    \n    \n  <\/div>\n  \n  <div class=\"team_member_grid_content\">\n        \n    <div class=\"team_member_grid_title\">Damir Spahic<\/div>\t\n    <div class=\"team_member_grid_subtitle\">Vizepresident<\/div>        \n    \n    \t\n        <div class=\"team_member_grid_icons\">\n      \t\n      \t\n      \t\n      \t\n    <\/div>\n        \n      <\/div>\n<\/div>\n<div class=\"ue_grid_item\">\n  <div class=\"team_member_grid_header\">\n    <div class=\"team_member_grid_image\">\n     <div class=\"team_member_grid_image_container\">\n       <img loading=\"lazy\" decoding=\"async\" src=\"https:\/\/www.dp.lu\/remeleng\/wp-content\/uploads\/sites\/49\/2023\/06\/Remeleng-Gros-Christiane1.jpg\" alt=\"Re\u0308meleng - Gros Christiane1\"  src=\"https:\/\/www.dp.lu\/remeleng\/wp-content\/uploads\/sites\/49\/2023\/06\/Remeleng-Gros-Christiane1.jpg\" alt=\"Re\u0308meleng - Gros Christiane1\" width=\"500\" height=\"500\">\n       <div class=\"team_member_grid_image_overlay\">\n         \t\n         \t\n    \n                <\/div>\n     <\/div>\n    <\/div>\n    \t\n  \t\n    \n    \n    \n  <\/div>\n  \n  <div class=\"team_member_grid_content\">\n        \n    <div class=\"team_member_grid_title\">Christiane Gros<\/div>\t\n    <div class=\"team_member_grid_subtitle\">Sekret\u00e4rin<\/div>        \n    \n    \t\n        <div class=\"team_member_grid_icons\">\n      <a class=\"\" href=\"mailto:rumelange@dp.lu\" ><i class='far fa-envelope'><\/i><\/a>\t\n      \t\n      \t\n      \t\n    <\/div>\n        \n      <\/div>\n<\/div>\n<div class=\"ue_grid_item\">\n  <div class=\"team_member_grid_header\">\n    <div class=\"team_member_grid_image\">\n     <div class=\"team_member_grid_image_container\">\n       <img loading=\"lazy\" decoding=\"async\" src=\"https:\/\/www.dp.lu\/remeleng\/wp-content\/uploads\/sites\/49\/2023\/06\/Remeleng-Tassi-Jerome-Pierre1.jpg\" alt=\"Re\u0308meleng - Tassi Je\u0301ro\u0302me Pierre1\"  src=\"https:\/\/www.dp.lu\/remeleng\/wp-content\/uploads\/sites\/49\/2023\/06\/Remeleng-Tassi-Jerome-Pierre1.jpg\" alt=\"Re\u0308meleng - Tassi Je\u0301ro\u0302me Pierre1\" width=\"500\" height=\"500\">\n       <div class=\"team_member_grid_image_overlay\">\n         \t\n         \t\n    \n                <\/div>\n     <\/div>\n    <\/div>\n    \t\n  \t\n    \n    \n    \n  <\/div>\n  \n  <div class=\"team_member_grid_content\">\n        \n    <div class=\"team_member_grid_title\">J\u00e9r\u00f4me Pierre Tassi<\/div>\t\n    <div class=\"team_member_grid_subtitle\">Tresorier<\/div>        \n    \n    \t\n        <div class=\"team_member_grid_icons\">\n      \t\n      \t\n      \t\n      \t\n    <\/div>\n        \n      <\/div>\n<\/div>\n<div class=\"ue_grid_item\">\n  <div class=\"team_member_grid_header\">\n    <div class=\"team_member_grid_image\">\n     <div class=\"team_member_grid_image_container\">\n       <img loading=\"lazy\" decoding=\"async\" src=\"https:\/\/www.dp.lu\/remeleng\/wp-content\/uploads\/sites\/49\/2023\/06\/Remeleng-Boukelmoun-Serena1.jpg\" alt=\"Re\u0308meleng - Boukelmoun Serena1\"  src=\"https:\/\/www.dp.lu\/remeleng\/wp-content\/uploads\/sites\/49\/2023\/06\/Remeleng-Boukelmoun-Serena1.jpg\" alt=\"Re\u0308meleng - Boukelmoun Serena1\" width=\"500\" height=\"500\">\n       <div class=\"team_member_grid_image_overlay\">\n         \t\n         \t\n    \n                <\/div>\n     <\/div>\n    <\/div>\n    \t\n  \t\n    \n    \n    \n  <\/div>\n  \n  <div class=\"team_member_grid_content\">\n        \n    <div class=\"team_member_grid_title\">Serena Boukelmoun<\/div>\t\n    <div class=\"team_member_grid_subtitle\">Member<\/div>        \n    \n    \t\n        <div class=\"team_member_grid_icons\">\n      \t\n      \t\n      \t\n      \t\n    <\/div>\n        \n      <\/div>\n<\/div>\n<div class=\"ue_grid_item\">\n  <div class=\"team_member_grid_header\">\n    <div class=\"team_member_grid_image\">\n     <div class=\"team_member_grid_image_container\">\n       <img loading=\"lazy\" decoding=\"async\" src=\"https:\/\/www.dp.lu\/remeleng\/wp-content\/uploads\/sites\/49\/2023\/06\/Remeleng-De-Sa-Ribeiro-David1.jpg\" alt=\"Re\u0308meleng - De Sa Ribeiro David1\"  src=\"https:\/\/www.dp.lu\/remeleng\/wp-content\/uploads\/sites\/49\/2023\/06\/Remeleng-De-Sa-Ribeiro-David1.jpg\" alt=\"Re\u0308meleng - De Sa Ribeiro David1\" width=\"500\" height=\"500\">\n       <div class=\"team_member_grid_image_overlay\">\n         \t\n         \t\n    \n                <\/div>\n     <\/div>\n    <\/div>\n    \t\n  \t\n    \n    \n    \n  <\/div>\n  \n  <div class=\"team_member_grid_content\">\n        \n    <div class=\"team_member_grid_title\">David De Sa Ribeiro<\/div>\t\n    <div class=\"team_member_grid_subtitle\">Member<\/div>        \n    \n    \t\n        <div class=\"team_member_grid_icons\">\n      \t\n      \t\n      \t\n      \t\n    <\/div>\n        \n      <\/div>\n<\/div>\n<div class=\"ue_grid_item\">\n  <div class=\"team_member_grid_header\">\n    <div class=\"team_member_grid_image\">\n     <div class=\"team_member_grid_image_container\">\n       <img loading=\"lazy\" decoding=\"async\" src=\"https:\/\/www.dp.lu\/remeleng\/wp-content\/uploads\/sites\/49\/2023\/06\/Remeleng-Oliveira-Rodrigues-Jamica-Thais1.jpg\" alt=\"Re\u0308meleng - Oliveira Rodrigues Jamica Thai\u0308s1\"  src=\"https:\/\/www.dp.lu\/remeleng\/wp-content\/uploads\/sites\/49\/2023\/06\/Remeleng-Oliveira-Rodrigues-Jamica-Thais1.jpg\" alt=\"Re\u0308meleng - Oliveira Rodrigues Jamica Thai\u0308s1\" width=\"500\" height=\"500\">\n       <div class=\"team_member_grid_image_overlay\">\n         \t\n         \t\n    \n                <\/div>\n     <\/div>\n    <\/div>\n    \t\n  \t\n    \n    \n    \n  <\/div>\n  \n  <div class=\"team_member_grid_content\">\n        \n    <div class=\"team_member_grid_title\">Jamica Tha\u00efs Oliveira Rodrigues<\/div>\t\n    <div class=\"team_member_grid_subtitle\">Member<\/div>        \n    \n    \t\n        <div class=\"team_member_grid_icons\">\n      \t\n      \t\n      \t\n      \t\n    <\/div>\n        \n      <\/div>\n<\/div>\n<div class=\"ue_grid_item\">\n  <div class=\"team_member_grid_header\">\n    <div class=\"team_member_grid_image\">\n     <div class=\"team_member_grid_image_container\">\n       <img loading=\"lazy\" decoding=\"async\" src=\"https:\/\/www.dp.lu\/remeleng\/wp-content\/uploads\/sites\/49\/2023\/06\/Remeleng-Ramos-Coimbra-Samuel1.jpg\" alt=\"Re\u0308meleng - Ramos Coimbra Samuel1\"  src=\"https:\/\/www.dp.lu\/remeleng\/wp-content\/uploads\/sites\/49\/2023\/06\/Remeleng-Ramos-Coimbra-Samuel1.jpg\" alt=\"Re\u0308meleng - Ramos Coimbra Samuel1\" width=\"500\" height=\"500\">\n       <div class=\"team_member_grid_image_overlay\">\n         \t\n         \t\n    \n                <\/div>\n     <\/div>\n    <\/div>\n    \t\n  \t\n    \n    \n    \n  <\/div>\n  \n  <div class=\"team_member_grid_content\">\n        \n    <div class=\"team_member_grid_title\">Samuel Ramos Coimbra<\/div>\t\n    <div class=\"team_member_grid_subtitle\">Member<\/div>        \n    \n    \t\n        <div class=\"team_member_grid_icons\">\n      <a class=\"\" href=\"mailto:rumelange@dp.lu\" ><i class='far fa-envelope'><\/i><\/a>\t\n      <a class=\"\" href=\"https:\/\/facebook.com\/samuel.ramoscoimbra\" ><i class='fab fa-facebook-f'><\/i><\/a>\t\n      \t\n      \t\n    <\/div>\n        \n      <\/div>\n<\/div>\n<div class=\"ue_grid_item\">\n  <div class=\"team_member_grid_header\">\n    <div class=\"team_member_grid_image\">\n     <div class=\"team_member_grid_image_container\">\n       <img loading=\"lazy\" decoding=\"async\" src=\"https:\/\/www.dp.lu\/remeleng\/wp-content\/uploads\/sites\/49\/2023\/06\/Remeleng-Ress-Jessica1.jpg\" alt=\"Re\u0308meleng - Ress Jessica1\"  src=\"https:\/\/www.dp.lu\/remeleng\/wp-content\/uploads\/sites\/49\/2023\/06\/Remeleng-Ress-Jessica1.jpg\" alt=\"Re\u0308meleng - Ress Jessica1\" width=\"500\" height=\"500\">\n       <div class=\"team_member_grid_image_overlay\">\n         \t\n         \t\n    \n                <\/div>\n     <\/div>\n    <\/div>\n    \t\n  \t\n    \n    \n    \n  <\/div>\n  \n  <div class=\"team_member_grid_content\">\n        \n    <div class=\"team_member_grid_title\">Jessica Ress<\/div>\t\n    <div class=\"team_member_grid_subtitle\">Member<\/div>        \n    \n    \t\n        <div class=\"team_member_grid_icons\">\n      \t\n      \t\n      \t\n      \t\n    <\/div>\n        \n      <\/div>\n<\/div>\n<div class=\"ue_grid_item\">\n  <div class=\"team_member_grid_header\">\n    <div class=\"team_member_grid_image\">\n     <div class=\"team_member_grid_image_container\">\n       <img loading=\"lazy\" decoding=\"async\" src=\"https:\/\/www.dp.lu\/remeleng\/wp-content\/uploads\/sites\/49\/2023\/06\/Remeleng-Souza-Lima-Quezia1.jpg\" alt=\"Re\u0308meleng - Souza Lima Quezia1\"  src=\"https:\/\/www.dp.lu\/remeleng\/wp-content\/uploads\/sites\/49\/2023\/06\/Remeleng-Souza-Lima-Quezia1.jpg\" alt=\"Re\u0308meleng - Souza Lima Quezia1\" width=\"500\" height=\"500\">\n       <div class=\"team_member_grid_image_overlay\">\n         \t\n         \t\n    \n                <\/div>\n     <\/div>\n    <\/div>\n    \t\n  \t\n    \n    \n    \n  <\/div>\n  \n  <div class=\"team_member_grid_content\">\n        \n    <div class=\"team_member_grid_title\">Quezia Souza Lima<\/div>\t\n    <div class=\"team_member_grid_subtitle\">Member<\/div>        \n    \n    \t\n        <div class=\"team_member_grid_icons\">\n      \t\n      \t\n      \t\n      \t\n    <\/div>\n        \n      <\/div>\n<\/div>\n<div class=\"ue_grid_item\">\n  <div class=\"team_member_grid_header\">\n    <div class=\"team_member_grid_image\">\n     <div class=\"team_member_grid_image_container\">\n       <img loading=\"lazy\" decoding=\"async\" src=\"https:\/\/www.dp.lu\/remeleng\/wp-content\/uploads\/sites\/49\/2023\/06\/Remeleng-Wagner-Patrick-dit-Mini1.jpg\" alt=\"Re\u0308meleng - Wagner Patrick dit Mini1\"  src=\"https:\/\/www.dp.lu\/remeleng\/wp-content\/uploads\/sites\/49\/2023\/06\/Remeleng-Wagner-Patrick-dit-Mini1.jpg\" alt=\"Re\u0308meleng - Wagner Patrick dit Mini1\" width=\"500\" height=\"500\">\n       <div class=\"team_member_grid_image_overlay\">\n         \t\n         \t\n    \n                <\/div>\n     <\/div>\n    <\/div>\n    \t\n  \t\n    \n    \n    \n  <\/div>\n  \n  <div class=\"team_member_grid_content\">\n        \n    <div class=\"team_member_grid_title\">Patrick dit Mini Wagner<\/div>\t\n    <div class=\"team_member_grid_subtitle\">Member<\/div>        \n    \n    \t\n        <div class=\"team_member_grid_icons\">\n      <a class=\"\" href=\"mailto:rumelange@dp.lu\" ><i class='far fa-envelope'><\/i><\/a>\t\n      <a class=\"\" href=\"https:\/\/facebook.com\/mini.wagner.1\" ><i class='fab fa-facebook-f'><\/i><\/a>\t\n      \t\n      \t\n    <\/div>\n        \n      <\/div>\n<\/div>\n\n<\/div>\n<!-- end Team Member Grid -->\t\t\t\t<\/div>\n\t\t\t\t<\/div>\n\t\t\t\t\t<\/div>\n\t\t<\/div>\n\t\t\t\t\t<\/div>\n\t\t<\/section>\n\t\t\t\t<\/div>\n\t\t","protected":false},"excerpt":{"rendered":"<p>Elodie Zwick Presidentin Damir Spahic Vizepresident Christiane Gros Sekret\u00e4rin J\u00e9r\u00f4me Pierre Tassi Tresorier Serena Boukelmoun Member David De Sa Ribeiro Member Jamica Tha\u00efs Oliveira Rodrigues Member Samuel Ramos Coimbra Member Jessica Ress Member Quezia Souza Lima Member Patrick dit Mini Wagner Member<\/p>\n","protected":false},"author":2,"featured_media":0,"parent":0,"menu_order":0,"comment_status":"closed","ping_status":"closed","template":"","meta":{"footnotes":""},"class_list":["post-78","page","type-page","status-publish","hentry","wpbf-post"],"_links":{"self":[{"href":"https:\/\/www.dp.lu\/remeleng\/wp-json\/wp\/v2\/pages\/78","targetHints":{"allow":["GET"]}}],"collection":[{"href":"https:\/\/www.dp.lu\/remeleng\/wp-json\/wp\/v2\/pages"}],"about":[{"href":"https:\/\/www.dp.lu\/remeleng\/wp-json\/wp\/v2\/types\/page"}],"author":[{"embeddable":true,"href":"https:\/\/www.dp.lu\/remeleng\/wp-json\/wp\/v2\/users\/2"}],"replies":[{"embeddable":true,"href":"https:\/\/www.dp.lu\/remeleng\/wp-json\/wp\/v2\/comments?post=78"}],"version-history":[{"count":26,"href":"https:\/\/www.dp.lu\/remeleng\/wp-json\/wp\/v2\/pages\/78\/revisions"}],"predecessor-version":[{"id":360,"href":"https:\/\/www.dp.lu\/remeleng\/wp-json\/wp\/v2\/pages\/78\/revisions\/360"}],"wp:attachment":[{"href":"https:\/\/www.dp.lu\/remeleng\/wp-json\/wp\/v2\/media?parent=78"}],"curies":[{"name":"wp","href":"https:\/\/api.w.org\/{rel}","templated":true}]}}