{"id":225,"date":"2023-03-16T21:14:04","date_gmt":"2023-03-16T21:14:04","guid":{"rendered":"https:\/\/www.dp.lu\/sandweiler\/?page_id=225"},"modified":"2023-03-16T21:14:31","modified_gmt":"2023-03-16T21:14:31","slug":"news","status":"publish","type":"page","link":"https:\/\/www.dp.lu\/sandweiler\/news\/","title":{"rendered":"News"},"content":{"rendered":"\t\t<div data-elementor-type=\"wp-page\" data-elementor-id=\"225\" class=\"elementor elementor-225\" data-elementor-post-type=\"page\">\n\t\t\t\t\t\t<section class=\"elementor-section elementor-top-section elementor-element elementor-element-e951c48 elementor-section-boxed elementor-section-height-default elementor-section-height-default\" data-id=\"e951c48\" data-element_type=\"section\" data-e-type=\"section\">\n\t\t\t\t\t\t<div class=\"elementor-container elementor-column-gap-default\">\n\t\t\t\t\t<div class=\"elementor-column elementor-col-100 elementor-top-column elementor-element elementor-element-d3933a1\" data-id=\"d3933a1\" data-element_type=\"column\" data-e-type=\"column\">\n\t\t\t<div class=\"elementor-widget-wrap elementor-element-populated\">\n\t\t\t\t\t\t<div class=\"elementor-element elementor-element-218424d result-list elementor-hidden-mobile elementor-widget elementor-widget-ucaddon_post_grid\" data-id=\"218424d\" data-element_type=\"widget\" data-e-type=\"widget\" data-widget_type=\"ucaddon_post_grid.default\">\n\t\t\t\t<div class=\"elementor-widget-container\">\n\t\t\t\t\t\n<!-- start Post Grid -->\n\t\t<link id='font-awesome-css' href='https:\/\/www.dp.lu\/sandweiler\/wp-content\/plugins\/unlimited-elements-for-elementor-premium\/assets_libraries\/font-awesome6\/fontawesome-all.min.css' type='text\/css' rel='stylesheet' >\n\t\t<link id='font-awesome-4-shim-css' href='https:\/\/www.dp.lu\/sandweiler\/wp-content\/plugins\/unlimited-elements-for-elementor-premium\/assets_libraries\/font-awesome6\/fontawesome-v4-shims.min.css' type='text\/css' rel='stylesheet' >\n\n<style>\/* widget: Post Grid *\/\n\n#uc_post_grid_elementor_218424d.ue-post-grid {\n   display:grid;\n}\n\n\n\n#uc_post_grid_elementor_218424d .ue-item\n{\n  overflow:hidden;\n  position:relative;\n}\n\n#uc_post_grid_elementor_218424d .uc_post_image\n{\n  transition:0.3s;\n  position:relative;\n  overflow:hidden;\n}\n\n#uc_post_grid_elementor_218424d .uc_post_image img\n{\n  width:100%;\n  display:block;\n  transition:0.3s;\n}\n\n\n\t\n\n\n\n\n\n\n#uc_post_grid_elementor_218424d .uc_post_image_overlay\n{\n  position:absolute;\n  top:0px;\n  left:0px;\n  height:100%;\n  width:100%;\n  transition:0.3s;\n}\n\n#uc_post_grid_elementor_218424d .uc_more_btn{\n\n  display:inline-block;\n  text-align:center;\n  text-decoration:none;\n  transition:0.3s;\n}\n\n.ue-grid-item-category a\n{\n  display:inline-block;\n  font-size:10px;\n  \n}\n\n.uc_post_title\n{\n  font-size:21px;\n}\n\n\n\n\n\n\n\n\n\n\n\n\t#uc_post_grid_elementor_218424d .ue-item\n    {\n      display:flex;\n    }\n\n\t#uc_post_grid_elementor_218424d .uc_content\n    {\n      display:flex;\n      justify-content:center;\n      flex-direction:column;\n    }\n\n    #uc_post_grid_elementor_218424d .uc_content \n    {\n\n      flex-shrink:0;\n      flex-grow:0;\n    }\n    #uc_post_grid_elementor_218424d .ue-post-image-wrapper\n    {\n      flex-grow:1;\n    }\n\t\n\n\n\n\n\n\n\n\n\n\n#uc_post_grid_elementor_218424d .ue-meta-data\n{\n  \n  display:flex;\n\n  flex-wrap: wrap;\n  line-height:1em;\n}\n\n#uc_post_grid_elementor_218424d .ue-grid-item-meta-data\n{\n      display:inline-flex;\n      align-items:center;\n}\n\n.ue-grid-item-meta-data\n{\n  font-size:12px;\n}\n\n#uc_post_grid_elementor_218424d .ue-grid-item-meta-data-icon\n{\n  line-height:1em;\n}\n\n#uc_post_grid_elementor_218424d .ue-grid-item-meta-data-icon svg\n{\n  width:1em;\n  height:1em;\n}\n\n#uc_post_grid_elementor_218424d .ue-debug-meta\n{\n  padding:10px;\n  border:1px solid red;\n  position:relative;\n  line-height:1.5em;\n  font-size:11px;\n  width:100%;\n}\n\n.uc-remote-parent .ue-item{\n\tcursor:pointer;\n}\n\n<\/style>\n\n<div class=\"ue-post-grid uc-items-wrapper  \" id=\"uc_post_grid_elementor_218424d\"  >\n\t\t\t<div class=\"ue-item \">\n  \n   <a class=\"ue-post-image-wrapper\" href=\"https:\/\/www.dp.lu\/sandweiler\/claude-mousel-unser-neuer-burgermeister\/\" target=\"_self\">\n   <div class=\"uc_post_image\">\n   <img loading=\"lazy\" decoding=\"async\" src=\"https:\/\/www.dp.lu\/sandweiler\/wp-content\/uploads\/sites\/34\/2025\/09\/Vereidigung-Claude-03-Kopie-768x475.jpeg\"  src=\"https:\/\/www.dp.lu\/sandweiler\/wp-content\/uploads\/sites\/34\/2025\/09\/Vereidigung-Claude-03-Kopie-768x475.jpeg\" alt=\"Vereidigung Claude 03 Kopie\" width=\"768\" height=\"475\">\n   <div class=\"uc_post_image_overlay\"><\/div>\n   <\/div>\n  <\/a>\n   \n <div class=\"uc_content\">\n    <div>\n      \n           \n    \n  \n      \n      \n    <div class=\"uc_post_title\"><a href=\"https:\/\/www.dp.lu\/sandweiler\/claude-mousel-unser-neuer-burgermeister\/\" target=\"_self\"><div>Claude Mousel - unser neuer B\u00fcrgermeister<\/div><\/a><\/div>\t\n    \n     \n     \n          <div class=\"ue-meta-data\">\n            <div class=\"ue-grid-item-meta-data\"><span class=\"ue-grid-item-meta-data-icon\"><i class='fas fa-calendar-week'><\/i><\/span>  23 September, 2025<\/div>            \n                        \n        \n\t\t\t\n\n\n\n\n\n\n\n\n\n\n\n\n            \n                        \n                        \n                        \n                        \n                        \n            \t\t\t\n              \n            \n          <\/div>\n     \n      \n      \n      \n     <div class=\"uc_post_text\">Nach dem wir 2023 zusammen mit der LSAP die F\u00fchrung der Gemeinde \u00fcbernommen haben, ist jetzt der vereinbarte B\u00fcrgermeisterwechsel erfolgt. Am 18. September 2025 wurde unser Sektionspr\u00e4sident Claude Mousel von Innenminister Leon Gloden als neuer B\u00fcrgermeister von Sandweiler vereidigt.\n\n\nEine gute Gelegenheit nach zwei Jahren DP\/LSAP-Sch\u00f6ffenrat eine Zwischenbilanz zu ziehen. Wir haben eine ganze Reihe...<\/div>    <div class=\"uc_post_button\"><a class=\"uc_more_btn\" href=\"https:\/\/www.dp.lu\/sandweiler\/claude-mousel-unser-neuer-burgermeister\/\" target=\"_self\">weiderliesen...<\/a><\/div> \t<\/div>\n  <\/div>\n<\/div>\n<div class=\"ue-item \">\n  \n   <a class=\"ue-post-image-wrapper\" href=\"https:\/\/www.dp.lu\/sandweiler\/koalitionsvertrag-d\/\" target=\"_self\">\n   <div class=\"uc_post_image\">\n   <img loading=\"lazy\" decoding=\"async\" src=\"https:\/\/www.dp.lu\/sandweiler\/wp-content\/uploads\/sites\/34\/2024\/02\/Koalition-Sandweiler-768x633.jpeg\"  src=\"https:\/\/www.dp.lu\/sandweiler\/wp-content\/uploads\/sites\/34\/2024\/02\/Koalition-Sandweiler-768x633.jpeg\" alt=\"Koalition Sandweiler\" width=\"768\" height=\"633\">\n   <div class=\"uc_post_image_overlay\"><\/div>\n   <\/div>\n  <\/a>\n   \n <div class=\"uc_content\">\n    <div>\n      \n           \n    \n  \n      \n      \n    <div class=\"uc_post_title\"><a href=\"https:\/\/www.dp.lu\/sandweiler\/koalitionsvertrag-d\/\" target=\"_self\"><div>Koalitionsvertrag (D)<\/div><\/a><\/div>\t\n    \n     \n     \n          <div class=\"ue-meta-data\">\n            <div class=\"ue-grid-item-meta-data\"><span class=\"ue-grid-item-meta-data-icon\"><i class='fas fa-calendar-week'><\/i><\/span>  13 February, 2024<\/div>            \n                        \n        \n\t\t\t\n\n\n\n\n\n\n\n\n\n\n\n\n            \n                        \n                        \n                        \n                        \n                        \n            \t\t\t\n              \n            \n          <\/div>\n     \n      \n      \n      \n     <div class=\"uc_post_text\">Bei den Kommunalwahlen 2023 hat die DP in Sandweiler einen Zuwachs von nahezu zw\u00f6lf Prozent erzielt, die LSAP konnte ebenfalls einen Zugewinn erreichen, bei deutlichen Verlusten der ehemaligen schwarz-gr\u00fcnen Mehrheit. Mit sechs Sitzen haben die DP und LSAP eine tragf\u00e4hige Mehrheit im Gemeinderat, entsprechend wurde im Juli 2023 eine DP-LSAP Koalition beschlossen. Hier finden sie die Koalitionsvereinbarung...<\/div>    <div class=\"uc_post_button\"><a class=\"uc_more_btn\" href=\"https:\/\/www.dp.lu\/sandweiler\/koalitionsvertrag-d\/\" target=\"_self\">weiderliesen...<\/a><\/div> \t<\/div>\n  <\/div>\n<\/div>\n<div class=\"ue-item \">\n  \n   <a class=\"ue-post-image-wrapper\" href=\"https:\/\/www.dp.lu\/sandweiler\/wahlprogramm-dp-sandweiler\/\" target=\"_self\">\n   <div class=\"uc_post_image\">\n   <img loading=\"lazy\" decoding=\"async\" src=\"https:\/\/www.dp.lu\/sandweiler\/wp-content\/uploads\/sites\/34\/2023\/05\/sandweiler-walprogramm-768x338.jpg\"  src=\"https:\/\/www.dp.lu\/sandweiler\/wp-content\/uploads\/sites\/34\/2023\/05\/sandweiler-walprogramm-768x338.jpg\" alt=\"sandweiler-walprogramm\" width=\"768\" height=\"338\">\n   <div class=\"uc_post_image_overlay\"><\/div>\n   <\/div>\n  <\/a>\n   \n <div class=\"uc_content\">\n    <div>\n      \n           \n    \n  \n      \n      \n    <div class=\"uc_post_title\"><a href=\"https:\/\/www.dp.lu\/sandweiler\/wahlprogramm-dp-sandweiler\/\" target=\"_self\"><div>Wahlprogramm DP Sandweiler<\/div><\/a><\/div>\t\n    \n     \n     \n          <div class=\"ue-meta-data\">\n            <div class=\"ue-grid-item-meta-data\"><span class=\"ue-grid-item-meta-data-icon\"><i class='fas fa-calendar-week'><\/i><\/span>  22 May, 2023<\/div>            \n                        \n        \n\t\t\t\n\n\n\n\n\n\n\n\n\n\n\n\n            \n                        \n                        \n                        \n                        \n                        \n            \t\t\t\n              \n            \n          <\/div>\n     \n      \n      \n      \n     <div class=\"uc_post_text\">Programme \u00e9lectoral du DP Sandweiler - Election programme of the Sandweiler DP<\/div>    <div class=\"uc_post_button\"><a class=\"uc_more_btn\" href=\"https:\/\/www.dp.lu\/sandweiler\/wahlprogramm-dp-sandweiler\/\" target=\"_self\">weiderliesen...<\/a><\/div> \t<\/div>\n  <\/div>\n<\/div>\n<div class=\"ue-item \">\n  \n   <a class=\"ue-post-image-wrapper\" href=\"https:\/\/www.dp.lu\/sandweiler\/newsletter-marz-2023\/\" target=\"_self\">\n   <div class=\"uc_post_image\">\n   <img loading=\"lazy\" decoding=\"async\" src=\"https:\/\/www.dp.lu\/sandweiler\/wp-content\/uploads\/sites\/34\/2023\/03\/newsletter-0323-768x512.jpg\"  src=\"https:\/\/www.dp.lu\/sandweiler\/wp-content\/uploads\/sites\/34\/2023\/03\/newsletter-0323-768x512.jpg\" alt=\"newsletter-0323\" width=\"768\" height=\"512\">\n   <div class=\"uc_post_image_overlay\"><\/div>\n   <\/div>\n  <\/a>\n   \n <div class=\"uc_content\">\n    <div>\n      \n           \n    \n  \n      \n      \n    <div class=\"uc_post_title\"><a href=\"https:\/\/www.dp.lu\/sandweiler\/newsletter-marz-2023\/\" target=\"_self\"><div>Newsletter M\u00e4rz 2023<\/div><\/a><\/div>\t\n    \n     \n     \n          <div class=\"ue-meta-data\">\n            <div class=\"ue-grid-item-meta-data\"><span class=\"ue-grid-item-meta-data-icon\"><i class='fas fa-calendar-week'><\/i><\/span>  16 March, 2023<\/div>            \n                        \n        \n\t\t\t\n\n\n\n\n\n\n\n\n\n\n\n\n            \n                        \n                        \n                        \n                        \n                        \n            \t\t\t\n              \n            \n          <\/div>\n     \n      \n      \n      \n     <div class=\"uc_post_text\">Als Tiger gesprungen und als Bettvorleger gelandet\u2026 Auf kaum jemanden passt dieser alte Spruch \u00fcber allzu gro\u00dfe Ambitionen mehr als auf den schwarz-gr\u00fcnen Sch\u00f6ffenrat unserer Gemeinde Sandweiler.<\/div>    <div class=\"uc_post_button\"><a class=\"uc_more_btn\" href=\"https:\/\/www.dp.lu\/sandweiler\/newsletter-marz-2023\/\" target=\"_self\">weiderliesen...<\/a><\/div> \t<\/div>\n  <\/div>\n<\/div>\n<div class=\"ue-item \">\n  \n   <a class=\"ue-post-image-wrapper\" href=\"https:\/\/www.dp.lu\/sandweiler\/newsletter-oktober-2022\/\" target=\"_self\">\n   <div class=\"uc_post_image\">\n   <img loading=\"lazy\" decoding=\"async\" src=\"https:\/\/www.dp.lu\/sandweiler\/wp-content\/uploads\/sites\/34\/2022\/10\/comite2-768x512.jpg\"  src=\"https:\/\/www.dp.lu\/sandweiler\/wp-content\/uploads\/sites\/34\/2022\/10\/comite2-768x512.jpg\" alt=\"comite2\" width=\"768\" height=\"512\">\n   <div class=\"uc_post_image_overlay\"><\/div>\n   <\/div>\n  <\/a>\n   \n <div class=\"uc_content\">\n    <div>\n      \n           \n    \n  \n      \n      \n    <div class=\"uc_post_title\"><a href=\"https:\/\/www.dp.lu\/sandweiler\/newsletter-oktober-2022\/\" target=\"_self\"><div>Newsletter Oktober 2022<\/div><\/a><\/div>\t\n    \n     \n     \n          <div class=\"ue-meta-data\">\n            <div class=\"ue-grid-item-meta-data\"><span class=\"ue-grid-item-meta-data-icon\"><i class='fas fa-calendar-week'><\/i><\/span>  14 October, 2022<\/div>            \n                        \n        \n\t\t\t\n\n\n\n\n\n\n\n\n\n\n\n\n            \n                        \n                        \n                        \n                        \n                        \n            \t\t\t\n              \n            \n          <\/div>\n     \n      \n      \n      \n     <div class=\"uc_post_text\">Was ist Demokratie? Gew\u00e4hlt werden und dann die n\u00e4chsten f\u00fcnf oder sechs Jahren machen was man will? Leider ist ein solches Denken schlechte Tradition in Sandweiler. In den letzten Jahren hat jede Ratsmehrheit nach dieser Devise gehandelt: \u201eMir si gewielt, da k\u00ebnne mir machen wat mir w\u00ebllen!\u201c Ist das nicht ein bisschen kurz gedacht? Wir als Kommunalpolitiker sollten f\u00fcr die B\u00fcrger und B\u00fcrgerinnen da...<\/div>    <div class=\"uc_post_button\"><a class=\"uc_more_btn\" href=\"https:\/\/www.dp.lu\/sandweiler\/newsletter-oktober-2022\/\" target=\"_self\">weiderliesen...<\/a><\/div> \t<\/div>\n  <\/div>\n<\/div>\n<div class=\"ue-item \">\n  \n   <a class=\"ue-post-image-wrapper\" href=\"https:\/\/www.dp.lu\/sandweiler\/newsletter-maerz-2022\/\" target=\"_self\">\n   <div class=\"uc_post_image\">\n   <img loading=\"lazy\" decoding=\"async\" src=\"https:\/\/www.dp.lu\/sandweiler\/wp-content\/uploads\/sites\/34\/2023\/03\/comite1-768x512.jpg\"  src=\"https:\/\/www.dp.lu\/sandweiler\/wp-content\/uploads\/sites\/34\/2023\/03\/comite1-768x512.jpg\" alt=\"comite1\" width=\"768\" height=\"512\">\n   <div class=\"uc_post_image_overlay\"><\/div>\n   <\/div>\n  <\/a>\n   \n <div class=\"uc_content\">\n    <div>\n      \n           \n    \n  \n      \n      \n    <div class=\"uc_post_title\"><a href=\"https:\/\/www.dp.lu\/sandweiler\/newsletter-maerz-2022\/\" target=\"_self\"><div>Newsletter M\u00e4erz 2022<\/div><\/a><\/div>\t\n    \n     \n     \n          <div class=\"ue-meta-data\">\n            <div class=\"ue-grid-item-meta-data\"><span class=\"ue-grid-item-meta-data-icon\"><i class='fas fa-calendar-week'><\/i><\/span>  16 March, 2022<\/div>            \n                        \n        \n\t\t\t\n\n\n\n\n\n\n\n\n\n\n\n\n            \n                        \n                        \n                        \n                        \n                        \n            \t\t\t\n              \n            \n          <\/div>\n     \n      \n      \n      \n     <div class=\"uc_post_text\">Nach mehr als der H\u00e4lfte der kommunalpolitischen Legislaturperiode - 2023 wird neu gew\u00e4hlt \u2013 l\u00e4sst sich aus Sicht der DP-Sektion Sandweiler, leider nur eines u\u0308ber den Stand der Dinge in Sandweiler sagen: In der Gemeindefu\u0308hrung geht es drunter und dru\u0308ber: Der Schwarzgru\u0308ne Sch\u00f6ffenrat agiert kopflos. Vielleicht l\u00e4sst sich so die nichtexistierende Kommunikation mit der Opposition im Gemeinderat und...<\/div>    <div class=\"uc_post_button\"><a class=\"uc_more_btn\" href=\"https:\/\/www.dp.lu\/sandweiler\/newsletter-maerz-2022\/\" target=\"_self\">weiderliesen...<\/a><\/div> \t<\/div>\n  <\/div>\n<\/div>\n\n<\/div>\n\n\n\n  <div id=\"uc_post_grid_elementor_218424d_empty_message\" class=\"ue-no-posts-found\"  style=\"display:none\" >No posts found<\/div>\n\n\n<!-- end Post Grid -->\t\t\t\t<\/div>\n\t\t\t\t<\/div>\n\t\t\t\t\t<\/div>\n\t\t<\/div>\n\t\t\t\t\t<\/div>\n\t\t<\/section>\n\t\t\t\t<\/div>\n\t\t","protected":false},"excerpt":{"rendered":"<p>No posts found<\/p>\n","protected":false},"author":2,"featured_media":0,"parent":0,"menu_order":0,"comment_status":"closed","ping_status":"closed","template":"","meta":{"footnotes":""},"class_list":["post-225","page","type-page","status-publish","hentry","wpbf-post"],"_links":{"self":[{"href":"https:\/\/www.dp.lu\/sandweiler\/wp-json\/wp\/v2\/pages\/225","targetHints":{"allow":["GET"]}}],"collection":[{"href":"https:\/\/www.dp.lu\/sandweiler\/wp-json\/wp\/v2\/pages"}],"about":[{"href":"https:\/\/www.dp.lu\/sandweiler\/wp-json\/wp\/v2\/types\/page"}],"author":[{"embeddable":true,"href":"https:\/\/www.dp.lu\/sandweiler\/wp-json\/wp\/v2\/users\/2"}],"replies":[{"embeddable":true,"href":"https:\/\/www.dp.lu\/sandweiler\/wp-json\/wp\/v2\/comments?post=225"}],"version-history":[{"count":4,"href":"https:\/\/www.dp.lu\/sandweiler\/wp-json\/wp\/v2\/pages\/225\/revisions"}],"predecessor-version":[{"id":229,"href":"https:\/\/www.dp.lu\/sandweiler\/wp-json\/wp\/v2\/pages\/225\/revisions\/229"}],"wp:attachment":[{"href":"https:\/\/www.dp.lu\/sandweiler\/wp-json\/wp\/v2\/media?parent=225"}],"curies":[{"name":"wp","href":"https:\/\/api.w.org\/{rel}","templated":true}]}}