{"id":249,"date":"2023-03-29T07:02:29","date_gmt":"2023-03-29T07:02:29","guid":{"rendered":"https:\/\/www.dp.lu\/suessem\/?page_id=249"},"modified":"2023-05-24T11:30:00","modified_gmt":"2023-05-24T11:30:00","slug":"eis-kandidate-fir-dgemengewalen","status":"publish","type":"page","link":"https:\/\/www.dp.lu\/suessem\/eis-kandidate-fir-dgemengewalen\/","title":{"rendered":"Eis Kandidate fir d&#8217;Gemengewalen"},"content":{"rendered":"\t\t<div data-elementor-type=\"wp-page\" data-elementor-id=\"249\" class=\"elementor elementor-249\" data-elementor-post-type=\"page\">\n\t\t\t\t\t\t<section class=\"elementor-section elementor-top-section elementor-element elementor-element-4e32718 elementor-section-full_width elementor-section-height-default elementor-section-height-default\" data-id=\"4e32718\" data-element_type=\"section\" data-e-type=\"section\">\n\t\t\t\t\t\t<div class=\"elementor-container elementor-column-gap-default\">\n\t\t\t\t\t<div class=\"elementor-column elementor-col-100 elementor-top-column elementor-element elementor-element-13595c6\" data-id=\"13595c6\" data-element_type=\"column\" data-e-type=\"column\">\n\t\t\t<div class=\"elementor-widget-wrap elementor-element-populated\">\n\t\t\t\t\t\t<div class=\"elementor-element elementor-element-991fab8 elementor-widget elementor-widget-image\" data-id=\"991fab8\" data-element_type=\"widget\" data-e-type=\"widget\" data-widget_type=\"image.default\">\n\t\t\t\t<div class=\"elementor-widget-container\">\n\t\t\t\t\t\t\t\t\t\t\t\t\t\t\t<img fetchpriority=\"high\" decoding=\"async\" width=\"2500\" height=\"1100\" src=\"https:\/\/www.dp.lu\/suessem\/wp-content\/uploads\/sites\/53\/2023\/05\/Kandidaten-Suessem2.jpg\" class=\"attachment-full size-full wp-image-301\" alt=\"\" srcset=\"https:\/\/www.dp.lu\/suessem\/wp-content\/uploads\/sites\/53\/2023\/05\/Kandidaten-Suessem2.jpg 2500w, https:\/\/www.dp.lu\/suessem\/wp-content\/uploads\/sites\/53\/2023\/05\/Kandidaten-Suessem2-300x132.jpg 300w, https:\/\/www.dp.lu\/suessem\/wp-content\/uploads\/sites\/53\/2023\/05\/Kandidaten-Suessem2-1024x451.jpg 1024w, https:\/\/www.dp.lu\/suessem\/wp-content\/uploads\/sites\/53\/2023\/05\/Kandidaten-Suessem2-768x338.jpg 768w, https:\/\/www.dp.lu\/suessem\/wp-content\/uploads\/sites\/53\/2023\/05\/Kandidaten-Suessem2-1536x676.jpg 1536w, https:\/\/www.dp.lu\/suessem\/wp-content\/uploads\/sites\/53\/2023\/05\/Kandidaten-Suessem2-2048x901.jpg 2048w\" sizes=\"(max-width: 2500px) 100vw, 2500px\" \/>\t\t\t\t\t\t\t\t\t\t\t\t\t\t\t<\/div>\n\t\t\t\t<\/div>\n\t\t\t\t\t<\/div>\n\t\t<\/div>\n\t\t\t\t\t<\/div>\n\t\t<\/section>\n\t\t\t\t<section class=\"elementor-section elementor-top-section elementor-element elementor-element-67a9637 elementor-section-boxed elementor-section-height-default elementor-section-height-default\" data-id=\"67a9637\" data-element_type=\"section\" data-e-type=\"section\" data-settings=\"{&quot;background_background&quot;:&quot;classic&quot;}\">\n\t\t\t\t\t\t<div class=\"elementor-container elementor-column-gap-default\">\n\t\t\t\t\t<div class=\"elementor-column elementor-col-100 elementor-top-column elementor-element elementor-element-89fabd9\" data-id=\"89fabd9\" data-element_type=\"column\" data-e-type=\"column\">\n\t\t\t<div class=\"elementor-widget-wrap elementor-element-populated\">\n\t\t\t\t\t\t<div class=\"elementor-element elementor-element-584caa2 elementor-widget elementor-widget-ucaddon_team_member_grid\" data-id=\"584caa2\" data-element_type=\"widget\" data-e-type=\"widget\" data-widget_type=\"ucaddon_team_member_grid.default\">\n\t\t\t\t<div class=\"elementor-widget-container\">\n\t\t\t\t\t\n<!-- start Team Member Grid -->\n\t\t<link id='font-awesome-css' href='https:\/\/www.dp.lu\/suessem\/wp-content\/plugins\/unlimited-elements-for-elementor-premium\/assets_libraries\/font-awesome6\/fontawesome-all.min.css' type='text\/css' rel='stylesheet' >\n\t\t<link id='font-awesome-4-shim-css' href='https:\/\/www.dp.lu\/suessem\/wp-content\/plugins\/unlimited-elements-for-elementor-premium\/assets_libraries\/font-awesome6\/fontawesome-v4-shims.min.css' type='text\/css' rel='stylesheet' >\n\n<style>\/* widget: Team Member Grid *\/\n\n#uc_team_member_grid_elementor_584caa2 *{\n  box-sizing:border-box;\n}\n#uc_team_member_grid_elementor_584caa2\n{\n  position:relative;\n  display:grid;\n}\n\n\n#uc_team_member_grid_elementor_584caa2 .team_member_grid_image_container\n{\n  display:inline-block;\n  overflow:hidden;\n  position:relative;\n  vertical-align:bottom;\n}\n\n\n#uc_team_member_grid_elementor_584caa2 .team_member_grid_image\n{\n  vertical-align:bottom;\n}\n\n#uc_team_member_grid_elementor_584caa2 .team_member_grid_image img\n{\n  object-fit:cover;\n  width:100%;\n  display:block;\n  transition:0.5s;\n  vertical-align:bottom;\n}\n#uc_team_member_grid_elementor_584caa2 .ue_grid_item\n{\n  overflow:hidden;\n  display:flex;\n  flex-direction:column;\n\n}\n.team_member_grid_title\n{\n  font-size:18px;\n}\n\n#uc_team_member_grid_elementor_584caa2 .team_member_grid_icons a\n{\n  display:inline-flex;\n  text-decoration:none;\n  align-items:center;\n  justify-content:center;\n  line-height:1em;\n  transition:0.3s;\n}\n\n#uc_team_member_grid_elementor_584caa2 .team_member_grid_icons a svg\n{\n  width:1em;\n  height:1em;\n}\n\n#uc_team_member_grid_elementor_584caa2 .uc_more_btn\n{\n  transition:0.3s;\n  text-align:center;\n  text-decoration:none;\n}\n\n#uc_team_member_grid_elementor_584caa2 .team_member_grid_image_overlay\n{\n  position:absolute;\n  top:0;\n  left:0;\n  transition:0.3s;\n  display:flex;\n  flex-direction:column;\n  justify-content:center;\n  align-items:center;\n}\n\n#uc_team_member_grid_elementor_584caa2 .team_member_grid_content\n{\n  display:flex;\n  flex-direction:column;\n  flex-grow: 1;\n}\n\n\n#uc_team_member_grid_elementor_584caa2 .team_member_grid_content .team_member_grid_text\n{\nflex-grow: 1;\n}\n\n#uc_team_member_grid_elementor_584caa2 .team_member_grid_content .team_member_grid_icons\n{\n  margin-top:auto;\n}\n\n#uc_team_member_grid_elementor_584caa2 .ue-company-logo img\n{\n  width:100%;\n}\n\n<\/style>\n\n<div id=\"uc_team_member_grid_elementor_584caa2\" class=\"team_member_grid\">\n   \t\t<div class=\"ue_grid_item\">\n  <div class=\"team_member_grid_header\">\n    <div class=\"team_member_grid_image\">\n     <div class=\"team_member_grid_image_container\">\n       <img decoding=\"async\" src=\"https:\/\/www.dp.lu\/suessem\/wp-content\/uploads\/sites\/53\/2023\/05\/Suessem-Braun-veuve-Speck-Patricia1.jpg\" alt=\"Suessem - Braun veuve Speck Patricia1\"  src=\"https:\/\/www.dp.lu\/suessem\/wp-content\/uploads\/sites\/53\/2023\/05\/Suessem-Braun-veuve-Speck-Patricia1.jpg\" alt=\"Suessem - Braun veuve Speck Patricia1\" width=\"500\" height=\"500\">\n       <div class=\"team_member_grid_image_overlay\">\n         \t\n         \t\n    \n                <\/div>\n     <\/div>\n    <\/div>\n    \t\n  \t\n    \n    \n    \n  <\/div>\n  \n  <div class=\"team_member_grid_content\">\n        \n    <div class=\"team_member_grid_title\">Patricia Braun veuve Speck<\/div>\t\n    <div class=\"team_member_grid_subtitle\">Sp\u00ebtzekandidatin<\/div>        \n    \n    <div class=\"team_member_grid_text\"><p class=\"p1\">Gemengeconseill\u00e8re<br \/>Pension\u00e9iert Enovos-Privatbeamtin<br \/>68 Joer<br \/>\u00c9ilereng<\/p><\/div>\t\n        \n      <\/div>\n<\/div>\n<div class=\"ue_grid_item\">\n  <div class=\"team_member_grid_header\">\n    <div class=\"team_member_grid_image\">\n     <div class=\"team_member_grid_image_container\">\n       <img decoding=\"async\" src=\"https:\/\/www.dp.lu\/suessem\/wp-content\/uploads\/sites\/53\/2023\/05\/Suessem-De-Angelis-Frank1.jpg\" alt=\"Suessem - De Angelis Frank1\"  src=\"https:\/\/www.dp.lu\/suessem\/wp-content\/uploads\/sites\/53\/2023\/05\/Suessem-De-Angelis-Frank1.jpg\" alt=\"Suessem - De Angelis Frank1\" width=\"500\" height=\"500\">\n       <div class=\"team_member_grid_image_overlay\">\n         \t\n         \t\n    \n                <\/div>\n     <\/div>\n    <\/div>\n    \t\n  \t\n    \n    \n    \n  <\/div>\n  \n  <div class=\"team_member_grid_content\">\n        \n    <div class=\"team_member_grid_title\">Frank De Angelis<\/div>\t\n    <div class=\"team_member_grid_subtitle\">Sp\u00ebtzekandidat<\/div>        \n    \n    <div class=\"team_member_grid_text\"><p class=\"p1\">Gesondheets a S\u00e9cherheets Deleg\u00e9ierten VDL<br \/>52 Joer<br \/>Zolwer<\/p><\/div>\t\n        \n      <\/div>\n<\/div>\n<div class=\"ue_grid_item\">\n  <div class=\"team_member_grid_header\">\n    <div class=\"team_member_grid_image\">\n     <div class=\"team_member_grid_image_container\">\n       <img loading=\"lazy\" decoding=\"async\" src=\"https:\/\/www.dp.lu\/suessem\/wp-content\/uploads\/sites\/53\/2023\/05\/Suessem-Bertani-Roland1.jpg\" alt=\"Suessem - Bertani Roland1\"  src=\"https:\/\/www.dp.lu\/suessem\/wp-content\/uploads\/sites\/53\/2023\/05\/Suessem-Bertani-Roland1.jpg\" alt=\"Suessem - Bertani Roland1\" width=\"500\" height=\"500\">\n       <div class=\"team_member_grid_image_overlay\">\n         \t\n         \t\n    \n                <\/div>\n     <\/div>\n    <\/div>\n    \t\n  \t\n    \n    \n    \n  <\/div>\n  \n  <div class=\"team_member_grid_content\">\n        \n    <div class=\"team_member_grid_title\">Roland Bertani<\/div>\t\n    <div class=\"team_member_grid_subtitle\"><\/div>        \n    \n    <div class=\"team_member_grid_text\"><p class=\"p1\">Gesch\u00e4ftsmann<br \/>65 Joer<br \/>Zolwer<\/p><\/div>\t\n        \n      <\/div>\n<\/div>\n<div class=\"ue_grid_item\">\n  <div class=\"team_member_grid_header\">\n    <div class=\"team_member_grid_image\">\n     <div class=\"team_member_grid_image_container\">\n       <img loading=\"lazy\" decoding=\"async\" src=\"https:\/\/www.dp.lu\/suessem\/wp-content\/uploads\/sites\/53\/2023\/05\/Suessem-Biagoni-Gabriella1.jpg\" alt=\"Suessem - Biagoni Gabriella1\"  src=\"https:\/\/www.dp.lu\/suessem\/wp-content\/uploads\/sites\/53\/2023\/05\/Suessem-Biagoni-Gabriella1.jpg\" alt=\"Suessem - Biagoni Gabriella1\" width=\"500\" height=\"500\">\n       <div class=\"team_member_grid_image_overlay\">\n         \t\n         \t\n    \n                <\/div>\n     <\/div>\n    <\/div>\n    \t\n  \t\n    \n    \n    \n  <\/div>\n  \n  <div class=\"team_member_grid_content\">\n        \n    <div class=\"team_member_grid_title\">Gabriella Biagioni<\/div>\t\n    <div class=\"team_member_grid_subtitle\"><\/div>        \n    \n    <div class=\"team_member_grid_text\"><p class=\"p1\">Gesch\u00e4ftsfra<br \/>60 Joer<br \/>Zolwer<\/p><\/div>\t\n        \n      <\/div>\n<\/div>\n<div class=\"ue_grid_item\">\n  <div class=\"team_member_grid_header\">\n    <div class=\"team_member_grid_image\">\n     <div class=\"team_member_grid_image_container\">\n       <img loading=\"lazy\" decoding=\"async\" src=\"https:\/\/www.dp.lu\/suessem\/wp-content\/uploads\/sites\/53\/2023\/05\/Suessem-De-Felice-Claudio1.jpg\" alt=\"Suessem - De Felice Claudio1\"  src=\"https:\/\/www.dp.lu\/suessem\/wp-content\/uploads\/sites\/53\/2023\/05\/Suessem-De-Felice-Claudio1.jpg\" alt=\"Suessem - De Felice Claudio1\" width=\"500\" height=\"500\">\n       <div class=\"team_member_grid_image_overlay\">\n         \t\n         \t\n    \n                <\/div>\n     <\/div>\n    <\/div>\n    \t\n  \t\n    \n    \n    \n  <\/div>\n  \n  <div class=\"team_member_grid_content\">\n        \n    <div class=\"team_member_grid_title\">Claudio De Felice<\/div>\t\n    <div class=\"team_member_grid_subtitle\"><\/div>        \n    \n    <div class=\"team_member_grid_text\"><p class=\"p1\">Immobilienh\u00e4ndler<br \/>30 Joer<br \/>Zolwer<\/p><\/div>\t\n        \n      <\/div>\n<\/div>\n<div class=\"ue_grid_item\">\n  <div class=\"team_member_grid_header\">\n    <div class=\"team_member_grid_image\">\n     <div class=\"team_member_grid_image_container\">\n       <img loading=\"lazy\" decoding=\"async\" src=\"https:\/\/www.dp.lu\/suessem\/wp-content\/uploads\/sites\/53\/2023\/05\/Suessem-Lehnen-Max1.jpg\" alt=\"Suessem - Lehnen Max1\"  src=\"https:\/\/www.dp.lu\/suessem\/wp-content\/uploads\/sites\/53\/2023\/05\/Suessem-Lehnen-Max1.jpg\" alt=\"Suessem - Lehnen Max1\" width=\"500\" height=\"500\">\n       <div class=\"team_member_grid_image_overlay\">\n         \t\n         \t\n    \n                <\/div>\n     <\/div>\n    <\/div>\n    \t\n  \t\n    \n    \n    \n  <\/div>\n  \n  <div class=\"team_member_grid_content\">\n        \n    <div class=\"team_member_grid_title\">Max Lehnen<\/div>\t\n    <div class=\"team_member_grid_subtitle\"><\/div>        \n    \n    <div class=\"team_member_grid_text\"><p class=\"p1\">Affekot<br \/>35 Joer<br \/>Bieles<\/p><\/div>\t\n        \n      <\/div>\n<\/div>\n<div class=\"ue_grid_item\">\n  <div class=\"team_member_grid_header\">\n    <div class=\"team_member_grid_image\">\n     <div class=\"team_member_grid_image_container\">\n       <img loading=\"lazy\" decoding=\"async\" src=\"https:\/\/www.dp.lu\/suessem\/wp-content\/uploads\/sites\/53\/2023\/05\/Suessem-Martins-Daniel1.jpg\" alt=\"Suessem - Martins Daniel1\"  src=\"https:\/\/www.dp.lu\/suessem\/wp-content\/uploads\/sites\/53\/2023\/05\/Suessem-Martins-Daniel1.jpg\" alt=\"Suessem - Martins Daniel1\" width=\"500\" height=\"500\">\n       <div class=\"team_member_grid_image_overlay\">\n         \t\n         \t\n    \n                <\/div>\n     <\/div>\n    <\/div>\n    \t\n  \t\n    \n    \n    \n  <\/div>\n  \n  <div class=\"team_member_grid_content\">\n        \n    <div class=\"team_member_grid_title\">Daniel Martins<\/div>\t\n    <div class=\"team_member_grid_subtitle\"><\/div>        \n    \n    <div class=\"team_member_grid_text\"><p class=\"p1\">Gemengenaarbechter VDL Service Park<br \/>38 Joer<br \/>\u00c9ilereng<\/p><\/div>\t\n        \n      <\/div>\n<\/div>\n<div class=\"ue_grid_item\">\n  <div class=\"team_member_grid_header\">\n    <div class=\"team_member_grid_image\">\n     <div class=\"team_member_grid_image_container\">\n       <img loading=\"lazy\" decoding=\"async\" src=\"https:\/\/www.dp.lu\/suessem\/wp-content\/uploads\/sites\/53\/2023\/05\/Suessem-Morbach-Marianne1.jpg\" alt=\"Suessem - Morbach Marianne1\"  src=\"https:\/\/www.dp.lu\/suessem\/wp-content\/uploads\/sites\/53\/2023\/05\/Suessem-Morbach-Marianne1.jpg\" alt=\"Suessem - Morbach Marianne1\" width=\"500\" height=\"500\">\n       <div class=\"team_member_grid_image_overlay\">\n         \t\n         \t\n    \n                <\/div>\n     <\/div>\n    <\/div>\n    \t\n  \t\n    \n    \n    \n  <\/div>\n  \n  <div class=\"team_member_grid_content\">\n        \n    <div class=\"team_member_grid_title\">Marianne Morbach<\/div>\t\n    <div class=\"team_member_grid_subtitle\"><\/div>        \n    \n    <div class=\"team_member_grid_text\"><p class=\"p1\">Pensioneiert Infirmi\u00e8re<br \/>Atelier de couture<br \/>78 Joer<br \/>Zolwer<\/p><\/div>\t\n        \n      <\/div>\n<\/div>\n<div class=\"ue_grid_item\">\n  <div class=\"team_member_grid_header\">\n    <div class=\"team_member_grid_image\">\n     <div class=\"team_member_grid_image_container\">\n       <img loading=\"lazy\" decoding=\"async\" src=\"https:\/\/www.dp.lu\/suessem\/wp-content\/uploads\/sites\/53\/2023\/05\/Suessem-Noesen-Peiffer-Christiane1.jpg\" alt=\"Suessem - Noesen-Peiffer Christiane1\"  src=\"https:\/\/www.dp.lu\/suessem\/wp-content\/uploads\/sites\/53\/2023\/05\/Suessem-Noesen-Peiffer-Christiane1.jpg\" alt=\"Suessem - Noesen-Peiffer Christiane1\" width=\"500\" height=\"500\">\n       <div class=\"team_member_grid_image_overlay\">\n         \t\n         \t\n    \n                <\/div>\n     <\/div>\n    <\/div>\n    \t\n  \t\n    \n    \n    \n  <\/div>\n  \n  <div class=\"team_member_grid_content\">\n        \n    <div class=\"team_member_grid_title\">Christiane Noesen-Peiffer<\/div>\t\n    <div class=\"team_member_grid_subtitle\"><\/div>        \n    \n    <div class=\"team_member_grid_text\"><p class=\"p1\">Gesch\u00e4ftsfra<br \/>60 Joer<br \/>Bieles<\/p><\/div>\t\n        \n      <\/div>\n<\/div>\n<div class=\"ue_grid_item\">\n  <div class=\"team_member_grid_header\">\n    <div class=\"team_member_grid_image\">\n     <div class=\"team_member_grid_image_container\">\n       <img loading=\"lazy\" decoding=\"async\" src=\"https:\/\/www.dp.lu\/suessem\/wp-content\/uploads\/sites\/53\/2023\/05\/Suessem-Nogueira-Anabela1.jpg\" alt=\"Suessem - Nogueira Anabela1\"  src=\"https:\/\/www.dp.lu\/suessem\/wp-content\/uploads\/sites\/53\/2023\/05\/Suessem-Nogueira-Anabela1.jpg\" alt=\"Suessem - Nogueira Anabela1\" width=\"500\" height=\"500\">\n       <div class=\"team_member_grid_image_overlay\">\n         \t\n         \t\n    \n                <\/div>\n     <\/div>\n    <\/div>\n    \t\n  \t\n    \n    \n    \n  <\/div>\n  \n  <div class=\"team_member_grid_content\">\n        \n    <div class=\"team_member_grid_title\">Anabela Nogueira<\/div>\t\n    <div class=\"team_member_grid_subtitle\"><\/div>        \n    \n    <div class=\"team_member_grid_text\"><p class=\"p1\">Gemengenaarnechterin VDL Service Cr\u00e8che<br \/>49 Joer<br \/>Bieles<\/p><\/div>\t\n        \n      <\/div>\n<\/div>\n<div class=\"ue_grid_item\">\n  <div class=\"team_member_grid_header\">\n    <div class=\"team_member_grid_image\">\n     <div class=\"team_member_grid_image_container\">\n       <img loading=\"lazy\" decoding=\"async\" src=\"https:\/\/www.dp.lu\/suessem\/wp-content\/uploads\/sites\/53\/2023\/05\/Suessem-Ouakef-Jacqueline1.jpg\" alt=\"Suessem - Ouakef Jacqueline1\"  src=\"https:\/\/www.dp.lu\/suessem\/wp-content\/uploads\/sites\/53\/2023\/05\/Suessem-Ouakef-Jacqueline1.jpg\" alt=\"Suessem - Ouakef Jacqueline1\" width=\"500\" height=\"500\">\n       <div class=\"team_member_grid_image_overlay\">\n         \t\n         \t\n    \n                <\/div>\n     <\/div>\n    <\/div>\n    \t\n  \t\n    \n    \n    \n  <\/div>\n  \n  <div class=\"team_member_grid_content\">\n        \n    <div class=\"team_member_grid_title\">Jacqueline Ouakef<\/div>\t\n    <div class=\"team_member_grid_subtitle\"><\/div>        \n    \n    <div class=\"team_member_grid_text\"><p class=\"p1\">Gesch\u00e4ftsfra<br \/>57 Joer<br \/>Zolwer<\/p><\/div>\t\n        \n      <\/div>\n<\/div>\n<div class=\"ue_grid_item\">\n  <div class=\"team_member_grid_header\">\n    <div class=\"team_member_grid_image\">\n     <div class=\"team_member_grid_image_container\">\n       <img loading=\"lazy\" decoding=\"async\" src=\"https:\/\/www.dp.lu\/suessem\/wp-content\/uploads\/sites\/53\/2023\/05\/Suessem-Reuter-Francoise1.jpg\" alt=\"Suessem - Reuter Franc\u0327oise1\"  src=\"https:\/\/www.dp.lu\/suessem\/wp-content\/uploads\/sites\/53\/2023\/05\/Suessem-Reuter-Francoise1.jpg\" alt=\"Suessem - Reuter Franc\u0327oise1\" width=\"500\" height=\"500\">\n       <div class=\"team_member_grid_image_overlay\">\n         \t\n         \t\n    \n                <\/div>\n     <\/div>\n    <\/div>\n    \t\n  \t\n    \n    \n    \n  <\/div>\n  \n  <div class=\"team_member_grid_content\">\n        \n    <div class=\"team_member_grid_title\">Fran\u00e7oise Reuter<\/div>\t\n    <div class=\"team_member_grid_subtitle\"><\/div>        \n    \n    <div class=\"team_member_grid_text\"><p class=\"p1\">Managerin<br \/>51 Joer<br \/>Bieles<\/p><\/div>\t\n        \n      <\/div>\n<\/div>\n<div class=\"ue_grid_item\">\n  <div class=\"team_member_grid_header\">\n    <div class=\"team_member_grid_image\">\n     <div class=\"team_member_grid_image_container\">\n       <img loading=\"lazy\" decoding=\"async\" src=\"https:\/\/www.dp.lu\/suessem\/wp-content\/uploads\/sites\/53\/2023\/05\/Suessem-Santos-Dias-Analia1.jpg\" alt=\"Suessem - Santos Dias Analia1\"  src=\"https:\/\/www.dp.lu\/suessem\/wp-content\/uploads\/sites\/53\/2023\/05\/Suessem-Santos-Dias-Analia1.jpg\" alt=\"Suessem - Santos Dias Analia1\" width=\"500\" height=\"500\">\n       <div class=\"team_member_grid_image_overlay\">\n         \t\n         \t\n    \n                <\/div>\n     <\/div>\n    <\/div>\n    \t\n  \t\n    \n    \n    \n  <\/div>\n  \n  <div class=\"team_member_grid_content\">\n        \n    <div class=\"team_member_grid_title\">Analia Santos Dias<\/div>\t\n    <div class=\"team_member_grid_subtitle\"><\/div>        \n    \n    <div class=\"team_member_grid_text\"><p class=\"p1\">Educatrice<br \/>35 Joer<br \/>\u00c9ilereng<\/p><\/div>\t\n        \n      <\/div>\n<\/div>\n<div class=\"ue_grid_item\">\n  <div class=\"team_member_grid_header\">\n    <div class=\"team_member_grid_image\">\n     <div class=\"team_member_grid_image_container\">\n       <img loading=\"lazy\" decoding=\"async\" src=\"https:\/\/www.dp.lu\/suessem\/wp-content\/uploads\/sites\/53\/2023\/05\/Suessem-Schmartz-Gilbert-dit-Billy1.jpg\" alt=\"Suessem - Schmartz Gilbert dit Billy1\"  src=\"https:\/\/www.dp.lu\/suessem\/wp-content\/uploads\/sites\/53\/2023\/05\/Suessem-Schmartz-Gilbert-dit-Billy1.jpg\" alt=\"Suessem - Schmartz Gilbert dit Billy1\" width=\"500\" height=\"500\">\n       <div class=\"team_member_grid_image_overlay\">\n         \t\n         \t\n    \n                <\/div>\n     <\/div>\n    <\/div>\n    \t\n  \t\n    \n    \n    \n  <\/div>\n  \n  <div class=\"team_member_grid_content\">\n        \n    <div class=\"team_member_grid_title\">Gilbert dit Billy Schmartz<\/div>\t\n    <div class=\"team_member_grid_subtitle\"><\/div>        \n    \n    <div class=\"team_member_grid_text\"><p class=\"p1\">Pension\u00e9ierten CFL<br \/>Employ\u00e9<br \/>63 Joer<br \/>Bieles<\/p><\/div>\t\n        \n      <\/div>\n<\/div>\n<div class=\"ue_grid_item\">\n  <div class=\"team_member_grid_header\">\n    <div class=\"team_member_grid_image\">\n     <div class=\"team_member_grid_image_container\">\n       <img loading=\"lazy\" decoding=\"async\" src=\"https:\/\/www.dp.lu\/suessem\/wp-content\/uploads\/sites\/53\/2023\/05\/Suessem-Schmartz-Georges1.jpg\" alt=\"Suessem - Schmartz Georges1\"  src=\"https:\/\/www.dp.lu\/suessem\/wp-content\/uploads\/sites\/53\/2023\/05\/Suessem-Schmartz-Georges1.jpg\" alt=\"Suessem - Schmartz Georges1\" width=\"500\" height=\"500\">\n       <div class=\"team_member_grid_image_overlay\">\n         \t\n         \t\n    \n                <\/div>\n     <\/div>\n    <\/div>\n    \t\n  \t\n    \n    \n    \n  <\/div>\n  \n  <div class=\"team_member_grid_content\">\n        \n    <div class=\"team_member_grid_title\">Georges Schmartz<\/div>\t\n    <div class=\"team_member_grid_subtitle\"><\/div>        \n    \n    <div class=\"team_member_grid_text\"><p class=\"p1\">Forschungsassistent an der Bioinformatik<br \/>27 Joer<br \/>Bieles<\/p><\/div>\t\n        \n      <\/div>\n<\/div>\n<div class=\"ue_grid_item\">\n  <div class=\"team_member_grid_header\">\n    <div class=\"team_member_grid_image\">\n     <div class=\"team_member_grid_image_container\">\n       <img loading=\"lazy\" decoding=\"async\" src=\"https:\/\/www.dp.lu\/suessem\/wp-content\/uploads\/sites\/53\/2023\/05\/Suessem-Schmitt-Myriam1.jpg\" alt=\"Suessem - Schmitt Myriam1\"  src=\"https:\/\/www.dp.lu\/suessem\/wp-content\/uploads\/sites\/53\/2023\/05\/Suessem-Schmitt-Myriam1.jpg\" alt=\"Suessem - Schmitt Myriam1\" width=\"500\" height=\"500\">\n       <div class=\"team_member_grid_image_overlay\">\n         \t\n         \t\n    \n                <\/div>\n     <\/div>\n    <\/div>\n    \t\n  \t\n    \n    \n    \n  <\/div>\n  \n  <div class=\"team_member_grid_content\">\n        \n    <div class=\"team_member_grid_title\">Myriam Schmitt<\/div>\t\n    <div class=\"team_member_grid_subtitle\"><\/div>        \n    \n    <div class=\"team_member_grid_text\"><p class=\"p1\">Hiewan<br \/>50 Joer<br \/>Bieles<\/p><\/div>\t\n        \n      <\/div>\n<\/div>\n<div class=\"ue_grid_item\">\n  <div class=\"team_member_grid_header\">\n    <div class=\"team_member_grid_image\">\n     <div class=\"team_member_grid_image_container\">\n       <img loading=\"lazy\" decoding=\"async\" src=\"https:\/\/www.dp.lu\/suessem\/wp-content\/uploads\/sites\/53\/2023\/05\/Suessem-Stammel-Frank1.jpg\" alt=\"Suessem - Stammel Frank1\"  src=\"https:\/\/www.dp.lu\/suessem\/wp-content\/uploads\/sites\/53\/2023\/05\/Suessem-Stammel-Frank1.jpg\" alt=\"Suessem - Stammel Frank1\" width=\"500\" height=\"500\">\n       <div class=\"team_member_grid_image_overlay\">\n         \t\n         \t\n    \n                <\/div>\n     <\/div>\n    <\/div>\n    \t\n  \t\n    \n    \n    \n  <\/div>\n  \n  <div class=\"team_member_grid_content\">\n        \n    <div class=\"team_member_grid_title\">Frank Stammel<\/div>\t\n    <div class=\"team_member_grid_subtitle\"><\/div>        \n    \n    <div class=\"team_member_grid_text\"><p class=\"p1\">Ekonomist<br \/>52 Joer<br \/>Bieles<\/p><\/div>\t\n        \n      <\/div>\n<\/div>\n\n<\/div>\n<!-- end Team Member Grid -->\t\t\t\t<\/div>\n\t\t\t\t<\/div>\n\t\t\t\t\t<\/div>\n\t\t<\/div>\n\t\t\t\t\t<\/div>\n\t\t<\/section>\n\t\t\t\t<\/div>\n\t\t","protected":false},"excerpt":{"rendered":"<p>Patricia Braun veuve Speck Sp\u00ebtzekandidatin Gemengeconseill\u00e8rePension\u00e9iert Enovos-Privatbeamtin68 Joer\u00c9ilereng Frank De Angelis Sp\u00ebtzekandidat Gesondheets a S\u00e9cherheets Deleg\u00e9ierten VDL52 JoerZolwer Roland Bertani Gesch\u00e4ftsmann65 JoerZolwer Gabriella Biagioni Gesch\u00e4ftsfra60 JoerZolwer Claudio De Felice Immobilienh\u00e4ndler30 JoerZolwer Max Lehnen Affekot35 JoerBieles Daniel Martins Gemengenaarbechter VDL Service Park38 Joer\u00c9ilereng Marianne Morbach Pensioneiert Infirmi\u00e8reAtelier de couture78 JoerZolwer Christiane Noesen-Peiffer Gesch\u00e4ftsfra60 JoerBieles Anabela Nogueira [&hellip;]<\/p>\n","protected":false},"author":2,"featured_media":0,"parent":0,"menu_order":0,"comment_status":"closed","ping_status":"closed","template":"","meta":{"footnotes":""},"class_list":["post-249","page","type-page","status-publish","hentry","wpbf-post"],"_links":{"self":[{"href":"https:\/\/www.dp.lu\/suessem\/wp-json\/wp\/v2\/pages\/249","targetHints":{"allow":["GET"]}}],"collection":[{"href":"https:\/\/www.dp.lu\/suessem\/wp-json\/wp\/v2\/pages"}],"about":[{"href":"https:\/\/www.dp.lu\/suessem\/wp-json\/wp\/v2\/types\/page"}],"author":[{"embeddable":true,"href":"https:\/\/www.dp.lu\/suessem\/wp-json\/wp\/v2\/users\/2"}],"replies":[{"embeddable":true,"href":"https:\/\/www.dp.lu\/suessem\/wp-json\/wp\/v2\/comments?post=249"}],"version-history":[{"count":7,"href":"https:\/\/www.dp.lu\/suessem\/wp-json\/wp\/v2\/pages\/249\/revisions"}],"predecessor-version":[{"id":313,"href":"https:\/\/www.dp.lu\/suessem\/wp-json\/wp\/v2\/pages\/249\/revisions\/313"}],"wp:attachment":[{"href":"https:\/\/www.dp.lu\/suessem\/wp-json\/wp\/v2\/media?parent=249"}],"curies":[{"name":"wp","href":"https:\/\/api.w.org\/{rel}","templated":true}]}}